000
CDUS43 KLOT 040642
CLIVPZ


CLIMATE REPORT
NATIONAL WEATHER SERVICE CHICAGO IL
142 AM CDT TUE AUG 4 2015


...................................

...THE VALPARAISO CLIMATE SUMMARY FOR AUGUST 3 2015...

CLIMATE NORMAL PERIOD 1981 TO 2010
CLIMATE RECORD PERIOD 1998 TO 2015


WEATHER ITEM   OBSERVED TIME   RECORD YEAR NORMAL DEPARTURE LAST
                VALUE   (LST)  VALUE       VALUE  FROM      YEAR
                                                  NORMAL
..................................................................
TEMPERATURE (F)
 YESTERDAY
  MAXIMUM         81    156 PM  93    2012  81      0       85
  MINIMUM         61    447 AM  54    2014  62     -1       54
  AVERAGE         71                        72     -1       70

PRECIPITATION (IN)
  YESTERDAY        T             0.78 2010   0.15  -0.15     0.08
  MONTH TO DATE    1.42                      0.42   1.00     1.46
  SINCE JUN 1     11.95                      8.67   3.28    11.40
  SINCE JAN 1     20.74                     21.65  -0.91    20.33

DEGREE DAYS
 HEATING
  YESTERDAY        0                         0      0        0
  MONTH TO DATE    0                         0      0        0
  SINCE JUN 1     33                        45    -12       45
  SINCE JUL 1      6                         4      2       25

 COOLING
  YESTERDAY        6                         7     -1        5
  MONTH TO DATE   27                        21      6       12
  SINCE JUN 1    361                       425    -64      283
  SINCE JAN 1    437                       472    -35      356
..................................................................


WIND (MPH)
  RESULTANT WIND SPEED   2   RESULTANT WIND DIRECTION  NW (320)
  HIGHEST WIND SPEED    10   HIGHEST WIND DIRECTION     N (340)
  HIGHEST GUST SPEED    15   HIGHEST GUST DIRECTION    NW (320)
  AVERAGE WIND SPEED     4.3



WEATHER CONDITIONS
 THE FOLLOWING WEATHER WAS RECORDED YESTERDAY.
  LIGHT RAIN
  FOG


..........................................................


THE VALPARAISO CLIMATE NORMALS FOR TODAY
                         NORMAL    RECORD    YEAR
 MAXIMUM TEMPERATURE (F)   81        93      2012
                                             2002
 MINIMUM TEMPERATURE (F)   62        56      2013


SUNRISE AND SUNSET
AUGUST  4 2015........SUNRISE   546 AM CDT   SUNSET   802 PM CDT
AUGUST  5 2015........SUNRISE   547 AM CDT   SUNSET   801 PM CDT


-  INDICATES NEGATIVE NUMBERS.
R  INDICATES RECORD WAS SET OR TIED.
MM INDICATES DATA IS MISSING.
T  INDICATES TRACE AMOUNT.




$$
