000
CDUS43 KLOT 210632
CLIVPZ


CLIMATE REPORT
NATIONAL WEATHER SERVICE CHICAGO IL
132 AM CDT TUE OCT 21 2014


...................................

...THE VALPARAISO CLIMATE SUMMARY FOR OCTOBER 20 2014...

CLIMATE NORMAL PERIOD 1981 TO 2010
CLIMATE RECORD PERIOD 1998 TO 2014


WEATHER ITEM   OBSERVED TIME   RECORD YEAR NORMAL DEPARTURE LAST
                VALUE   (LST)  VALUE       VALUE  FROM      YEAR
                                                  NORMAL
..................................................................
TEMPERATURE (F)
 YESTERDAY
  MAXIMUM         62    140 PM  84    2003  61      1       63
  MINIMUM         47    634 AM  32    2002  41      6       35
  AVERAGE         55                        51      4       49

PRECIPITATION (IN)
  YESTERDAY        T             1.00 2011   0.11  -0.11     0.00
  MONTH TO DATE    3.56                      2.11   1.45     1.57
  SINCE SEP 1      5.94                      5.32   0.62     4.14
  SINCE JAN 1     35.30                     30.86   4.44    29.82

DEGREE DAYS
 HEATING
  YESTERDAY       10                        14     -4       16
  MONTH TO DATE  237                       228      9      185
  SINCE SEP 1    368                       341     27      265
  SINCE JUL 1    408                       358     50      293

 COOLING
  YESTERDAY        0                         0      0        0
  MONTH TO DATE    3                        11     -8       25
  SINCE SEP 1     64                        77    -13      143
  SINCE JAN 1    611                       713   -102      810
..................................................................


WIND (MPH)
  RESULTANT WIND SPEED   4   RESULTANT WIND DIRECTION   W (280)
  HIGHEST WIND SPEED    14   HIGHEST WIND DIRECTION    NW (320)
  HIGHEST GUST SPEED    20   HIGHEST GUST DIRECTION     N (340)
  AVERAGE WIND SPEED     8.1



WEATHER CONDITIONS
 THE FOLLOWING WEATHER WAS RECORDED YESTERDAY.
  LIGHT RAIN


..........................................................


THE VALPARAISO CLIMATE NORMALS FOR TODAY
                         NORMAL    RECORD    YEAR
 MAXIMUM TEMPERATURE (F)   61        79      2007
 MINIMUM TEMPERATURE (F)   41        28      2002


SUNRISE AND SUNSET
OCTOBER 21 2014.......SUNRISE   707 AM CDT   SUNSET   558 PM CDT
OCTOBER 22 2014.......SUNRISE   708 AM CDT   SUNSET   556 PM CDT


-  INDICATES NEGATIVE NUMBERS.
R  INDICATES RECORD WAS SET OR TIED.
MM INDICATES DATA IS MISSING.
T  INDICATES TRACE AMOUNT.




$$
