000
CDUS43 KLOT 260653
CLIVPZ


CLIMATE REPORT
NATIONAL WEATHER SERVICE CHICAGO IL
151 AM CDT TUE JUL 26 2016


...................................

...THE VALPARAISO CLIMATE SUMMARY FOR JULY 25 2016...

CLIMATE NORMAL PERIOD 1981 TO 2010
CLIMATE RECORD PERIOD 1998 TO 2016


WEATHER ITEM   OBSERVED TIME   RECORD YEAR NORMAL DEPARTURE LAST
                VALUE   (LST)  VALUE       VALUE  FROM      YEAR
                                                  NORMAL
..................................................................
TEMPERATURE (F)
 YESTERDAY
  MAXIMUM         86    157 PM  96    2012  82      4       86
  MINIMUM         67   1159 PM  48    2014  62      5       68
  AVERAGE         77                        72      5       77

PRECIPITATION (IN)
  YESTERDAY        T             1.07 2001   0.12  -0.12      T
  MONTH TO DATE    3.87                      3.56   0.31     4.92
  SINCE JUN 1      4.12                      7.47  -3.35    10.53
  SINCE JAN 1     13.52                     20.45  -6.93    19.32

DEGREE DAYS
 HEATING
  YESTERDAY        0                         0      0        0
  MONTH TO DATE    8                         0      8        6
  SINCE JUN 1     28                        41    -13       33
  SINCE JUL 1      8                         0      8        6

 COOLING
  YESTERDAY       12                         7      5       12
  MONTH TO DATE  223                       198     25      139
  SINCE JUN 1    423                       362     61      271
  SINCE JAN 1    500                       409     91      347
..................................................................


WIND (MPH)
  RESULTANT WIND SPEED   2   RESULTANT WIND DIRECTION   N (340)
  HIGHEST WIND SPEED    15   HIGHEST WIND DIRECTION     W (260)
  HIGHEST GUST SPEED    18   HIGHEST GUST DIRECTION     W (280)
  AVERAGE WIND SPEED     5.4



WEATHER CONDITIONS
 THE FOLLOWING WEATHER WAS RECORDED YESTERDAY.
  LIGHT RAIN


..........................................................


THE VALPARAISO CLIMATE NORMALS FOR TODAY
                         NORMAL    RECORD    YEAR
 MAXIMUM TEMPERATURE (F)   82        88      2005
 MINIMUM TEMPERATURE (F)   62        53      1998


SUNRISE AND SUNSET
JULY 26 2016..........SUNRISE   538 AM CDT   SUNSET   811 PM CDT
JULY 27 2016..........SUNRISE   539 AM CDT   SUNSET   810 PM CDT


-  INDICATES NEGATIVE NUMBERS.
R  INDICATES RECORD WAS SET OR TIED.
MM INDICATES DATA IS MISSING.
T  INDICATES TRACE AMOUNT.




$$
