491
CDUS42 KMLB 180627
CLIVRB


CLIMATE REPORT
NATIONAL WEATHER SERVICE MELBOURNE FL
126 AM EST SAT NOV 18 2017


...................................

...THE VERO BEACH CLIMATE SUMMARY FOR NOVEMBER 17 2017...

CLIMATE NORMAL PERIOD 1981 TO 2010
CLIMATE RECORD PERIOD 1942 TO 2017


WEATHER ITEM   OBSERVED TIME   RECORD YEAR NORMAL DEPARTURE LAST
                VALUE   (LST)  VALUE       VALUE  FROM      YEAR
                                                  NORMAL
..................................................................
TEMPERATURE (F)
 YESTERDAY
  MAXIMUM         79    101 PM  86    2015  79      0       77
                                      2014
                                      2011
  MINIMUM         60   1159 PM  38    1970  61     -1       55
  AVERAGE         70                        70      0       66

PRECIPITATION (IN)
  YESTERDAY        0.00          2.40 1982   0.11  -0.11     0.00
  MONTH TO DATE    2.13                      2.02   0.11     0.34
  SINCE SEP 1     24.17                     13.72  10.45     9.39
  SINCE JAN 1     53.59                     48.42   5.17    62.82

SNOWFALL (IN)
  YESTERDAY        0.0
  MONTH TO DATE    0.0
  SINCE JUL 1      0.0

DEGREE DAYS
 HEATING
  YESTERDAY        0                         1     -1        0
  MONTH TO DATE    0                         9     -9        1
  SINCE SEP 1     18                        12      6        1
  SINCE JUL 1     18                        12      6        1

 COOLING
  YESTERDAY        5                         6     -1        1
  MONTH TO DATE  152                       118     34      102
  SINCE SEP 1   1029                       948     81     1039
  SINCE JAN 1   3741                      3246    495     3629
..................................................................


WIND (MPH)
  HIGHEST WIND SPEED    17   HIGHEST WIND DIRECTION     N (360)
  HIGHEST GUST SPEED    21   HIGHEST GUST DIRECTION     N (10)
  AVERAGE WIND SPEED     7.8


SKY COVER
  AVERAGE SKY COVER 0.2


WEATHER CONDITIONS
 THE FOLLOWING WEATHER WAS RECORDED YESTERDAY.
  NO SIGNIFICANT WEATHER WAS OBSERVED.


RELATIVE HUMIDITY (PERCENT)
 HIGHEST   100           500 AM
 LOWEST     54           200 PM
 AVERAGE    77

..........................................................


THE VERO BEACH CLIMATE NORMALS FOR TODAY
                         NORMAL    RECORD    YEAR
 MAXIMUM TEMPERATURE (F)   79        88      2013
 MINIMUM TEMPERATURE (F)   61        40      1970


SUNRISE AND SUNSET
NOVEMBER 18 2017......SUNRISE   645 AM EST   SUNSET   528 PM EST
NOVEMBER 19 2017......SUNRISE   646 AM EST   SUNSET   528 PM EST


-  INDICATES NEGATIVE NUMBERS.
R  INDICATES RECORD WAS SET OR TIED.
MM INDICATES DATA IS MISSING.
T  INDICATES TRACE AMOUNT.




$$
