000
CDUS42 KMLB 182119
CLIVRB


CLIMATE REPORT
NATIONAL WEATHER SERVICE MELBOURNE FL
418 PM EST THU JAN 18 2018


...................................

...THE VERO BEACH CLIMATE SUMMARY FOR JANUARY 18 2018...
VALID TODAY AS OF 0400 PM LOCAL TIME.

CLIMATE NORMAL PERIOD 1981 TO 2010
CLIMATE RECORD PERIOD 1942 TO 2018


WEATHER ITEM   OBSERVED TIME   RECORD YEAR NORMAL DEPARTURE LAST
                VALUE   (LST)  VALUE       VALUE  FROM      YEAR
                                                  NORMAL
..................................................................
TEMPERATURE (F)
 TODAY
  MAXIMUM         55    201 PM  85    1987  72    -17       82
  MINIMUM         32    813 AM  28    1977  51    -19       58
  AVERAGE         44                        62    -18       70

PRECIPITATION (IN)
  TODAY            0.00          0.94 2004   0.07  -0.07     0.00
  MONTH TO DATE    2.50                      1.44   1.06     0.46
  SINCE DEC 1      4.73                      3.63   1.10     2.60
  SINCE JAN 1      2.50                      1.44   1.06     0.46

SNOWFALL (IN)
  TODAY            0.0
  MONTH TO DATE    0.0
  SINCE JUL 1      0.0

DEGREE DAYS
 HEATING
  TODAY           21                         5     16        0
  MONTH TO DATE  126                        90     36       30
  SINCE DEC 1    209                       195     14       45
  SINCE JUL 1    229                       225      4       64

 COOLING
  TODAY            0                         2     -2        5
  MONTH TO DATE   28                        36     -8       68
  SINCE DEC 1    146                       129     17      273
  SINCE JAN 1     28                        36     -8       68
..................................................................


WIND (MPH)
  HIGHEST WIND SPEED    22   HIGHEST WIND DIRECTION     N (340)
  HIGHEST GUST SPEED    27   HIGHEST GUST DIRECTION     N (350)
  AVERAGE WIND SPEED    13.6


SKY COVER
  AVERAGE SKY COVER 0.1


WEATHER CONDITIONS
 THE FOLLOWING WEATHER WAS RECORDED TODAY.
  NO SIGNIFICANT WEATHER WAS OBSERVED.


RELATIVE HUMIDITY (PERCENT)
 HIGHEST    86           100 AM
 LOWEST     61          1100 AM
 AVERAGE    74

..........................................................


THE VERO BEACH CLIMATE NORMALS FOR TOMORROW
                         NORMAL    RECORD    YEAR
 MAXIMUM TEMPERATURE (F)   72        88      1943
 MINIMUM TEMPERATURE (F)   52        29      1981
                                             1977


SUNRISE AND SUNSET
JANUARY 18 2018.......SUNRISE   713 AM EST   SUNSET   551 PM EST
JANUARY 19 2018.......SUNRISE   713 AM EST   SUNSET   552 PM EST


-  INDICATES NEGATIVE NUMBERS.
R  INDICATES RECORD WAS SET OR TIED.
MM INDICATES DATA IS MISSING.
T  INDICATES TRACE AMOUNT.




$$
