000
CDUS42 KMLB 242026
CLIVRB


CLIMATE REPORT
NATIONAL WEATHER SERVICE MELBOURNE FL
425 PM EDT MON APR 24 2017


...................................

...THE VERO BEACH CLIMATE SUMMARY FOR APRIL 24 2017...
VALID TODAY AS OF 0400 PM LOCAL TIME.

CLIMATE NORMAL PERIOD 1981 TO 2010
CLIMATE RECORD PERIOD 1942 TO 2017


WEATHER ITEM   OBSERVED TIME   RECORD YEAR NORMAL DEPARTURE LAST
                VALUE   (LST)  VALUE       VALUE  FROM      YEAR
                                                  NORMAL
..................................................................
TEMPERATURE (F)
 TODAY
  MAXIMUM         90    301 PM  94    1968  82      8       82
  MINIMUM         65    603 AM  50    2012  63      2       66
                                      1998
  AVERAGE         78                        72      6       74

PRECIPITATION (IN)
  TODAY            0.02          1.04 1983   0.08  -0.06     0.11
  MONTH TO DATE    2.76                      2.21   0.55     1.60
  SINCE MAR 1      4.38                      6.33  -1.95     4.46
  SINCE JAN 1      6.34                     11.50  -5.16    17.81

SNOWFALL (IN)
  TODAY            0.0
  MONTH TO DATE    0.0
  SINCE JUL 1      0.0

DEGREE DAYS
 HEATING
  TODAY            0                         0      0        0
  MONTH TO DATE    3                        13    -10        5
  SINCE MAR 1     42                        68    -26       16
  SINCE JUL 1    185                       453   -268      284

 COOLING
  TODAY           13                         7      6        9
  MONTH TO DATE  226                       143     83      168
  SINCE MAR 1    383                       272    111      404
  SINCE JAN 1    584                       411    173      502
..................................................................


WIND (MPH)
  HIGHEST WIND SPEED    26   HIGHEST WIND DIRECTION     W (280)
  HIGHEST GUST SPEED    33   HIGHEST GUST DIRECTION     W (250)
  AVERAGE WIND SPEED     9.1


SKY COVER
  AVERAGE SKY COVER 0.3


WEATHER CONDITIONS
 THE FOLLOWING WEATHER WAS RECORDED TODAY.
  LIGHT RAIN
  FOG


RELATIVE HUMIDITY (PERCENT)
 HIGHEST   100          1200 AM
 LOWEST     43          1200 PM
 AVERAGE    72

..........................................................


THE VERO BEACH CLIMATE NORMALS FOR TOMORROW
                         NORMAL    RECORD    YEAR
 MAXIMUM TEMPERATURE (F)   82        95      1945
 MINIMUM TEMPERATURE (F)   63        44      2012
                                             2005


SUNRISE AND SUNSET
APRIL 24 2017.........SUNRISE   648 AM EDT   SUNSET   752 PM EDT
APRIL 25 2017.........SUNRISE   647 AM EDT   SUNSET   752 PM EDT


-  INDICATES NEGATIVE NUMBERS.
R  INDICATES RECORD WAS SET OR TIED.
MM INDICATES DATA IS MISSING.
T  INDICATES TRACE AMOUNT.




$$
