000
CDUS42 KMLB 220633
CLIVRB


CLIMATE REPORT
NATIONAL WEATHER SERVICE MELBOURNE FL
130 AM EST MON DEC 22 2014


...................................

...THE VERO BEACH CLIMATE SUMMARY FOR DECEMBER 21 2014...

CLIMATE NORMAL PERIOD 1981 TO 2010
CLIMATE RECORD PERIOD 1942 TO 2014


WEATHER ITEM   OBSERVED TIME   RECORD YEAR NORMAL DEPARTURE LAST
                VALUE   (LST)  VALUE       VALUE  FROM      YEAR
                                                  NORMAL
..................................................................
TEMPERATURE (F)
 YESTERDAY
  MAXIMUM         80   1247 PM  85    1951  73      7       82
  MINIMUM         56    506 AM  33    1981  54      2       68
  AVERAGE         68                        64      4       75

PRECIPITATION (IN)
  YESTERDAY        0.00          2.58 1994   0.08  -0.08     0.00
  MONTH TO DATE    2.21                      1.48   0.73     2.12
  SINCE DEC 1      2.21                      1.48   0.73     2.12
  SINCE JAN 1     52.89                     51.16   1.73    44.33

SNOWFALL (IN)
  YESTERDAY        0.0
  MONTH TO DATE    0.0
  SINCE JUL 1      0.0

DEGREE DAYS
 HEATING
  YESTERDAY        0                         4     -4        0
  MONTH TO DATE   75                        61     14       18
  SINCE DEC 1     75                        61     14       18
  SINCE JUL 1    154                        91     63       29

 COOLING
  YESTERDAY        3                         3      0       10
  MONTH TO DATE   46                        70    -24      103
  SINCE DEC 1     46                        70    -24      103
  SINCE JAN 1   3200                      3381   -181     3576
..................................................................


WIND (MPH)
  HIGHEST WIND SPEED    15   HIGHEST WIND DIRECTION    SE (140)
  HIGHEST GUST SPEED    19   HIGHEST GUST DIRECTION    SE (150)
  AVERAGE WIND SPEED     5.6


SKY COVER
  AVERAGE SKY COVER 0.3


WEATHER CONDITIONS
 THE FOLLOWING WEATHER WAS RECORDED YESTERDAY.
  FOG


RELATIVE HUMIDITY (PERCENT)
 HIGHEST   100           600 AM
 LOWEST     58          1200 PM
 AVERAGE    79

..........................................................


THE VERO BEACH CLIMATE NORMALS FOR TODAY
                         NORMAL    RECORD    YEAR
 MAXIMUM TEMPERATURE (F)   73        84      2013
                                             1987
                                             1971
 MINIMUM TEMPERATURE (F)   54        32      1973


SUNRISE AND SUNSET
DECEMBER 22 2014......SUNRISE   708 AM EST   SUNSET   532 PM EST
DECEMBER 23 2014......SUNRISE   709 AM EST   SUNSET   533 PM EST


-  INDICATES NEGATIVE NUMBERS.
R  INDICATES RECORD WAS SET OR TIED.
MM INDICATES DATA IS MISSING.
T  INDICATES TRACE AMOUNT.




$$
