000
CDUS42 KMLB 202130
CLIVRB


CLIMATE REPORT
NATIONAL WEATHER SERVICE MELBOURNE FL
428 PM EST THU NOV 20 2014


...................................

...THE VERO BEACH CLIMATE SUMMARY FOR NOVEMBER 20 2014...
VALID TODAY AS OF 400 PM LOCAL TIME.

CLIMATE NORMAL PERIOD 1981 TO 2010
CLIMATE RECORD PERIOD 1942 TO 2014


WEATHER ITEM   OBSERVED TIME   RECORD YEAR NORMAL DEPARTURE LAST
                VALUE   (LST)  VALUE       VALUE  FROM      YEAR
                                                  NORMAL
..................................................................
TEMPERATURE (F)
 TODAY
  MAXIMUM         70   1251 PM  86    1986  78     -8       78
  MINIMUM         51   1252 AM  40    1968  61    -10       72
  AVERAGE         61                        69     -8       75

PRECIPITATION (IN)
  TODAY            0.00          2.75 2005   0.10  -0.10     2.59
  MONTH TO DATE    0.87                      2.31  -1.44     2.75
  SINCE SEP 1     15.64                     14.01   1.63     9.90
  SINCE JAN 1     48.95                     48.71   0.24    37.58

SNOWFALL (IN)
  TODAY            0.0
  MONTH TO DATE    0.0
  SINCE JUL 1      0.0

DEGREE DAYS
 HEATING
  TODAY            4                         1      3        0
  MONTH TO DATE   49                        12     37        0
  SINCE SEP 1     49                        15     34        0
  SINCE JUL 1     49                        15     34        0

 COOLING
  TODAY            0                         5     -5       10
  MONTH TO DATE   47                       134    -87      208
  SINCE SEP 1    740                       964   -224     1006
  SINCE JAN 1   3107                      3262   -155     3412
..................................................................


WIND (MPH)
  HIGHEST WIND SPEED    22   HIGHEST WIND DIRECTION     N (350)
  HIGHEST GUST SPEED    28   HIGHEST GUST DIRECTION     N (350)
  AVERAGE WIND SPEED    11.5


SKY COVER
  AVERAGE SKY COVER 0.0


WEATHER CONDITIONS
 THE FOLLOWING WEATHER WAS RECORDED TODAY.
  FOG


RELATIVE HUMIDITY (PERCENT)
 HIGHEST   100           100 AM
 LOWEST     61           100 PM
 AVERAGE    81

..........................................................


THE VERO BEACH CLIMATE NORMALS FOR TOMORROW
                         NORMAL    RECORD    YEAR
 MAXIMUM TEMPERATURE (F)   78        86      1988
 MINIMUM TEMPERATURE (F)   60        39      2006
                                             1968


SUNRISE AND SUNSET
NOVEMBER 20 2014......SUNRISE   646 AM EST   SUNSET   528 PM EST
NOVEMBER 21 2014......SUNRISE   647 AM EST   SUNSET   528 PM EST


-  INDICATES NEGATIVE NUMBERS.
R  INDICATES RECORD WAS SET OR TIED.
MM INDICATES DATA IS MISSING.
T  INDICATES TRACE AMOUNT.




$$
