000
CDUS42 KMLB 280642
CLIVRB


CLIMATE REPORT
NATIONAL WEATHER SERVICE MELBOURNE FL
231 AM EDT SUN MAY 28 2017


...................................

...THE VERO BEACH CLIMATE SUMMARY FOR MAY 27 2017...

CLIMATE NORMAL PERIOD 1981 TO 2010
CLIMATE RECORD PERIOD 1942 TO 2017


WEATHER ITEM   OBSERVED TIME   RECORD YEAR NORMAL DEPARTURE LAST
                VALUE   (LST)  VALUE       VALUE  FROM      YEAR
                                                  NORMAL
..................................................................
TEMPERATURE (F)
 YESTERDAY
  MAXIMUM         93   1247 PM  98    1953  86      7       85
  MINIMUM         67    559 AM  55    1979  70     -3       73
  AVERAGE         80                        78      2       79

PRECIPITATION (IN)
  YESTERDAY        0.00          2.67 1990   0.14  -0.14     0.01
  MONTH TO DATE    4.57                      2.73   1.84    16.38
  SINCE MAR 1      9.08                      9.57  -0.49    20.84
  SINCE JAN 1     11.04                     14.74  -3.70    34.19

SNOWFALL (IN)
  YESTERDAY        0.0
  MONTH TO DATE    0.0
  SINCE JUL 1      0.0

DEGREE DAYS
 HEATING
  YESTERDAY        0                         0      0        0
  MONTH TO DATE    0                         0      0        0
  SINCE MAR 1     42                        70    -28       16
  SINCE JUL 1    185                       455   -270      284

 COOLING
  YESTERDAY       15                        13      2       14
  MONTH TO DATE  343                       293     50      314
  SINCE MAR 1    800                       612    188      772
  SINCE JAN 1   1001                       751    250      870
..................................................................


WIND (MPH)
  HIGHEST WIND SPEED    14   HIGHEST WIND DIRECTION    SE (140)
  HIGHEST GUST SPEED    17   HIGHEST GUST DIRECTION    SE (140)
  AVERAGE WIND SPEED     5.8


SKY COVER
  AVERAGE SKY COVER 0.1


WEATHER CONDITIONS
 THE FOLLOWING WEATHER WAS RECORDED YESTERDAY.
  FOG


RELATIVE HUMIDITY (PERCENT)
 HIGHEST   100           600 AM
 LOWEST     38           100 PM
 AVERAGE    69

..........................................................


THE VERO BEACH CLIMATE NORMALS FOR TODAY
                         NORMAL    RECORD    YEAR
 MAXIMUM TEMPERATURE (F)   87        96      1967
 MINIMUM TEMPERATURE (F)   70        62      1985


SUNRISE AND SUNSET
MAY 28 2017...........SUNRISE   627 AM EDT   SUNSET   811 PM EDT
MAY 29 2017...........SUNRISE   627 AM EDT   SUNSET   812 PM EDT


-  INDICATES NEGATIVE NUMBERS.
R  INDICATES RECORD WAS SET OR TIED.
MM INDICATES DATA IS MISSING.
T  INDICATES TRACE AMOUNT.




$$
