000
CDUS42 KMLB 132117
CLIVRB


CLIMATE REPORT
NATIONAL WEATHER SERVICE MELBOURNE FL
416 PM EST SAT FEB 13 2016


...................................

...THE VERO BEACH CLIMATE SUMMARY FOR FEBRUARY 13 2016...
VALID TODAY AS OF 0400 PM LOCAL TIME.

CLIMATE NORMAL PERIOD 1981 TO 2010
CLIMATE RECORD PERIOD 1942 TO 2016


WEATHER ITEM   OBSERVED TIME   RECORD YEAR NORMAL DEPARTURE LAST
                VALUE   (LST)  VALUE       VALUE  FROM      YEAR
                                                  NORMAL
..................................................................
TEMPERATURE (F)
 TODAY
  MAXIMUM         70    103 PM  87    2013  74     -4       67
  MINIMUM         50    642 AM  34    2006  54     -4       46
                                      1985
  AVERAGE         60                        64     -4       57

PRECIPITATION (IN)
  TODAY            0.00          2.51 1947   0.10  -0.10     0.00
  MONTH TO DATE    1.66                      1.21   0.45     1.76
  SINCE DEC 1     15.62                      5.90   9.72     6.12
  SINCE JAN 1     11.05                      3.71   7.34     2.91

SNOWFALL (IN)
  TODAY            0.0
  MONTH TO DATE    0.0
  SINCE JUL 1      0.0

DEGREE DAYS
 HEATING
  TODAY            5                         4      1        8
  MONTH TO DATE   82                        52     30       48
  SINCE DEC 1    222                       309    -87      219
  SINCE JUL 1    223                       339   -116      298

 COOLING
  TODAY            0                         3     -3        0
  MONTH TO DATE   31                        31      0        3
  SINCE DEC 1    360                       185    175      207
  SINCE JAN 1     68                        92    -24       86
..................................................................


WIND (MPH)
  HIGHEST WIND SPEED    17   HIGHEST WIND DIRECTION     N (20)
  HIGHEST GUST SPEED    23   HIGHEST GUST DIRECTION     N (20)
  AVERAGE WIND SPEED     8.7


SKY COVER
  AVERAGE SKY COVER 0.0


WEATHER CONDITIONS
 THE FOLLOWING WEATHER WAS RECORDED TODAY.
  NO SIGNIFICANT WEATHER WAS OBSERVED.


RELATIVE HUMIDITY (PERCENT)
 HIGHEST    96           700 AM
 LOWEST     36          1200 PM
 AVERAGE    66

..........................................................


THE VERO BEACH CLIMATE NORMALS FOR TOMORROW
                         NORMAL    RECORD    YEAR
 MAXIMUM TEMPERATURE (F)   75        87      2009
 MINIMUM TEMPERATURE (F)   54        30      1996


SUNRISE AND SUNSET
FEBRUARY 13 2016......SUNRISE   701 AM EST   SUNSET   611 PM EST
FEBRUARY 14 2016......SUNRISE   700 AM EST   SUNSET   612 PM EST


-  INDICATES NEGATIVE NUMBERS.
R  INDICATES RECORD WAS SET OR TIED.
MM INDICATES DATA IS MISSING.
T  INDICATES TRACE AMOUNT.




$$
