000
CDUS41 KBTV 160536
CLIVSF


CLIMATE REPORT
NATIONAL WEATHER SERVICE BURLINGTON VT
1234 AM EST SAT DEC 16 2017


...................................

...THE SPRINGFIELD VT CLIMATE SUMMARY FOR DECEMBER 15 2017...

CLIMATE NORMAL PERIOD 1981 TO 2010
CLIMATE RECORD PERIOD 9999 TO 9999


WEATHER ITEM   OBSERVED TIME   NORMAL DEPARTURE LAST
                VALUE   (LST)  VALUE  FROM      YEAR
                                      NORMAL
......................................................
TEMPERATURE (F)
 YESTERDAY
  MAXIMUM         21    257 PM  34    -13       24
  MINIMUM         -2    757 AM  17    -19        0
  AVERAGE         10            26    -16       12

PRECIPITATION (IN)
  YESTERDAY        T             0.10  -0.10      T
  MONTH TO DATE    1.83          1.68   0.15     1.07
  SINCE DEC 1      1.83          1.68   0.15     1.07
  SINCE JAN 1     39.18         42.26  -3.08    26.03

DEGREE DAYS
 HEATING
  YESTERDAY       55            39     16       53
  MONTH TO DATE  550           549      1      560
  SINCE DEC 1    550           549      1      560
  SINCE JUL 1   1942          2192   -250     2016

 COOLING
  YESTERDAY        0             0      0        0
  MONTH TO DATE    0             0      0        0
  SINCE DEC 1      0             0      0        0
  SINCE JAN 1    386           345     41      481
......................................................


WIND (MPH)
  HIGHEST WIND SPEED     7   HIGHEST WIND DIRECTION    NE (50)
  HIGHEST GUST SPEED     8   HIGHEST GUST DIRECTION    NE (60)
  AVERAGE WIND SPEED     0.5


SKY COVER
  AVERAGE SKY COVER 0.4


WEATHER CONDITIONS
 THE FOLLOWING WEATHER WAS RECORDED YESTERDAY.
  LIGHT SNOW
  FOG
  HAZE


RELATIVE HUMIDITY (PERCENT)
 HIGHEST    95           400 AM
 LOWEST     57           300 PM
 AVERAGE    76

..........................................................


THE SPRINGFIELD VT CLIMATE NORMALS FOR TODAY
                         NORMAL    RECORD    YEAR
 MAXIMUM TEMPERATURE (F)   34        51      2011
 MINIMUM TEMPERATURE (F)   17        -4      2016


SUNRISE AND SUNSET
DECEMBER 16 2017......SUNRISE   716 AM EST   SUNSET   415 PM EST
DECEMBER 17 2017......SUNRISE   717 AM EST   SUNSET   416 PM EST


-  INDICATES NEGATIVE NUMBERS.
R  INDICATES RECORD WAS SET OR TIED.
MM INDICATES DATA IS MISSING.
T  INDICATES TRACE AMOUNT.




$$
