724
CDUS41 KBTV 080534
CLIVSF


CLIMATE REPORT
NATIONAL WEATHER SERVICE BURLINGTON VT
1231 AM EST MON FEB 8 2016


...................................

...THE SPRINGFIELD VT CLIMATE SUMMARY FOR FEBRUARY 7 2016...

CLIMATE NORMAL PERIOD 1981 TO 2010
CLIMATE RECORD PERIOD 9999 TO 9999


WEATHER ITEM   OBSERVED TIME   NORMAL DEPARTURE LAST
                VALUE   (LST)  VALUE  FROM      YEAR
                                      NORMAL
......................................................
TEMPERATURE (F)
 YESTERDAY
  MAXIMUM         42    331 PM  31     11       27
  MINIMUM         20    735 AM  11      9        2
  AVERAGE         31            21     10       15

PRECIPITATION (IN)
  YESTERDAY        0.00          0.10  -0.10     0.02
  MONTH TO DATE    1.10          0.64   0.46     0.59
  SINCE DEC 1      5.91          6.83  -0.92     7.65
  SINCE JAN 1      2.59          3.56  -0.97     3.12

DEGREE DAYS
 HEATING
  YESTERDAY       34            44    -10       50
  MONTH TO DATE  221           311    -90      397
  SINCE DEC 1   2356          2940   -584     2997
  SINCE JUL 1   3769          4583   -814     4400

 COOLING
  YESTERDAY        0             0      0        0
  MONTH TO DATE    0             0      0        0
  SINCE DEC 1      0             0      0        0
  SINCE JAN 1      0             0      0        0
......................................................


WIND (MPH)
  HIGHEST WIND SPEED    10   HIGHEST WIND DIRECTION     S (160)
  HIGHEST GUST SPEED    13   HIGHEST GUST DIRECTION     S (160)
  AVERAGE WIND SPEED     1.9


SKY COVER
  AVERAGE SKY COVER 0.2


WEATHER CONDITIONS
 THE FOLLOWING WEATHER WAS RECORDED YESTERDAY.
  FOG
  HAZE


RELATIVE HUMIDITY (PERCENT)
 HIGHEST    92           600 AM
 LOWEST     41           200 PM
 AVERAGE    67

..........................................................


THE SPRINGFIELD VT CLIMATE NORMALS FOR TODAY
                         NORMAL    RECORD    YEAR
 MAXIMUM TEMPERATURE (F)   31        50      2009
 MINIMUM TEMPERATURE (F)   12        -7      2000


SUNRISE AND SUNSET
FEBRUARY  8 2016......SUNRISE   658 AM EST   SUNSET   511 PM EST
FEBRUARY  9 2016......SUNRISE   657 AM EST   SUNSET   512 PM EST


-  INDICATES NEGATIVE NUMBERS.
R  INDICATES RECORD WAS SET OR TIED.
MM INDICATES DATA IS MISSING.
T  INDICATES TRACE AMOUNT.




$$
