000
CDUS41 KBTV 280553
CLIVSF


CLIMATE REPORT
NATIONAL WEATHER SERVICE BURLINGTON VT
146 AM EDT SAT MAR 28 2015


...................................

...THE SPRINGFIELD VT CLIMATE SUMMARY FOR MARCH 27 2015...

CLIMATE NORMAL PERIOD 1981 TO 2010
CLIMATE RECORD PERIOD 9999 TO 9999


WEATHER ITEM   OBSERVED TIME   NORMAL DEPARTURE LAST
                VALUE   (LST)  VALUE  FROM      YEAR
                                      NORMAL
......................................................
TEMPERATURE (F)
 YESTERDAY
  MAXIMUM         43    244 PM  46     -3       38
  MINIMUM         32    649 AM  25      7       12
  AVERAGE         38            36      2       25

PRECIPITATION (IN)
  YESTERDAY        T             0.14  -0.14     0.00
  MONTH TO DATE    0.85          2.76  -1.91     0.72
  SINCE MAR 1      0.85          2.76  -1.91     0.72
  SINCE JAN 1      5.00          8.37  -3.37     4.41

DEGREE DAYS
 HEATING
  YESTERDAY       27            30     -3       40
  MONTH TO DATE 1062           922    140     1164
  SINCE MAR 1   1062           922    140     1164
  SINCE JUL 1   6614          6367    247     6875

 COOLING
  YESTERDAY        0             0      0        0
  MONTH TO DATE    0             0      0        0
  SINCE MAR 1      0             0      0        0
  SINCE JAN 1      0             0      0        0
......................................................


WIND (MPH)
  HIGHEST WIND SPEED    10   HIGHEST WIND DIRECTION    NW (300)
  HIGHEST GUST SPEED    15   HIGHEST GUST DIRECTION     N (340)
  AVERAGE WIND SPEED     2.3


SKY COVER
  AVERAGE SKY COVER 1.0


WEATHER CONDITIONS
 THE FOLLOWING WEATHER WAS RECORDED YESTERDAY.
  LIGHT RAIN
  FOG
  FOG W/VISIBILITY <= 1/4 MILE


RELATIVE HUMIDITY (PERCENT)
 HIGHEST   100           100 AM
 LOWEST     57           300 PM
 AVERAGE    79

..........................................................


THE SPRINGFIELD VT CLIMATE NORMALS FOR TODAY
                         NORMAL    RECORD    YEAR
 MAXIMUM TEMPERATURE (F)   47        80      1998
 MINIMUM TEMPERATURE (F)   25        21      2011


SUNRISE AND SUNSET
MARCH 28 2015.........SUNRISE   640 AM EDT   SUNSET   712 PM EDT
MARCH 29 2015.........SUNRISE   638 AM EDT   SUNSET   713 PM EDT


-  INDICATES NEGATIVE NUMBERS.
R  INDICATES RECORD WAS SET OR TIED.
MM INDICATES DATA IS MISSING.
T  INDICATES TRACE AMOUNT.




$$
