000
CDUS41 KBTV 300543
CLIVSF


CLIMATE REPORT
NATIONAL WEATHER SERVICE BURLINGTON VT
143 AM EDT TUE SEP 30 2014


...................................

...THE SPRINGFIELD VT CLIMATE SUMMARY FOR SEPTEMBER 29 2014...

CLIMATE NORMAL PERIOD 1981 TO 2010
CLIMATE RECORD PERIOD 9999 TO 9999


WEATHER ITEM   OBSERVED TIME   NORMAL DEPARTURE LAST
                VALUE   (LST)  VALUE  FROM      YEAR
                                      NORMAL
......................................................
TEMPERATURE (F)
 YESTERDAY
  MAXIMUM         75    137 PM  65     10       71
  MINIMUM         53    615 AM  42     11       42
  AVERAGE         64            53     11       57

PRECIPITATION (IN)
  YESTERDAY        0.00          0.16  -0.16     0.00
  MONTH TO DATE    1.15          3.60  -2.45     2.98
  SINCE SEP 1      1.15          3.60  -2.45     2.98
  SINCE JAN 1     28.84         31.97  -3.13    30.46

DEGREE DAYS
 HEATING
  YESTERDAY        1            12    -11        8
  MONTH TO DATE  164           185    -21      219
  SINCE SEP 1    164           185    -21      219
  SINCE JUL 1    213           240    -27      264

 COOLING
  YESTERDAY        0             0      0        0
  MONTH TO DATE   40            21     19       42
  SINCE SEP 1     40            21     19       42
  SINCE JAN 1    277           342    -65      495
......................................................


WIND (MPH)
  HIGHEST WIND SPEED    10   HIGHEST WIND DIRECTION    NE (60)
  HIGHEST GUST SPEED    13   HIGHEST GUST DIRECTION    SE (120)
  AVERAGE WIND SPEED     2.3


SKY COVER
  AVERAGE SKY COVER 0.6


WEATHER CONDITIONS
 THE FOLLOWING WEATHER WAS RECORDED YESTERDAY.
  FOG W/VISIBILITY <= 1/4 MILE


RELATIVE HUMIDITY (PERCENT)
 HIGHEST    86          1100 PM
 LOWEST     57           100 PM
 AVERAGE    72

..........................................................


THE SPRINGFIELD VT CLIMATE NORMALS FOR TODAY
                         NORMAL    RECORD    YEAR
 MAXIMUM TEMPERATURE (F)   65        MM        MM
 MINIMUM TEMPERATURE (F)   41        MM        MM


SUNRISE AND SUNSET
SEPTEMBER 30 2014.....SUNRISE   646 AM EDT   SUNSET   633 PM EDT
OCTOBER  1 2014.......SUNRISE   647 AM EDT   SUNSET   631 PM EDT


-  INDICATES NEGATIVE NUMBERS.
R  INDICATES RECORD WAS SET OR TIED.
MM INDICATES DATA IS MISSING.
T  INDICATES TRACE AMOUNT.




$$
