000
CDUS41 KBTV 250556
CLIVSF

CLIMATE REPORT
NATIONAL WEATHER SERVICE BURLINGTON VT
153 AM EDT WED MAY 25 2016

...................................

...THE SPRINGFIELD VT CLIMATE SUMMARY FOR MAY 24 2016...

CLIMATE NORMAL PERIOD 1981 TO 2010
CLIMATE RECORD PERIOD 9999 TO 9999


WEATHER ITEM   OBSERVED TIME   NORMAL DEPARTURE LAST
                VALUE   (LST)  VALUE  FROM      YEAR
                                      NORMAL
......................................................
TEMPERATURE (F)
 YESTERDAY
  MAXIMUM         68    354 PM  70     -2       81
  MINIMUM         53    521 AM  45      8       34
  AVERAGE         61            57      4       58

PRECIPITATION (IN)
  YESTERDAY        0.27          0.14   0.13     0.00
  MONTH TO DATE    2.04          2.67  -0.63     0.60
  SINCE MAR 1      5.15          9.59  -4.44     3.69
  SINCE JAN 1     10.37         15.20  -4.83     7.84

DEGREE DAYS
 HEATING
  YESTERDAY        4             8     -4        7
  MONTH TO DATE  292           266     26      168
  SINCE MAR 1   1791          1927   -136     2027
  SINCE JUL 1   6447          7372   -925     7579

 COOLING
  YESTERDAY        0             0      0        0
  MONTH TO DATE    0             0      0       15
  SINCE MAR 1      0             2     -2       15
  SINCE JAN 1      0             2     -2       15
......................................................


WIND (MPH)
  HIGHEST WIND SPEED    12   HIGHEST WIND DIRECTION     E (110)
  HIGHEST GUST SPEED    16   HIGHEST GUST DIRECTION     E (110)
  AVERAGE WIND SPEED     1.2


SKY COVER
  AVERAGE SKY COVER  MM


WEATHER CONDITIONS
 THE FOLLOWING WEATHER WAS RECORDED YESTERDAY.
  FOG


RELATIVE HUMIDITY (PERCENT)
 HIGHEST    MM
 LOWEST     MM
 AVERAGE    MM

..........................................................


THE SPRINGFIELD VT CLIMATE NORMALS FOR TODAY
                         NORMAL    RECORD    YEAR
 MAXIMUM TEMPERATURE (F)   70        90      2010
 MINIMUM TEMPERATURE (F)   45        36      2008


SUNRISE AND SUNSET
MAY 25 2016...........SUNRISE   517 AM EDT   SUNSET   818 PM EDT
MAY 26 2016...........SUNRISE   516 AM EDT   SUNSET   819 PM EDT


-  INDICATES NEGATIVE NUMBERS.
R  INDICATES RECORD WAS SET OR TIED.
MM INDICATES DATA IS MISSING.
T  INDICATES TRACE AMOUNT.

$$
