000
CDUS41 KBTV 240548
CLIVSF


CLIMATE REPORT
NATIONAL WEATHER SERVICE BURLINGTON VT
148 AM EDT THU JUL 24 2014


...................................

...THE SPRINGFIELD VT CLIMATE SUMMARY FOR JULY 23 2014...

CLIMATE NORMAL PERIOD 1981 TO 2010
CLIMATE RECORD PERIOD 9999 TO 9999


WEATHER ITEM   OBSERVED TIME   NORMAL DEPARTURE LAST
                VALUE   (LST)  VALUE  FROM      YEAR
                                      NORMAL
......................................................
TEMPERATURE (F)
 YESTERDAY
  MAXIMUM         MM        MM  81     MM       79
  MINIMUM         MM        MM  57     MM       63
  AVERAGE         MM            69     MM       71

PRECIPITATION (IN)
  YESTERDAY        0.60          0.16   0.44     1.44
  MONTH TO DATE    2.81          3.31  -0.50     4.97
  SINCE JUN 1      6.99          7.20  -0.21    11.37
  SINCE JAN 1     20.52         23.47  -2.95    23.08

DEGREE DAYS
 HEATING
  YESTERDAY       MM             0     MM        0
  MONTH TO DATE    0             9     -9        0
  SINCE JUN 1     58           105    -47      101
  SINCE JUL 1      0             9     -9        0

 COOLING
  YESTERDAY       MM             5     MM        6
  MONTH TO DATE  106           108     -2      238
  SINCE JUN 1    165           172     -7      327
  SINCE JAN 1    170           184    -14      351
......................................................


WIND (MPH)
  HIGHEST WIND SPEED    13   HIGHEST WIND DIRECTION    SW (230)
  HIGHEST GUST SPEED    20   HIGHEST GUST DIRECTION    SW (230)
  AVERAGE WIND SPEED     5.5


SKY COVER
  AVERAGE SKY COVER 0.4


WEATHER CONDITIONS
 THE FOLLOWING WEATHER WAS RECORDED YESTERDAY.
  THUNDERSTORM
  HEAVY RAIN
  RAIN
  LIGHT RAIN
  FOG


RELATIVE HUMIDITY (PERCENT)
 HIGHEST   100           300 AM
 LOWEST     50          1200 PM
 AVERAGE    75

..........................................................


THE SPRINGFIELD VT CLIMATE NORMALS FOR TODAY
                         NORMAL    RECORD    YEAR
 MAXIMUM TEMPERATURE (F)   81        MM        MM
 MINIMUM TEMPERATURE (F)   57        MM        MM


SUNRISE AND SUNSET
JULY 24 2014..........SUNRISE   532 AM EDT   SUNSET   821 PM EDT
JULY 25 2014..........SUNRISE   533 AM EDT   SUNSET   820 PM EDT


-  INDICATES NEGATIVE NUMBERS.
R  INDICATES RECORD WAS SET OR TIED.
MM INDICATES DATA IS MISSING.
T  INDICATES TRACE AMOUNT.




$$
