719
CDUS41 KBTV 280545
CLIVSF


CLIMATE REPORT
NATIONAL WEATHER SERVICE BURLINGTON VT
142 AM EDT WED JUN 28 2017


...................................

...THE SPRINGFIELD VT CLIMATE SUMMARY FOR JUNE 27 2017...

CLIMATE NORMAL PERIOD 1981 TO 2010
CLIMATE RECORD PERIOD 9999 TO 9999


WEATHER ITEM   OBSERVED TIME   NORMAL DEPARTURE LAST
                VALUE   (LST)  VALUE  FROM      YEAR
                                      NORMAL
......................................................
TEMPERATURE (F)
 YESTERDAY
  MAXIMUM         71   1237 PM  79     -8       84
  MINIMUM         50   1159 PM  55     -5       58
  AVERAGE         61            67     -6       71

PRECIPITATION (IN)
  YESTERDAY        0.19          0.11   0.08     0.04
  MONTH TO DATE    4.05          3.58   0.47     1.59
  SINCE JUN 1      4.05          3.58   0.47     1.59
  SINCE JAN 1     21.64         19.85   1.79    12.01

DEGREE DAYS
 HEATING
  YESTERDAY        4             1      3        0
  MONTH TO DATE   89            93     -4       72
  SINCE JUN 1     89            93     -4       72
  SINCE JUL 1   6915          7516   -601     6519

 COOLING
  YESTERDAY        0             3     -3        6
  MONTH TO DATE   76            53     23       41
  SINCE JUN 1     76            53     23       41
  SINCE JAN 1     90            65     25       82
......................................................


WIND (MPH)
  HIGHEST WIND SPEED    13   HIGHEST WIND DIRECTION     W (280)
  HIGHEST GUST SPEED    18   HIGHEST GUST DIRECTION     E (100)
  AVERAGE WIND SPEED     2.7


SKY COVER
  AVERAGE SKY COVER 0.5


WEATHER CONDITIONS
 THE FOLLOWING WEATHER WAS RECORDED YESTERDAY.
  THUNDERSTORM
  RAIN
  LIGHT RAIN
  FOG
  FOG W/VISIBILITY <= 1/4 MILE


RELATIVE HUMIDITY (PERCENT)
 HIGHEST    96           900 PM
 LOWEST     57           100 PM
 AVERAGE    77

..........................................................


THE SPRINGFIELD VT CLIMATE NORMALS FOR TODAY
                         NORMAL    RECORD    YEAR
 MAXIMUM TEMPERATURE (F)   80        87      1999
 MINIMUM TEMPERATURE (F)   55        43      2004


SUNRISE AND SUNSET
JUNE 28 2017..........SUNRISE   512 AM EDT   SUNSET   834 PM EDT
JUNE 29 2017..........SUNRISE   513 AM EDT   SUNSET   834 PM EDT


-  INDICATES NEGATIVE NUMBERS.
R  INDICATES RECORD WAS SET OR TIED.
MM INDICATES DATA IS MISSING.
T  INDICATES TRACE AMOUNT.




$$
