000
CDUS43 KLBF 230934
CLIVTN

CLIMATE REPORT
NATIONAL WEATHER SERVICE NORTH PLATTE
433 AM CDT SAT MAY 23 2015


...................................

...THE VALENTINE NE CLIMATE SUMMARY FOR MAY 22 2015...

CLIMATE NORMAL PERIOD 1981 TO 2010
CLIMATE RECORD PERIOD 1885 TO 2015


WEATHER ITEM   OBSERVED TIME   RECORD YEAR NORMAL DEPARTURE LAST
                VALUE   (LST)  VALUE       VALUE  FROM      YEAR
                                                  NORMAL
..................................................................
TEMPERATURE (F)
 YESTERDAY
  MAXIMUM         62    941 AM  95    2010  73    -11       79
  MINIMUM         44    554 AM  26    1963  47     -3       49
  AVERAGE         53                        60     -7       64

PRECIPITATION (IN)
  YESTERDAY        T             2.00 1927   0.11  -0.11     0.00
  MONTH TO DATE    5.21                      2.14   3.07     1.88
  SINCE MAR 1      6.86                      5.43   1.43     5.42
  SINCE JAN 1      7.48                      6.17   1.31     6.08

SNOWFALL (IN)
  YESTERDAY        0.0           0.0    MM   0.0    0.0      0.0
  MONTH TO DATE    0.0                       0.1   -0.1      1.0
  SINCE MAR 1      0.8                      11.2  -10.4      9.3
  SINCE JUL 1     22.5                      33.3  -10.8     35.8
  SNOW DEPTH       0

DEGREE DAYS
 HEATING
  YESTERDAY       12                         7      5        1
  MONTH TO DATE  250                       213     37      271
  SINCE MAR 1   1385                      1660   -275     1766
  SINCE JUL 1   6511                      6896   -385     7244

 COOLING
  YESTERDAY        0                         1     -1        0
  MONTH TO DATE    3                        19    -16        3
  SINCE MAR 1      5                        23    -18        3
  SINCE JAN 1      5                        23    -18        3
..................................................................


WIND (MPH)
  HIGHEST WIND SPEED    30   HIGHEST WIND DIRECTION     S (170)
  HIGHEST GUST SPEED    36   HIGHEST GUST DIRECTION     S (160)
  AVERAGE WIND SPEED    11.4


SKY COVER
  POSSIBLE SUNSHINE  MM
  AVERAGE SKY COVER 0.6


WEATHER CONDITIONS
 THE FOLLOWING WEATHER WAS RECORDED YESTERDAY.
  LIGHT RAIN


RELATIVE HUMIDITY (PERCENT)
 HIGHEST    86          1100 PM
 LOWEST     42          1000 AM
 AVERAGE    64

..........................................................


THE VALENTINE NE CLIMATE NORMALS FOR TODAY
                         NORMAL    RECORD    YEAR
 MAXIMUM TEMPERATURE (F)   73        99      1989
 MINIMUM TEMPERATURE (F)   47        28      2002


SUNRISE AND SUNSET
MAY 23 2015...........SUNRISE   612 AM CDT   SUNSET   906 PM CDT
MAY 24 2015...........SUNRISE   611 AM CDT   SUNSET   907 PM CDT


-  INDICATES NEGATIVE NUMBERS.
R  INDICATES RECORD WAS SET OR TIED.
MM INDICATES DATA IS MISSING.
T  INDICATES TRACE AMOUNT.




$$
