000
CDUS43 KLBF 220910
CLIVTN


CLIMATE REPORT
NATIONAL WEATHER SERVICE NORTH PLATTE
409 AM CDT SAT JUL 22 2017


...................................

...THE VALENTINE NE CLIMATE SUMMARY FOR JULY 21 2017...

CLIMATE NORMAL PERIOD 1981 TO 2010
CLIMATE RECORD PERIOD 1885 TO 2017


WEATHER ITEM   OBSERVED TIME   RECORD YEAR NORMAL DEPARTURE LAST
                VALUE   (LST)  VALUE       VALUE  FROM      YEAR
                                                  NORMAL
..................................................................
TEMPERATURE (F)
 YESTERDAY
  MAXIMUM        104    302 PM 110    2012  89     15       99
  MINIMUM         71    623 AM  46    1988  61     10       69
  AVERAGE         88                        75     13       84

PRECIPITATION (IN)
  YESTERDAY        T             2.20 1904   0.11  -0.11     0.00
  MONTH TO DATE    0.11                      2.21  -2.10     1.36
  SINCE JUN 1      0.64                      5.77  -5.13     5.52
  SINCE JAN 1     10.24                     12.93  -2.69    18.84

SNOWFALL (IN)
  YESTERDAY        0.0           0.0    MM   0.0    0.0      0.0
  MONTH TO DATE    0.0                       0.0    0.0      0.0
  SINCE JUN 1      0.0                       0.0    0.0      0.0
  SINCE JUL 1      0.0                       0.0    0.0      0.0
  SNOW DEPTH       0

DEGREE DAYS
 HEATING
  YESTERDAY        0                         0      0        0
  MONTH TO DATE    0                         2     -2        5
  SINCE JUN 1     16                        63    -47       16
  SINCE JUL 1      0                         2     -2        5

 COOLING
  YESTERDAY       23                        10     13       19
  MONTH TO DATE  366                       198    168      191
  SINCE JUN 1    562                       335    227      428
  SINCE JAN 1    585                       369    216      446
..................................................................


WIND (MPH)
  HIGHEST WIND SPEED    22   HIGHEST WIND DIRECTION     N (340)
  HIGHEST GUST SPEED    33   HIGHEST GUST DIRECTION    NW (330)
  AVERAGE WIND SPEED     7.3


SKY COVER
  POSSIBLE SUNSHINE  MM
  AVERAGE SKY COVER 0.1


WEATHER CONDITIONS
 THE FOLLOWING WEATHER WAS RECORDED YESTERDAY.
  LIGHT RAIN


RELATIVE HUMIDITY (PERCENT)
 HIGHEST    82           300 AM
 LOWEST     21           700 PM
 AVERAGE    52

..........................................................


THE VALENTINE NE CLIMATE NORMALS FOR TODAY
                         NORMAL    RECORD    YEAR
 MAXIMUM TEMPERATURE (F)   89       109      1964
 MINIMUM TEMPERATURE (F)   61        43      1990


SUNRISE AND SUNSET
JULY 22 2017..........SUNRISE   624 AM CDT   SUNSET   913 PM CDT
JULY 23 2017..........SUNRISE   625 AM CDT   SUNSET   912 PM CDT


-  INDICATES NEGATIVE NUMBERS.
R  INDICATES RECORD WAS SET OR TIED.
MM INDICATES DATA IS MISSING.
T  INDICATES TRACE AMOUNT.




$$
