000
CDUS43 KLBF 181032
CLIVTN


CLIMATE REPORT
NATIONAL WEATHER SERVICE NORTH PLATTE
431 AM CST WED JAN 18 2017


...................................

...THE VALENTINE NE CLIMATE SUMMARY FOR JANUARY 17 2017...

CLIMATE NORMAL PERIOD 1981 TO 2010
CLIMATE RECORD PERIOD 1885 TO 2017


WEATHER ITEM   OBSERVED TIME   RECORD YEAR NORMAL DEPARTURE LAST
                VALUE   (LST)  VALUE       VALUE  FROM      YEAR
                                                  NORMAL
..................................................................
TEMPERATURE (F)
 YESTERDAY
  MAXIMUM         53    306 PM  63    1923  37     16        8
  MINIMUM         11    751 AM -30    1930  11      0      -13
  AVERAGE         32                        24      8       -2

PRECIPITATION (IN)
  YESTERDAY        0.00          0.42 1912   0.01  -0.01      T
  MONTH TO DATE    0.12                      0.14  -0.02     0.08
  SINCE DEC 1      1.06                      0.51   0.55     1.12
  SINCE JAN 1      0.12                      0.14  -0.02     0.08

SNOWFALL (IN)
  YESTERDAY        0.0           4.4  1996   0.1   -0.1       T
                                      1912
  MONTH TO DATE    1.2                       2.2   -1.0      1.6
  SINCE DEC 1      6.6                       7.3   -0.7     14.7
  SINCE JUL 1     12.9                      14.9   -2.0     24.8
  SNOW DEPTH       T

DEGREE DAYS
 HEATING
  YESTERDAY       33                        41     -8       67
  MONTH TO DATE  832                       710    122      766
  SINCE DEC 1   2247                      1987    260     1998
  SINCE JUL 1   3353                      3605   -252     3291

 COOLING
  YESTERDAY        0                         0      0        0
  MONTH TO DATE    0                         0      0        0
  SINCE DEC 1      0                         0      0        0
  SINCE JAN 1      0                         0      0        0
..................................................................


WIND (MPH)
  HIGHEST WIND SPEED    18   HIGHEST WIND DIRECTION    SW (240)
  HIGHEST GUST SPEED    22   HIGHEST GUST DIRECTION    SW (240)
  AVERAGE WIND SPEED     8.5


SKY COVER
  POSSIBLE SUNSHINE  MM
  AVERAGE SKY COVER 0.0


WEATHER CONDITIONS
 THE FOLLOWING WEATHER WAS RECORDED YESTERDAY.
  NO SIGNIFICANT WEATHER WAS OBSERVED.


RELATIVE HUMIDITY (PERCENT)
 HIGHEST    88           200 AM
 LOWEST     18           300 PM
 AVERAGE    53

..........................................................


THE VALENTINE NE CLIMATE NORMALS FOR TODAY
                         NORMAL    RECORD    YEAR
 MAXIMUM TEMPERATURE (F)   37        63      1914
 MINIMUM TEMPERATURE (F)   11       -24      1892


SUNRISE AND SUNSET
JANUARY 18 2017.......SUNRISE   808 AM CST   SUNSET   537 PM CST
JANUARY 19 2017.......SUNRISE   808 AM CST   SUNSET   539 PM CST


-  INDICATES NEGATIVE NUMBERS.
R  INDICATES RECORD WAS SET OR TIED.
MM INDICATES DATA IS MISSING.
T  INDICATES TRACE AMOUNT.




$$
