000
CDUS43 KLBF 272110
CLIVTN


CLIMATE REPORT
NATIONAL WEATHER SERVICE NORTH PLATTE
408 PM CDT SAT MAY 27 2017


...................................

...THE VALENTINE NE CLIMATE SUMMARY FOR MAY 27 2017...
VALID TODAY AS OF 0400 PM LOCAL TIME.

CLIMATE NORMAL PERIOD 1981 TO 2010
CLIMATE RECORD PERIOD 1885 TO 2017


WEATHER ITEM   OBSERVED TIME   RECORD YEAR NORMAL DEPARTURE LAST
                VALUE   (LST)  VALUE       VALUE  FROM      YEAR
                                                  NORMAL
..................................................................
TEMPERATURE (F)
 TODAY
  MAXIMUM         69    256 PM  98    1969  74     -5       70
  MINIMUM         52    355 AM  30    1907  48      4       54
  AVERAGE         61                        61      0       62

PRECIPITATION (IN)
  TODAY            0.21          1.97 1995   0.11   0.10     0.26
  MONTH TO DATE    5.34                      2.66   2.68     6.38
  SINCE MAR 1      7.46                      5.95   1.51    11.93
  SINCE JAN 1      9.53                      6.69   2.84    12.61

SNOWFALL (IN)
  TODAY            0.0           0.0    MM   0.0    0.0      0.0
  MONTH TO DATE    0.0                       0.1   -0.1      0.0
  SINCE MAR 1      2.7                      11.2   -8.5      7.0
  SINCE JUL 1     44.5                      33.3   11.2     38.2
  SNOW DEPTH       0

DEGREE DAYS
 HEATING
  TODAY            4                         5     -1        3
  MONTH TO DATE  227                       242    -15      245
  SINCE MAR 1   1447                      1689   -242     1457
  SINCE JUL 1   6206                      6925   -719     6143

 COOLING
  TODAY            0                         1     -1        0
  MONTH TO DATE   21                        24     -3       11
  SINCE MAR 1     23                        28     -5       14
  SINCE JAN 1     23                        28     -5       14
..................................................................


WIND (MPH)
  HIGHEST WIND SPEED    13   HIGHEST WIND DIRECTION    NW (310)
  HIGHEST GUST SPEED    17   HIGHEST GUST DIRECTION    NW (300)
  AVERAGE WIND SPEED     5.0


SKY COVER
  POSSIBLE SUNSHINE  MM
  AVERAGE SKY COVER 1.0


WEATHER CONDITIONS
 THE FOLLOWING WEATHER WAS RECORDED TODAY.
  RAIN
  LIGHT RAIN
  FOG


RELATIVE HUMIDITY (PERCENT)
 HIGHEST    89           400 AM
 LOWEST     52           200 PM
 AVERAGE    71

..........................................................


THE VALENTINE NE CLIMATE NORMALS FOR TOMORROW
                         NORMAL    RECORD    YEAR
 MAXIMUM TEMPERATURE (F)   74        99      1934
 MINIMUM TEMPERATURE (F)   48        29      1947


SUNRISE AND SUNSET
MAY 27 2017...........SUNRISE   609 AM CDT   SUNSET   910 PM CDT
MAY 28 2017...........SUNRISE   608 AM CDT   SUNSET   911 PM CDT


-  INDICATES NEGATIVE NUMBERS.
R  INDICATES RECORD WAS SET OR TIED.
MM INDICATES DATA IS MISSING.
T  INDICATES TRACE AMOUNT.




$$
