000
CDUS43 KLBF 040935 RRB
CLIVTN

CLIMATE REPORT
NATIONAL WEATHER SERVICE NORTH PLATTE
423 AM CDT TUE AUG 4 2015


...................................

...THE VALENTINE NE CLIMATE SUMMARY FOR AUGUST 3 2015...

CLIMATE NORMAL PERIOD 1981 TO 2010
CLIMATE RECORD PERIOD 1885 TO 2015


WEATHER ITEM   OBSERVED TIME   RECORD YEAR NORMAL DEPARTURE LAST
                VALUE   (LST)  VALUE       VALUE  FROM      YEAR
                                                  NORMAL
..................................................................
TEMPERATURE (F)
 YESTERDAY
  MAXIMUM         86    226 PM 105    1980  89     -3       91
                                      1955
  MINIMUM         60    503 AM  44    1978  61     -1       56
  AVERAGE         73                        75     -2       74

PRECIPITATION (IN)
  YESTERDAY        0.00          2.75 1988   0.09  -0.09     0.00
  MONTH TO DATE    0.56                      0.28   0.28     0.29
  SINCE JUN 1      7.23                      7.05   0.18     9.50
  SINCE JAN 1     16.62                     14.21   2.41    16.71

SNOWFALL (IN)
  YESTERDAY        0.0           0.0    MM   0.0    0.0      0.0
  MONTH TO DATE    0.0                       0.0    0.0      0.0
  SINCE JUN 1      0.0                       0.0    0.0      0.0
  SINCE JUL 1      0.0                       0.0    0.0      0.0
  SNOW DEPTH       0

DEGREE DAYS
 HEATING
  YESTERDAY        0                         0      0        0
  MONTH TO DATE    0                         0      0        0
  SINCE JUN 1     10                        69    -59       73
  SINCE JUL 1      2                         8     -6       19

 COOLING
  YESTERDAY        8                        10     -2        9
  MONTH TO DATE   26                        30     -4       31
  SINCE JUN 1    438                       471    -33      372
  SINCE JAN 1    444                       505    -61      433
..................................................................


WIND (MPH)
  HIGHEST WIND SPEED    16   HIGHEST WIND DIRECTION     E (100)
  HIGHEST GUST SPEED    23   HIGHEST GUST DIRECTION    SE (150)
  AVERAGE WIND SPEED     9.1


SKY COVER
  POSSIBLE SUNSHINE  MM
  AVERAGE SKY COVER  MM


WEATHER CONDITIONS
 THE FOLLOWING WEATHER WAS RECORDED YESTERDAY.
  NO SIGNIFICANT WEATHER WAS OBSERVED.


RELATIVE HUMIDITY (PERCENT)
 HIGHEST    MM
 LOWEST     MM
 AVERAGE    MM

..........................................................


THE VALENTINE NE CLIMATE NORMALS FOR TODAY
                         NORMAL    RECORD    YEAR
 MAXIMUM TEMPERATURE (F)   89       107      1934
 MINIMUM TEMPERATURE (F)   61        38      1974


SUNRISE AND SUNSET
AUGUST  4 2015........SUNRISE   636 AM CDT   SUNSET   900 PM CDT
AUGUST  5 2015........SUNRISE   637 AM CDT   SUNSET   858 PM CDT


-  INDICATES NEGATIVE NUMBERS.
R  INDICATES RECORD WAS SET OR TIED.
MM INDICATES DATA IS MISSING.
T  INDICATES TRACE AMOUNT.




$$
