000
CDUS43 KLBF 011038
CLIVTN

CLIMATE REPORT
NATIONAL WEATHER SERVICE NORTH PLATTE
437 AM CST SUN MAR 1 2015


...................................

...THE VALENTINE NE CLIMATE SUMMARY FOR FEBRUARY 28 2015...

CLIMATE NORMAL PERIOD 1981 TO 2010
CLIMATE RECORD PERIOD 1885 TO 2015


WEATHER ITEM   OBSERVED TIME   RECORD YEAR NORMAL DEPARTURE LAST
                VALUE   (LST)  VALUE       VALUE  FROM      YEAR
                                                  NORMAL
..................................................................
TEMPERATURE (F)
 YESTERDAY
  MAXIMUM         34    443 PM  76    2006  44    -10       26
  MINIMUM         11    757 AM -27    1962  18     -7        9
  AVERAGE         23                        31     -8       18

PRECIPITATION (IN)
  YESTERDAY        0.00          0.83 2012   0.02  -0.02     0.02
  MONTH TO DATE    0.31                      0.48  -0.17     0.62
  SINCE DEC 1      1.52                      1.11   0.41     1.37
  SINCE JAN 1      0.62                      0.74  -0.12     0.66

SNOWFALL (IN)
  YESTERDAY        0.0           5.0  2012   0.2   -0.2      0.5
  MONTH TO DATE    3.1                       5.6   -2.5      7.0
  SINCE DEC 1     15.3                      14.5    0.8     19.7
  SINCE JUL 1     21.7                      22.1   -0.4     26.5
  SNOW DEPTH       T

DEGREE DAYS
 HEATING
  YESTERDAY       42                        34      8       47
  MONTH TO DATE 1089                      1056     33     1278
  SINCE DEC 1   3522                      3618    -96     3919
  SINCE JUL 1   5126                      5236   -110     5478

 COOLING
  YESTERDAY        0                         0      0        0
  MONTH TO DATE    0                         0      0        0
  SINCE DEC 1      0                         0      0        0
  SINCE JAN 1      0                         0      0        0
..................................................................


WIND (MPH)
  HIGHEST WIND SPEED    22   HIGHEST WIND DIRECTION    SW (220)
  HIGHEST GUST SPEED    26   HIGHEST GUST DIRECTION    SW (230)
  AVERAGE WIND SPEED    10.6


SKY COVER
  POSSIBLE SUNSHINE  MM
  AVERAGE SKY COVER 0.2


WEATHER CONDITIONS
 THE FOLLOWING WEATHER WAS RECORDED YESTERDAY.
  NO SIGNIFICANT WEATHER WAS OBSERVED.


RELATIVE HUMIDITY (PERCENT)
 HIGHEST    76           700 AM
 LOWEST     35           500 PM
 AVERAGE    56

..........................................................


THE VALENTINE NE CLIMATE NORMALS FOR TODAY
                         NORMAL    RECORD    YEAR
 MAXIMUM TEMPERATURE (F)   44        74      1992
 MINIMUM TEMPERATURE (F)   18       -29      1980


SUNRISE AND SUNSET
MARCH  1 2015.........SUNRISE   718 AM CST   SUNSET   631 PM CST
MARCH  2 2015.........SUNRISE   717 AM CST   SUNSET   633 PM CST


-  INDICATES NEGATIVE NUMBERS.
R  INDICATES RECORD WAS SET OR TIED.
MM INDICATES DATA IS MISSING.
T  INDICATES TRACE AMOUNT.

$$
