000
CDUS43 KLBF 302236
CLIVTN

CLIMATE REPORT
NATIONAL WEATHER SERVICE NORTH PLATTE
435 PM CST FRI JAN 30 2015

...................................

...THE VALENTINE NE CLIMATE SUMMARY FOR JANUARY 30 2015...
VALID TODAY AS OF 0400 PM LOCAL TIME.

CLIMATE NORMAL PERIOD 1981 TO 2010
CLIMATE RECORD PERIOD 1885 TO 2015


WEATHER ITEM   OBSERVED TIME   RECORD YEAR NORMAL DEPARTURE LAST
                VALUE   (LST)  VALUE       VALUE  FROM      YEAR
                                                  NORMAL
..................................................................
TEMPERATURE (F)
 TODAY
  MAXIMUM         53    348 PM  68    1892  37     16       48
  MINIMUM         18    501 AM -28    1918  12      6       16
  AVERAGE         36                        24     12       32

PRECIPITATION (IN)
  TODAY            0.00          0.35 1971   0.01  -0.01      T
  MONTH TO DATE    0.08                      0.25  -0.17     0.04
  SINCE DEC 1      0.98                      0.62   0.36     0.75
  SINCE JAN 1      0.08                      0.25  -0.17     0.04

SNOWFALL (IN)
  TODAY            0.0           6.7  1971   0.2   -0.2       T
  MONTH TO DATE    1.5                       3.7   -2.2      0.5
  SINCE DEC 1     10.2                       8.8    1.4     12.7
  SINCE JUL 1     16.6                      16.4    0.2     19.5
  SNOW DEPTH       0

DEGREE DAYS
 HEATING
  TODAY           29                        41    -12       33
  MONTH TO DATE 1187                      1243    -56     1165
  SINCE DEC 1   2389                      2520   -131     2598
  SINCE JUL 1   3993                      4138   -145     4157

 COOLING
  TODAY            0                         0      0        0
  MONTH TO DATE    0                         0      0        0
  SINCE DEC 1      0                         0      0        0
  SINCE JAN 1      0                         0      0        0
..................................................................


WIND (MPH)
  HIGHEST WIND SPEED    24   HIGHEST WIND DIRECTION    SW (210)
  HIGHEST GUST SPEED    29   HIGHEST GUST DIRECTION    SW (210)
  AVERAGE WIND SPEED     8.1


SKY COVER
  POSSIBLE SUNSHINE  MM
  AVERAGE SKY COVER 0.0


WEATHER CONDITIONS
 THE FOLLOWING WEATHER WAS RECORDED TODAY.
  NO SIGNIFICANT WEATHER WAS OBSERVED.


RELATIVE HUMIDITY (PERCENT)
 HIGHEST    92           500 AM
 LOWEST     32           300 PM
 AVERAGE    62

..........................................................


THE VALENTINE NE CLIMATE NORMALS FOR TOMORROW
                         NORMAL    RECORD    YEAR
 MAXIMUM TEMPERATURE (F)   37        70      1989
 MINIMUM TEMPERATURE (F)   12       -25      1980


SUNRISE AND SUNSET
JANUARY 30 2015.......SUNRISE   759 AM CST   SUNSET   552 PM CST
JANUARY 31 2015.......SUNRISE   758 AM CST   SUNSET   554 PM CST


-  INDICATES NEGATIVE NUMBERS.
R  INDICATES RECORD WAS SET OR TIED.
MM INDICATES DATA IS MISSING.
T  INDICATES TRACE AMOUNT.

$$
