000
CDUS43 KLBF 290929
CLIVTN

CLIMATE REPORT
NATIONAL WEATHER SERVICE NORTH PLATTE
428 AM CDT FRI AUG 29 2014

...................................

...THE VALENTINE NE CLIMATE SUMMARY FOR AUGUST 28 2014...

CLIMATE NORMAL PERIOD 1981 TO 2010
CLIMATE RECORD PERIOD 1885 TO 2014


WEATHER ITEM   OBSERVED TIME   RECORD YEAR NORMAL DEPARTURE LAST
                VALUE   (LST)  VALUE       VALUE  FROM      YEAR
                                                  NORMAL
..................................................................
TEMPERATURE (F)
 YESTERDAY
  MAXIMUM         78    414 PM 106    2012  85     -7       96
  MINIMUM         62    757 PM  34    1988  56      6       64
  AVERAGE         70                        70      0       80

PRECIPITATION (IN)
  YESTERDAY        0.21          0.92 1920   0.05   0.16     0.00
  MONTH TO DATE    2.41                      2.03   0.38     2.00
  SINCE JUN 1     11.62                      8.80   2.82     8.23
  SINCE JAN 1     18.83                     15.96   2.87    17.63

SNOWFALL (IN)
  YESTERDAY        0.0           0.0    MM   0.0    0.0      0.0
  MONTH TO DATE    0.0                       0.0    0.0      0.0
  SINCE JUN 1      0.0                       0.0    0.0      0.0
  SINCE JUL 1      0.0                       0.0    0.0      0.0
  SNOW DEPTH       0

DEGREE DAYS
 HEATING
  YESTERDAY        0                         1     -1        0
  MONTH TO DATE    2                         9     -7        0
  SINCE JUN 1     75                        78     -3       57
  SINCE JUL 1     21                        17      4        3

 COOLING
  YESTERDAY        5                         7     -2       15
  MONTH TO DATE  223                       242    -19      270
  SINCE JUN 1    564                       683   -119      708
  SINCE JAN 1    625                       717    -92      747
..................................................................


WIND (MPH)
  HIGHEST WIND SPEED    28   HIGHEST WIND DIRECTION     N (340)
  HIGHEST GUST SPEED    35   HIGHEST GUST DIRECTION    NW (330)
  AVERAGE WIND SPEED     7.2


SKY COVER
  POSSIBLE SUNSHINE  MM
  AVERAGE SKY COVER 0.8


WEATHER CONDITIONS
 THE FOLLOWING WEATHER WAS RECORDED YESTERDAY.
  THUNDERSTORM
  HEAVY RAIN
  RAIN
  LIGHT RAIN
  FOG


RELATIVE HUMIDITY (PERCENT)
 HIGHEST   100           200 AM
 LOWEST     64           400 PM
 AVERAGE    82

..........................................................


THE VALENTINE NE CLIMATE NORMALS FOR TODAY
                         NORMAL    RECORD    YEAR
 MAXIMUM TEMPERATURE (F)   85       108      2012
 MINIMUM TEMPERATURE (F)   55        39      1988


SUNRISE AND SUNSET
AUGUST 29 2014........SUNRISE   704 AM CDT   SUNSET   822 PM CDT
AUGUST 30 2014........SUNRISE   705 AM CDT   SUNSET   820 PM CDT


-  INDICATES NEGATIVE NUMBERS.
R  INDICATES RECORD WAS SET OR TIED.
MM INDICATES DATA IS MISSING.
T  INDICATES TRACE AMOUNT.

$$
