000
CDUS43 KLBF 162241
CLIVTN


CLIMATE REPORT
NATIONAL WEATHER SERVICE NORTH PLATTE
437 PM CST TUE JAN 16 2018


...................................

...THE VALENTINE NE CLIMATE SUMMARY FOR JANUARY 16 2018...
VALID TODAY AS OF 0400 PM LOCAL TIME.

CLIMATE NORMAL PERIOD 1981 TO 2010
CLIMATE RECORD PERIOD 1885 TO 2018


WEATHER ITEM   OBSERVED TIME   RECORD YEAR NORMAL DEPARTURE LAST
                VALUE   (LST)  VALUE       VALUE  FROM      YEAR
                                                  NORMAL
..................................................................
TEMPERATURE (F)
 TODAY
  MAXIMUM         20    425 PM  70    1974  37    -17       37
  MINIMUM        -10    810 AM -22    1890  11    -21       18
  AVERAGE          5                        24    -19       28

PRECIPITATION (IN)
  TODAY            0.00          0.28 1897   0.00   0.00     0.00
  MONTH TO DATE    0.27                      0.13   0.14     0.10
  SINCE DEC 1      0.61                      0.50   0.11     1.04
  SINCE JAN 1      0.27                      0.13   0.14     0.10

SNOWFALL (IN)
  TODAY            0.0           2.8  1897   0.1   -0.1      0.0
  MONTH TO DATE    1.2                       2.1   -0.9      1.2
  SINCE DEC 1      5.7                       7.2   -1.5      6.6
  SINCE JUL 1      7.0                      14.8   -7.8     12.9
  SNOW DEPTH       1

DEGREE DAYS
 HEATING
  TODAY           60                        41     19       37
  MONTH TO DATE  746                       669     77      785
  SINCE DEC 1   1974                      1946     28     2200
  SINCE JUL 1   3273                      3564   -291     3306

 COOLING
  TODAY            0                         0      0        0
  MONTH TO DATE    0                         0      0        0
  SINCE DEC 1      0                         0      0        0
  SINCE JAN 1      0                         0      0        0
..................................................................


WIND (MPH)
  HIGHEST WIND SPEED    13   HIGHEST WIND DIRECTION     S (200)
  HIGHEST GUST SPEED    20   HIGHEST GUST DIRECTION    NW (320)
  AVERAGE WIND SPEED     9.1


SKY COVER
  POSSIBLE SUNSHINE  MM
  AVERAGE SKY COVER 0.0


WEATHER CONDITIONS
 THE FOLLOWING WEATHER WAS RECORDED TODAY.
  NO SIGNIFICANT WEATHER WAS OBSERVED.


RELATIVE HUMIDITY (PERCENT)
 HIGHEST    72           600 AM
 LOWEST     45           300 PM
 AVERAGE    59

..........................................................


THE VALENTINE NE CLIMATE NORMALS FOR TOMORROW
                         NORMAL    RECORD    YEAR
 MAXIMUM TEMPERATURE (F)   37        63      1923
 MINIMUM TEMPERATURE (F)   11       -30      1930


SUNRISE AND SUNSET
JANUARY 16 2018.......SUNRISE   810 AM CST   SUNSET   535 PM CST
JANUARY 17 2018.......SUNRISE   809 AM CST   SUNSET   536 PM CST


-  INDICATES NEGATIVE NUMBERS.
R  INDICATES RECORD WAS SET OR TIED.
MM INDICATES DATA IS MISSING.
T  INDICATES TRACE AMOUNT.




$$
