000
CDUS43 KLBF 101028
CLIVTN


CLIMATE REPORT
NATIONAL WEATHER SERVICE NORTH PLATTE
426 AM CST WED FEB 10 2016


...................................

...THE VALENTINE NE CLIMATE SUMMARY FOR FEBRUARY 9 2016...

CLIMATE NORMAL PERIOD 1981 TO 2010
CLIMATE RECORD PERIOD 1885 TO 2016


WEATHER ITEM   OBSERVED TIME   RECORD YEAR NORMAL DEPARTURE LAST
                VALUE   (LST)  VALUE       VALUE  FROM      YEAR
                                                  NORMAL
..................................................................
TEMPERATURE (F)
 YESTERDAY
  MAXIMUM         40    525 PM  70    1996  38      2       56
  MINIMUM         22    900 AM -31    1994  13      9       24
  AVERAGE         31                        26      5       40

PRECIPITATION (IN)
  YESTERDAY        T             0.62 1897   0.02  -0.02     0.00
  MONTH TO DATE    0.05                      0.12  -0.07     0.16
  SINCE DEC 1      1.61                      0.75   0.86     1.37
  SINCE JAN 1      0.57                      0.38   0.19     0.47

SNOWFALL (IN)
  YESTERDAY        T             6.4  1944   0.2   -0.2      0.0
  MONTH TO DATE    1.0                       1.5   -0.5      1.5
  SINCE DEC 1     21.1                      10.4   10.7     13.7
  SINCE JUL 1     31.2                      18.0   13.2     20.1
  SNOW DEPTH       T

DEGREE DAYS
 HEATING
  YESTERDAY       34                        39     -5       25
  MONTH TO DATE  330                       358    -28      313
  SINCE DEC 1   2867                      2918    -51     2746
  SINCE JUL 1   4160                      4536   -376     4350

 COOLING
  YESTERDAY        0                         0      0        0
  MONTH TO DATE    0                         0      0        0
  SINCE DEC 1      0                         0      0        0
  SINCE JAN 1      0                         0      0        0
..................................................................


WIND (MPH)
  HIGHEST WIND SPEED    18   HIGHEST WIND DIRECTION     N (350)
  HIGHEST GUST SPEED    24   HIGHEST GUST DIRECTION     N (360)
  AVERAGE WIND SPEED     7.5


SKY COVER
  POSSIBLE SUNSHINE  MM
  AVERAGE SKY COVER 1.0


WEATHER CONDITIONS
 THE FOLLOWING WEATHER WAS RECORDED YESTERDAY.
  LIGHT SNOW


RELATIVE HUMIDITY (PERCENT)
 HIGHEST    85          1100 PM
 LOWEST     50           100 PM
 AVERAGE    68

..........................................................


THE VALENTINE NE CLIMATE NORMALS FOR TODAY
                         NORMAL    RECORD    YEAR
 MAXIMUM TEMPERATURE (F)   39        73      1962
 MINIMUM TEMPERATURE (F)   13       -25      1981


SUNRISE AND SUNSET
FEBRUARY 10 2016......SUNRISE   747 AM CST   SUNSET   607 PM CST
FEBRUARY 11 2016......SUNRISE   745 AM CST   SUNSET   608 PM CST


-  INDICATES NEGATIVE NUMBERS.
R  INDICATES RECORD WAS SET OR TIED.
MM INDICATES DATA IS MISSING.
T  INDICATES TRACE AMOUNT.

$$
