000
CDUS43 KLBF 302248 RRA
CLIVTN

CLIMATE REPORT
NATIONAL WEATHER SERVICE NORTH PLATTE
548 PM CDT SUN AUG 30 2015


...................................

...THE VALENTINE NE CLIMATE SUMMARY FOR AUGUST 30 2015...
VALID TODAY AS OF 0500 PM LOCAL TIME.

CLIMATE NORMAL PERIOD 1981 TO 2010
CLIMATE RECORD PERIOD 1885 TO 2015


WEATHER ITEM   OBSERVED TIME   RECORD YEAR NORMAL DEPARTURE LAST
                VALUE   (LST)  VALUE       VALUE  FROM      YEAR
                                                  NORMAL
..................................................................
TEMPERATURE (F)
 TODAY
  MAXIMUM         96    337 PM 102    2000  84     12       86
                                      1981
                                      1948
  MINIMUM         61    719 AM  34    1935  55      6       51
  AVERAGE         79                        70      9       69

PRECIPITATION (IN)
  TODAY            0.00          1.12 1951   0.04  -0.04     0.00
  MONTH TO DATE    1.89                      2.13  -0.24     2.41
  SINCE JUN 1      8.56                      8.90  -0.34    11.62
  SINCE JAN 1     17.95                     16.06   1.89    18.83

SNOWFALL (IN)
  TODAY            0.0           0.0    MM   0.0    0.0      0.0
  MONTH TO DATE    0.0                       0.0    0.0      0.0
  SINCE JUN 1      0.0                       0.0    0.0      0.0
  SINCE JUL 1      0.0                       0.0    0.0      0.0
  SNOW DEPTH       0

DEGREE DAYS
 HEATING
  TODAY            0                         2     -2        0
  MONTH TO DATE   29                        12     17        2
  SINCE JUN 1     39                        81    -42       75
  SINCE JUL 1     31                        20     11       21

 COOLING
  TODAY           14                         6      8        4
  MONTH TO DATE  231                       254    -23      232
  SINCE JUN 1    643                       695    -52      573
  SINCE JAN 1    649                       729    -80      634
..................................................................


WIND (MPH)
  HIGHEST WIND SPEED    33   HIGHEST WIND DIRECTION     S (200)
  HIGHEST GUST SPEED    40   HIGHEST GUST DIRECTION     S (170)
  AVERAGE WIND SPEED    16.2


SKY COVER
  POSSIBLE SUNSHINE  MM
  AVERAGE SKY COVER 0.4


WEATHER CONDITIONS
 THE FOLLOWING WEATHER WAS RECORDED TODAY.
  NO SIGNIFICANT WEATHER WAS OBSERVED.


RELATIVE HUMIDITY (PERCENT)
 HIGHEST    78           600 AM
 LOWEST     16           300 PM
 AVERAGE    47

..........................................................


THE VALENTINE NE CLIMATE NORMALS FOR TOMORROW
                         NORMAL    RECORD    YEAR
 MAXIMUM TEMPERATURE (F)   84       103      1960
 MINIMUM TEMPERATURE (F)   55        37      1993
                                             1965


SUNRISE AND SUNSET
AUGUST 30 2015........SUNRISE   704 AM CDT   SUNSET   821 PM CDT
AUGUST 31 2015........SUNRISE   705 AM CDT   SUNSET   819 PM CDT


-  INDICATES NEGATIVE NUMBERS.
R  INDICATES RECORD WAS SET OR TIED.
MM INDICATES DATA IS MISSING.
T  INDICATES TRACE AMOUNT.




$$
