000
CDUS43 KLBF 191033
CLIVTN


CLIMATE REPORT
NATIONAL WEATHER SERVICE NORTH PLATTE
431 AM CST SUN FEB 19 2017


...................................

...THE VALENTINE NE CLIMATE SUMMARY FOR FEBRUARY 18 2017...

CLIMATE NORMAL PERIOD 1981 TO 2010
CLIMATE RECORD PERIOD 1885 TO 2017


WEATHER ITEM   OBSERVED TIME   RECORD YEAR NORMAL DEPARTURE LAST
                VALUE   (LST)  VALUE       VALUE  FROM      YEAR
                                                  NORMAL
..................................................................
TEMPERATURE (F)
 YESTERDAY
  MAXIMUM         63    412 PM  78    2016  41     22       78
  MINIMUM         23    655 AM -26    2006  15      8       38
  AVERAGE         43                        28     15       58

PRECIPITATION (IN)
  YESTERDAY        0.00          0.88 1901   0.02  -0.02      T
  MONTH TO DATE    0.52                      0.26   0.26     0.13
  SINCE DEC 1      2.37                      0.89   1.48     1.69
  SINCE JAN 1      1.43                      0.52   0.91     0.65

SNOWFALL (IN)
  YESTERDAY        0.0           9.0  1901   0.2   -0.2      0.0
  MONTH TO DATE    6.4                       3.3    3.1      1.0
  SINCE DEC 1     23.3                      12.2   11.1     21.1
  SINCE JUL 1     29.6                      19.8    9.8     31.2
  SNOW DEPTH       0

DEGREE DAYS
 HEATING
  YESTERDAY       22                        37    -15        7
  MONTH TO DATE  612                       701    -89      561
  SINCE DEC 1   3330                      3261     69     3098
  SINCE JUL 1   4436                      4879   -443     4391

 COOLING
  YESTERDAY        0                         0      0        0
  MONTH TO DATE    0                         0      0        0
  SINCE DEC 1      0                         0      0        0
  SINCE JAN 1      0                         0      0        0
..................................................................


WIND (MPH)
  HIGHEST WIND SPEED    25   HIGHEST WIND DIRECTION     S (170)
  HIGHEST GUST SPEED    29   HIGHEST GUST DIRECTION     S (190)
  AVERAGE WIND SPEED     9.0


SKY COVER
  POSSIBLE SUNSHINE  MM
  AVERAGE SKY COVER 0.0


WEATHER CONDITIONS
 THE FOLLOWING WEATHER WAS RECORDED YESTERDAY.
  NO SIGNIFICANT WEATHER WAS OBSERVED.


RELATIVE HUMIDITY (PERCENT)
 HIGHEST    88           600 AM
 LOWEST     23           200 PM
 AVERAGE    56

..........................................................


THE VALENTINE NE CLIMATE NORMALS FOR TODAY
                         NORMAL    RECORD    YEAR
 MAXIMUM TEMPERATURE (F)   41        69      1930
 MINIMUM TEMPERATURE (F)   15       -24      1936


SUNRISE AND SUNSET
FEBRUARY 19 2017......SUNRISE   733 AM CST   SUNSET   619 PM CST
FEBRUARY 20 2017......SUNRISE   732 AM CST   SUNSET   621 PM CST


-  INDICATES NEGATIVE NUMBERS.
R  INDICATES RECORD WAS SET OR TIED.
MM INDICATES DATA IS MISSING.
T  INDICATES TRACE AMOUNT.




$$
