000
CDUS43 KLBF 200858
CLIVTN


CLIMATE REPORT
NATIONAL WEATHER SERVICE NORTH PLATTE
357 AM CDT WED SEP 20 2017


...................................

...THE VALENTINE NE CLIMATE SUMMARY FOR SEPTEMBER 19 2017...

CLIMATE NORMAL PERIOD 1981 TO 2010
CLIMATE RECORD PERIOD 1885 TO 2017


WEATHER ITEM   OBSERVED TIME   RECORD YEAR NORMAL DEPARTURE LAST
                VALUE   (LST)  VALUE       VALUE  FROM      YEAR
                                                  NORMAL
..................................................................
TEMPERATURE (F)
 YESTERDAY
  MAXIMUM         86    520 PM 100    1984  76     10       82
  MINIMUM         57   1159 PM  17    1991  46     11       50
  AVERAGE         72                        61     11       66

PRECIPITATION (IN)
  YESTERDAY        0.00          1.54 1996   0.05  -0.05     0.00
  MONTH TO DATE    0.79                      1.03  -0.24     1.36
  SINCE SEP 1      0.79                      1.03  -0.24     1.36
  SINCE JAN 1     13.97                     17.14  -3.17    23.29

SNOWFALL (IN)
  YESTERDAY        0.0           T    1983   0.0    0.0      0.0
  MONTH TO DATE    0.0                       0.2   -0.2      0.0
  SINCE SEP 1      0.0                       0.2   -0.2      0.0
  SINCE JUL 1      0.0                       0.2   -0.2      0.0
  SNOW DEPTH       0

DEGREE DAYS
 HEATING
  YESTERDAY        0                         6     -6        0
  MONTH TO DATE   44                        69    -25       51
  SINCE SEP 1     44                        69    -25       51
  SINCE JUL 1     51                        94    -43       79

 COOLING
  YESTERDAY        7                         2      5        1
  MONTH TO DATE  117                        70     47       49
  SINCE SEP 1    117                        70     47       49
  SINCE JAN 1   1051                       806    245      846
..................................................................


WIND (MPH)
  HIGHEST WIND SPEED    29   HIGHEST WIND DIRECTION    NW (320)
  HIGHEST GUST SPEED    39   HIGHEST GUST DIRECTION    NW (320)
  AVERAGE WIND SPEED    14.0


SKY COVER
  POSSIBLE SUNSHINE  MM
  AVERAGE SKY COVER 0.1


WEATHER CONDITIONS
 THE FOLLOWING WEATHER WAS RECORDED YESTERDAY.
  NO SIGNIFICANT WEATHER WAS OBSERVED.


RELATIVE HUMIDITY (PERCENT)
 HIGHEST    90           500 AM
 LOWEST     38           700 PM
 AVERAGE    64

..........................................................


THE VALENTINE NE CLIMATE NORMALS FOR TODAY
                         NORMAL    RECORD    YEAR
 MAXIMUM TEMPERATURE (F)   75        99      2010
 MINIMUM TEMPERATURE (F)   45        26      1918


SUNRISE AND SUNSET
SEPTEMBER 20 2017.....SUNRISE   728 AM CDT   SUNSET   743 PM CDT
SEPTEMBER 21 2017.....SUNRISE   729 AM CDT   SUNSET   741 PM CDT


-  INDICATES NEGATIVE NUMBERS.
R  INDICATES RECORD WAS SET OR TIED.
MM INDICATES DATA IS MISSING.
T  INDICATES TRACE AMOUNT.




$$
