386
CDUS46 KPQR 271142
CLIVUO


CLIMATE REPORT
NATIONAL WEATHER SERVICE PORTLAND OREGON
441 AM PDT WED JUL 27 2016


...................................

...THE VANCOUVER WA CLIMATE SUMMARY FOR JULY 26 2016...

CLIMATE NORMAL PERIOD 1981 TO 2010
CLIMATE RECORD PERIOD 1891 TO 2016


WEATHER ITEM   OBSERVED TIME   RECORD YEAR NORMAL DEPARTURE LAST
                VALUE   (LST)  VALUE       VALUE  FROM      YEAR
                                                  NORMAL
..................................................................
TEMPERATURE (F)
 YESTERDAY
  MAXIMUM         83    424 PM  99    1998  82      1       72
  MINIMUM         60    548 AM  44    1908  58      2       55
  AVERAGE         72                        70      2       64

PRECIPITATION (IN)
  YESTERDAY        0.00                      0.02  -0.02     0.07
  MONTH TO DATE    0.43                      0.63  -0.20     0.27
  SINCE OCT 1     45.23                     36.75   8.48    30.22
  SINCE JAN 1     21.38                     21.00   0.38    15.33

DEGREE DAYS
 HEATING
  YESTERDAY        0                                         1
  MONTH TO DATE   11                                         3
  SINCE JUL 1     11                                         3

 COOLING
  YESTERDAY        7                                         0
  MONTH TO DATE   67                                       201
  SINCE JAN 1    172                                       379
..................................................................


WIND (MPH)
  HIGHEST WIND SPEED    14   HIGHEST WIND DIRECTION    NW (300)
  HIGHEST GUST SPEED    19   HIGHEST GUST DIRECTION    NW (300)
  AVERAGE WIND SPEED     6.6


SKY COVER
  POSSIBLE SUNSHINE  MM
  AVERAGE SKY COVER 0.2


WEATHER CONDITIONS
 THE FOLLOWING WEATHER WAS RECORDED YESTERDAY.
  NO SIGNIFICANT WEATHER WAS OBSERVED.


RELATIVE HUMIDITY (PERCENT)
 HIGHEST    84           300 AM
 LOWEST     43           400 PM
 AVERAGE    64

..........................................................




SUNRISE AND SUNSET
JULY 27 2016..........SUNRISE   549 AM PDT   SUNSET   844 PM PDT
JULY 28 2016..........SUNRISE   550 AM PDT   SUNSET   843 PM PDT


-  INDICATES NEGATIVE NUMBERS.
R  INDICATES RECORD WAS SET OR TIED.
MM INDICATES DATA IS MISSING.
T  INDICATES TRACE AMOUNT.




$$
