000
CDUS46 KPQR 201141
CLIVUO


CLIMATE REPORT
NATIONAL WEATHER SERVICE PORTLAND OREGON
440 AM PDT WED AUG 20 2014


...................................

...THE VANCOUVER WA CLIMATE SUMMARY FOR AUGUST 19 2014...

CLIMATE NORMAL PERIOD 1981 TO 2010
CLIMATE RECORD PERIOD 1891 TO 2014


WEATHER ITEM   OBSERVED TIME   RECORD YEAR NORMAL DEPARTURE LAST
                VALUE   (LST)  VALUE       VALUE  FROM      YEAR
                                                  NORMAL
..................................................................
TEMPERATURE (F)
 YESTERDAY
  MAXIMUM         84    340 PM  98    2009  82      2       83
  MINIMUM         62    515 AM  40    1916  57      5       57
  AVERAGE         73                        69      4       70

PRECIPITATION (IN)
  YESTERDAY        0.00                      0.03  -0.03     0.00
  MONTH TO DATE    0.02                      0.37  -0.35     0.04
  SINCE OCT 1     27.74                     37.18  -9.44    34.28
  SINCE JAN 1     22.27                     21.43   0.84    15.02

DEGREE DAYS
 HEATING
  YESTERDAY        0                                         0
  MONTH TO DATE    0                                         3
  SINCE JUL 1      3                                        12

 COOLING
  YESTERDAY        8                                         5
  MONTH TO DATE  161                                       104
  SINCE JAN 1    393                                       308
..................................................................


WIND (MPH)
  HIGHEST WIND SPEED    17   HIGHEST WIND DIRECTION    NW (310)
  HIGHEST GUST SPEED    24   HIGHEST GUST DIRECTION    NW (300)
  AVERAGE WIND SPEED     5.5


SKY COVER
  POSSIBLE SUNSHINE  MM
  AVERAGE SKY COVER 0.0


WEATHER CONDITIONS
 THE FOLLOWING WEATHER WAS RECORDED YESTERDAY.
  NO SIGNIFICANT WEATHER WAS OBSERVED.


RELATIVE HUMIDITY (PERCENT)
 HIGHEST    78           300 AM
 LOWEST     40           100 PM
 AVERAGE    59

..........................................................




SUNRISE AND SUNSET
AUGUST 20 2014........SUNRISE   617 AM PDT   SUNSET   810 PM PDT
AUGUST 21 2014........SUNRISE   618 AM PDT   SUNSET   808 PM PDT


-  INDICATES NEGATIVE NUMBERS.
R  INDICATES RECORD WAS SET OR TIED.
MM INDICATES DATA IS MISSING.
T  INDICATES TRACE AMOUNT.




$$
