000
CDUS46 KPQR 081145
CLIVUO


CLIMATE REPORT
NATIONAL WEATHER SERVICE PORTLAND OREGON
344 AM PST THU DEC 8 2016


...................................

...THE VANCOUVER WA CLIMATE SUMMARY FOR DECEMBER 7 2016...

CLIMATE NORMAL PERIOD 1981 TO 2010
CLIMATE RECORD PERIOD 1891 TO 2016


WEATHER ITEM   OBSERVED TIME   RECORD YEAR NORMAL DEPARTURE LAST
                VALUE   (LST)  VALUE       VALUE  FROM      YEAR
                                                  NORMAL
..................................................................
TEMPERATURE (F)
 YESTERDAY
  MAXIMUM         40   1258 PM  64    1938  48     -8       62
  MINIMUM         27   1241 AM   9    1972  35     -8       45
  AVERAGE         34                        41     -7       54

PRECIPITATION (IN)
  YESTERDAY        0.00                      0.20  -0.20     2.39
  MONTH TO DATE    1.10                      1.39  -0.29     5.31
  SINCE OCT 1     16.20                     10.37   5.83    13.13
  SINCE JAN 1     38.93                     33.76   5.17    30.24

DEGREE DAYS
 HEATING
  YESTERDAY       31                                        11
  MONTH TO DATE  174                                       138
  SINCE JUL 1    962                                      1070

 COOLING
  YESTERDAY        0                                         0
  MONTH TO DATE    0                                         0
  SINCE JAN 1    407                                       660
..................................................................


WIND (MPH)
  HIGHEST WIND SPEED    22   HIGHEST WIND DIRECTION     E (80)
  HIGHEST GUST SPEED    32   HIGHEST GUST DIRECTION     E (90)
  AVERAGE WIND SPEED     8.8


SKY COVER
  POSSIBLE SUNSHINE  MM
  AVERAGE SKY COVER 0.3


WEATHER CONDITIONS
 THE FOLLOWING WEATHER WAS RECORDED YESTERDAY.
  FOG


RELATIVE HUMIDITY (PERCENT)
 HIGHEST   100           500 AM
 LOWEST     44           400 PM
 AVERAGE    72

..........................................................




SUNRISE AND SUNSET
DECEMBER  8 2016......SUNRISE   739 AM PST   SUNSET   427 PM PST
DECEMBER  9 2016......SUNRISE   740 AM PST   SUNSET   427 PM PST


-  INDICATES NEGATIVE NUMBERS.
R  INDICATES RECORD WAS SET OR TIED.
MM INDICATES DATA IS MISSING.
T  INDICATES TRACE AMOUNT.




$$
