000
CDUS46 KPQR 191142
CLIVUO


CLIMATE REPORT
NATIONAL WEATHER SERVICE PORTLAND OREGON
441 AM PDT SAT APR 19 2014


...................................

...THE VANCOUVER WA CLIMATE SUMMARY FOR APRIL 18 2014...

CLIMATE NORMAL PERIOD 1981 TO 2010
CLIMATE RECORD PERIOD 1891 TO 2014


WEATHER ITEM   OBSERVED TIME   RECORD YEAR NORMAL DEPARTURE LAST
                VALUE   (LST)  VALUE       VALUE  FROM      YEAR
                                                  NORMAL
..................................................................
TEMPERATURE (F)
 YESTERDAY
  MAXIMUM         59    539 PM  85    1934  62     -3       60
  MINIMUM         36    546 AM  30    1909  43     -7       47
  AVERAGE         48                        52     -4       54

PRECIPITATION (IN)
  YESTERDAY        0.00                      0.10  -0.10     0.08
  MONTH TO DATE    1.24                      1.85  -0.61     1.69
  SINCE OCT 1     20.12                     30.70 -10.58    27.09
  SINCE JAN 1     14.65                     14.95  -0.30     7.83

DEGREE DAYS
 HEATING
  YESTERDAY       17                                        11
  MONTH TO DATE  217                                       263
  SINCE JUL 1   4199                                      3826

 COOLING
  YESTERDAY        0                                         0
  MONTH TO DATE    0                                         0
  SINCE JAN 1      0                                         0
..................................................................


WIND (MPH)
  HIGHEST WIND SPEED    12   HIGHEST WIND DIRECTION     W (270)
  HIGHEST GUST SPEED    14   HIGHEST GUST DIRECTION     W (280)
  AVERAGE WIND SPEED     3.1


SKY COVER
  POSSIBLE SUNSHINE  MM
  AVERAGE SKY COVER 0.1


WEATHER CONDITIONS
 THE FOLLOWING WEATHER WAS RECORDED YESTERDAY.
  FOG


RELATIVE HUMIDITY (PERCENT)
 HIGHEST    93           100 AM
 LOWEST     40           300 PM
 AVERAGE    67

..........................................................




SUNRISE AND SUNSET
APRIL 19 2014.........SUNRISE   618 AM PDT   SUNSET   802 PM PDT
APRIL 20 2014.........SUNRISE   616 AM PDT   SUNSET   804 PM PDT


-  INDICATES NEGATIVE NUMBERS.
R  INDICATES RECORD WAS SET OR TIED.
MM INDICATES DATA IS MISSING.
T  INDICATES TRACE AMOUNT.




$$
