000
CDUS46 KPQR 241141
CLIVUO


CLIMATE REPORT
NATIONAL WEATHER SERVICE PORTLAND OREGON
440 AM PDT THU JUL 24 2014


...................................

...THE VANCOUVER WA CLIMATE SUMMARY FOR JULY 23 2014...

CLIMATE NORMAL PERIOD 1981 TO 2010
CLIMATE RECORD PERIOD 1891 TO 2014


WEATHER ITEM   OBSERVED TIME   RECORD YEAR NORMAL DEPARTURE LAST
                VALUE   (LST)  VALUE       VALUE  FROM      YEAR
                                                  NORMAL
..................................................................
TEMPERATURE (F)
 YESTERDAY
  MAXIMUM         67   1256 AM 103    2004  81    -14       88
  MINIMUM         59    926 AM  46    1917  58      1       58
  AVERAGE         63                        70     -7       73

PRECIPITATION (IN)
  YESTERDAY        0.52                      0.01   0.51     0.00
  MONTH TO DATE    0.81                      0.59   0.22     0.00
  SINCE OCT 1     27.71                     36.71  -9.00    34.24
  SINCE JAN 1     22.24                     20.96   1.28    14.98

DEGREE DAYS
 HEATING
  YESTERDAY        2                                         0
  MONTH TO DATE    2                                         6
  SINCE JUL 1      2                                         6

 COOLING
  YESTERDAY        0                                         8
  MONTH TO DATE  146                                       105
  SINCE JAN 1    177                                       172
..................................................................


WIND (MPH)
  HIGHEST WIND SPEED    16   HIGHEST WIND DIRECTION     W (250)
  HIGHEST GUST SPEED    25   HIGHEST GUST DIRECTION     W (250)
  AVERAGE WIND SPEED     5.4


SKY COVER
  POSSIBLE SUNSHINE  MM
  AVERAGE SKY COVER 0.8


WEATHER CONDITIONS
 THE FOLLOWING WEATHER WAS RECORDED YESTERDAY.
  HEAVY RAIN
  LIGHT RAIN
  FOG


RELATIVE HUMIDITY (PERCENT)
 HIGHEST    93           200 AM
 LOWEST     60           900 PM
 AVERAGE    77

..........................................................




SUNRISE AND SUNSET
JULY 24 2014..........SUNRISE   545 AM PDT   SUNSET   848 PM PDT
JULY 25 2014..........SUNRISE   546 AM PDT   SUNSET   847 PM PDT


-  INDICATES NEGATIVE NUMBERS.
R  INDICATES RECORD WAS SET OR TIED.
MM INDICATES DATA IS MISSING.
T  INDICATES TRACE AMOUNT.




$$
