000
CDUS46 KPQR 301144
CLIVUO


CLIMATE REPORT
NATIONAL WEATHER SERVICE PORTLAND OREGON
443 AM PDT MON MAR 30 2015


...................................

...THE VANCOUVER WA CLIMATE SUMMARY FOR MARCH 29 2015...

CLIMATE NORMAL PERIOD 1981 TO 2010
CLIMATE RECORD PERIOD 1891 TO 2015


WEATHER ITEM   OBSERVED TIME   RECORD YEAR NORMAL DEPARTURE LAST
                VALUE   (LST)  VALUE       VALUE  FROM      YEAR
                                                  NORMAL
..................................................................
TEMPERATURE (F)
 YESTERDAY
  MAXIMUM         68    338 PM  81    1923  59      9       56
  MINIMUM         41    637 AM  25    1977  41      0       46
  AVERAGE         55                        50      5       51

PRECIPITATION (IN)
  YESTERDAY        0.00                      0.10  -0.10     0.42
  MONTH TO DATE    4.67                      3.36   1.31     6.18
  SINCE OCT 1     26.98                     28.64  -1.66    18.54
  SINCE JAN 1     12.09                     12.89  -0.80    13.07

DEGREE DAYS
 HEATING
  YESTERDAY       10                                        14
  MONTH TO DATE  407                                       484
  SINCE JUL 1   3059                                      3947

 COOLING
  YESTERDAY        0                                         0
  MONTH TO DATE    0                                         0
  SINCE JAN 1      0                                         0
..................................................................


WIND (MPH)
  HIGHEST WIND SPEED     7   HIGHEST WIND DIRECTION     W (250)
  HIGHEST GUST SPEED     9   HIGHEST GUST DIRECTION    NW (330)
  AVERAGE WIND SPEED     2.5


SKY COVER
  POSSIBLE SUNSHINE  MM
  AVERAGE SKY COVER 0.2


WEATHER CONDITIONS
 THE FOLLOWING WEATHER WAS RECORDED YESTERDAY.
  NO SIGNIFICANT WEATHER WAS OBSERVED.


RELATIVE HUMIDITY (PERCENT)
 HIGHEST    92           700 AM
 LOWEST     37           200 PM
 AVERAGE    65

..........................................................




SUNRISE AND SUNSET
MARCH 30 2015.........SUNRISE   655 AM PDT   SUNSET   736 PM PDT
MARCH 31 2015.........SUNRISE   653 AM PDT   SUNSET   737 PM PDT


-  INDICATES NEGATIVE NUMBERS.
R  INDICATES RECORD WAS SET OR TIED.
MM INDICATES DATA IS MISSING.
T  INDICATES TRACE AMOUNT.




$$
