000
CDUS46 KPQR 211146
CLIVUO


CLIMATE REPORT
NATIONAL WEATHER SERVICE PORTLAND OREGON
445 AM PDT TUE OCT 21 2014


...................................

...THE VANCOUVER WA CLIMATE SUMMARY FOR OCTOBER 20 2014...

CLIMATE NORMAL PERIOD 1981 TO 2010
CLIMATE RECORD PERIOD 1891 TO 2014


WEATHER ITEM   OBSERVED TIME   RECORD YEAR NORMAL DEPARTURE LAST
                VALUE   (LST)  VALUE       VALUE  FROM      YEAR
                                                  NORMAL
..................................................................
TEMPERATURE (F)
 YESTERDAY
  MAXIMUM         63    212 PM  82    2012  62      1       61
  MINIMUM         55   1002 PM  29    1949  43     12       41
  AVERAGE         59                        52      7       51

PRECIPITATION (IN)
  YESTERDAY        0.15                      0.11   0.04     0.00
  MONTH TO DATE    1.32                      1.84  -0.52     0.79
  SINCE OCT 1      1.32                      1.84  -0.52     0.79
  SINCE JAN 1     24.76                     25.23  -0.47    21.86

DEGREE DAYS
 HEATING
  YESTERDAY        6                                        14
  MONTH TO DATE   81                                       251
  SINCE JUL 1    110                                       354

 COOLING
  YESTERDAY        0                                         0
  MONTH TO DATE   10                                         0
  SINCE JAN 1    531                                       450
..................................................................


WIND (MPH)
  HIGHEST WIND SPEED    14   HIGHEST WIND DIRECTION     W (290)
  HIGHEST GUST SPEED    19   HIGHEST GUST DIRECTION     S (170)
  AVERAGE WIND SPEED     5.3


SKY COVER
  POSSIBLE SUNSHINE  MM
  AVERAGE SKY COVER 0.8


WEATHER CONDITIONS
 THE FOLLOWING WEATHER WAS RECORDED YESTERDAY.
  LIGHT RAIN
  FOG


RELATIVE HUMIDITY (PERCENT)
 HIGHEST    87           800 AM
 LOWEST     72           100 PM
 AVERAGE    80

..........................................................




SUNRISE AND SUNSET
OCTOBER 21 2014.......SUNRISE   735 AM PDT   SUNSET   614 PM PDT
OCTOBER 22 2014.......SUNRISE   737 AM PDT   SUNSET   613 PM PDT


-  INDICATES NEGATIVE NUMBERS.
R  INDICATES RECORD WAS SET OR TIED.
MM INDICATES DATA IS MISSING.
T  INDICATES TRACE AMOUNT.




$$
