000
CDUS46 KPQR 231147
CLIVUO


CLIMATE REPORT
NATIONAL WEATHER SERVICE PORTLAND OREGON
447 AM PDT THU OCT 23 2014


...................................

...THE VANCOUVER WA CLIMATE SUMMARY FOR OCTOBER 22 2014...

CLIMATE NORMAL PERIOD 1981 TO 2010
CLIMATE RECORD PERIOD 1891 TO 2014


WEATHER ITEM   OBSERVED TIME   RECORD YEAR NORMAL DEPARTURE LAST
                VALUE   (LST)  VALUE       VALUE  FROM      YEAR
                                                  NORMAL
..................................................................
TEMPERATURE (F)
 YESTERDAY
  MAXIMUM         60    509 AM  80    1929  61     -1       74
  MINIMUM         54   1100 PM  31    1905  43     11       39
  AVERAGE         57                        52      5       57

PRECIPITATION (IN)
  YESTERDAY        1.70                      0.11   1.59     0.00
  MONTH TO DATE    3.07                      2.06   1.01     0.79
  SINCE OCT 1      3.07                      2.06   1.01     0.79
  SINCE JAN 1     26.51                     25.45   1.06    21.86

DEGREE DAYS
 HEATING
  YESTERDAY        8                                         8
  MONTH TO DATE   96                                       265
  SINCE JUL 1    125                                       368

 COOLING
  YESTERDAY        0                                         0
  MONTH TO DATE   10                                         0
  SINCE JAN 1    531                                       450
..................................................................


WIND (MPH)
  HIGHEST WIND SPEED    14   HIGHEST WIND DIRECTION     S (170)
  HIGHEST GUST SPEED    20   HIGHEST GUST DIRECTION     S (180)
  AVERAGE WIND SPEED     6.3


SKY COVER
  POSSIBLE SUNSHINE  MM
  AVERAGE SKY COVER 1.0


WEATHER CONDITIONS
 THE FOLLOWING WEATHER WAS RECORDED YESTERDAY.
  HEAVY RAIN
  RAIN
  LIGHT RAIN
  FOG


RELATIVE HUMIDITY (PERCENT)
 HIGHEST    93          1100 AM
 LOWEST     69           500 AM
 AVERAGE    81

..........................................................




SUNRISE AND SUNSET
OCTOBER 23 2014.......SUNRISE   738 AM PDT   SUNSET   611 PM PDT
OCTOBER 24 2014.......SUNRISE   739 AM PDT   SUNSET   610 PM PDT


-  INDICATES NEGATIVE NUMBERS.
R  INDICATES RECORD WAS SET OR TIED.
MM INDICATES DATA IS MISSING.
T  INDICATES TRACE AMOUNT.




$$
