000
CDUS46 KPQR 011146
CLIVUO


CLIMATE REPORT
NATIONAL WEATHER SERVICE PORTLAND OREGON
445 AM PDT TUE SEP 1 2015


...................................

...THE VANCOUVER WA CLIMATE SUMMARY FOR AUGUST 31 2015...

CLIMATE NORMAL PERIOD 1981 TO 2010
CLIMATE RECORD PERIOD 1891 TO 2015


WEATHER ITEM   OBSERVED TIME   RECORD YEAR NORMAL DEPARTURE LAST
                VALUE   (LST)  VALUE       VALUE  FROM      YEAR
                                                  NORMAL
..................................................................
TEMPERATURE (F)
 YESTERDAY
  MAXIMUM         74    456 PM 100    1987  80     -6       76
  MINIMUM         61    558 AM  40    1925  55      6       57
  AVERAGE         68                        68      0       67

PRECIPITATION (IN)
  YESTERDAY        0.00                      0.04  -0.04     0.00
  MONTH TO DATE    0.55                      0.77  -0.22     0.04
  SINCE OCT 1     30.77                     37.58  -6.81    27.76
  SINCE JAN 1     15.88                     21.83  -5.95    22.29

DEGREE DAYS
 HEATING
  YESTERDAY        0                                         0
  MONTH TO DATE    0                                         0
  SINCE JUL 1      4                                         3

 COOLING
  YESTERDAY        3                                         2
  MONTH TO DATE  199                                       220
  SINCE JAN 1    627                                       452
..................................................................


WIND (MPH)
  HIGHEST WIND SPEED    12   HIGHEST WIND DIRECTION     W (280)
  HIGHEST GUST SPEED    15   HIGHEST GUST DIRECTION     W (270)
  AVERAGE WIND SPEED     5.0


SKY COVER
  POSSIBLE SUNSHINE  MM
  AVERAGE SKY COVER 1.0


WEATHER CONDITIONS
 THE FOLLOWING WEATHER WAS RECORDED YESTERDAY.
  NO SIGNIFICANT WEATHER WAS OBSERVED.


RELATIVE HUMIDITY (PERCENT)
 HIGHEST    78           400 AM
 LOWEST     46           300 PM
 AVERAGE    62

..........................................................




SUNRISE AND SUNSET
SEPTEMBER  1 2015.....SUNRISE   632 AM PDT   SUNSET   749 PM PDT
SEPTEMBER  2 2015.....SUNRISE   633 AM PDT   SUNSET   747 PM PDT


-  INDICATES NEGATIVE NUMBERS.
R  INDICATES RECORD WAS SET OR TIED.
MM INDICATES DATA IS MISSING.
T  INDICATES TRACE AMOUNT.




$$
