190
CDUS46 KPQR 081144
CLIVUO


CLIMATE REPORT
NATIONAL WEATHER SERVICE PORTLAND OREGON
342 AM PST MON FEB 8 2016


...................................

...THE VANCOUVER WA CLIMATE SUMMARY FOR FEBRUARY 7 2016...

CLIMATE NORMAL PERIOD 1981 TO 2010
CLIMATE RECORD PERIOD 1891 TO 2016


WEATHER ITEM   OBSERVED TIME   RECORD YEAR NORMAL DEPARTURE LAST
                VALUE   (LST)  VALUE       VALUE  FROM      YEAR
                                                  NORMAL
..................................................................
TEMPERATURE (F)
 YESTERDAY
  MAXIMUM         60    427 PM  65    1963  50     10       59
  MINIMUM         39   1148 PM  11    1929  35      4       49
  AVERAGE         50                        43      7       54

PRECIPITATION (IN)
  YESTERDAY        0.00                      0.17  -0.17     0.79
  MONTH TO DATE    0.81                      1.24  -0.43     3.13
  SINCE OCT 1     31.76                     22.49   9.27    21.37
  SINCE JAN 1      7.91                      6.74   1.17     6.48

DEGREE DAYS
 HEATING
  YESTERDAY       15                                        11
  MONTH TO DATE  136                                       121
  SINCE JUL 1   2469                                      2300

 COOLING
  YESTERDAY        0                                         0
  MONTH TO DATE    0                                         0
  SINCE JAN 1      0                                         0
..................................................................


WIND (MPH)
  HIGHEST WIND SPEED     6   HIGHEST WIND DIRECTION     W (250)
  HIGHEST GUST SPEED     7   HIGHEST GUST DIRECTION    SW (240)
  AVERAGE WIND SPEED     0.8


SKY COVER
  POSSIBLE SUNSHINE  MM
  AVERAGE SKY COVER 0.4


WEATHER CONDITIONS
 THE FOLLOWING WEATHER WAS RECORDED YESTERDAY.
  NO SIGNIFICANT WEATHER WAS OBSERVED.


RELATIVE HUMIDITY (PERCENT)
 HIGHEST    89          1200 AM
 LOWEST     53           300 PM
 AVERAGE    71

..........................................................




SUNRISE AND SUNSET
FEBRUARY  8 2016......SUNRISE   723 AM PST   SUNSET   527 PM PST
FEBRUARY  9 2016......SUNRISE   722 AM PST   SUNSET   528 PM PST


-  INDICATES NEGATIVE NUMBERS.
R  INDICATES RECORD WAS SET OR TIED.
MM INDICATES DATA IS MISSING.
T  INDICATES TRACE AMOUNT.




$$
