000
CDUS41 KAKQ 100627
CLIWAL


CLIMATE REPORT
NATIONAL WEATHER SERVICE WAKEFIELD, VA
126 AM EST WED FEB 10 2016


...................................

...THE WALLOPS ISLAND VA CLIMATE SUMMARY FOR FEBRUARY 9 2016...

CLIMATE NORMAL PERIOD 1981 TO 2010
CLIMATE RECORD PERIOD 1963 TO 2016


WEATHER ITEM   OBSERVED TIME   RECORD YEAR NORMAL DEPARTURE
                VALUE   (LST)  VALUE       VALUE  FROM
                                                  NORMAL
...............................................................
TEMPERATURE (F)
 YESTERDAY
  MAXIMUM         44    204 PM  63    1990  46     -2
  MINIMUM         35   1159 PM  10    1979  30      5
  AVERAGE         40                        38      2

PRECIPITATION (IN)
  YESTERDAY        0.13          1.37        0.09   0.04
  MONTH TO DATE    2.42                      0.84   1.58
  SINCE DEC 1      9.32                      7.31   2.01
  SINCE JAN 1      5.04                      3.88   1.16

SNOWFALL (IN)
  YESTERDAY        0.0           5.0  1980   0.2   -0.2
  MONTH TO DATE    1.0                       1.1   -0.1
  SINCE NOV 1      8.3                       5.1    3.2
  SINCE JUL 1      8.3                       5.1    3.2

DEGREE DAYS
 HEATING
  YESTERDAY       25                               -2
  MONTH TO DATE  188                              -61
  SINCE DEC 1   1390                             -499
  SINCE JUL 1   1912                             -681

 COOLING
  YESTERDAY        0                                0
  MONTH TO DATE    0                                0
  SINCE DEC 1      7                                7
  SINCE JAN 1      0                                0
...............................................................


WIND (MPH)
  HIGHEST WIND SPEED    15   HIGHEST WIND DIRECTION     W (260)
  HIGHEST GUST SPEED    21   HIGHEST GUST DIRECTION     W (270)
  AVERAGE WIND SPEED     6.8




RELATIVE HUMIDITY (PERCENT)
 HIGHEST    92
 LOWEST     76
 AVERAGE    84

..........................................................


THE WALLOPS ISLAND VA CLIMATE NORMALS FOR TODAY
                         NORMAL    RECORD    YEAR
 MAXIMUM TEMPERATURE (F)   46        64      2002
 MINIMUM TEMPERATURE (F)   30         8      1979


SUNRISE AND SUNSET
FEBRUARY 10 2016......SUNRISE   658 AM EST   SUNSET   535 PM EST
FEBRUARY 11 2016......SUNRISE   657 AM EST   SUNSET   536 PM EST


-  INDICATES NEGATIVE NUMBERS.
R  INDICATES RECORD WAS SET OR TIED.
MM INDICATES DATA IS MISSING.
T  INDICATES TRACE AMOUNT.




$$
