250
CDUS41 KAKQ 190805
CLIWAL


CLIMATE REPORT
NATIONAL WEATHER SERVICE WAKEFIELD, VA
302 AM EST FRI JAN 19 2018


...................................

...THE WALLOPS ISLAND VA CLIMATE SUMMARY FOR JANUARY 18 2018...

CLIMATE NORMAL PERIOD 1981 TO 2010
CLIMATE RECORD PERIOD 1963 TO 2018


WEATHER ITEM   OBSERVED TIME   RECORD YEAR NORMAL DEPARTURE
                VALUE   (LST)  VALUE       VALUE  FROM
                                                  NORMAL
...............................................................
TEMPERATURE (F)
 YESTERDAY
  MAXIMUM         37    359 PM  68    1990  45     -8
  MINIMUM         21    801 AM   3    2003  28     -7
  AVERAGE         29                        36     -7

PRECIPITATION (IN)
  YESTERDAY        0.00          1.11        0.10  -0.10
  MONTH TO DATE    1.41                      1.78  -0.37
  SINCE DEC 1      3.30                      5.21  -1.91
  SINCE JAN 1      1.41                      1.78  -0.37

SNOWFALL (IN)
  YESTERDAY        0.0           T    2009   0.1   -0.1
                                      2004
  MONTH TO DATE   10.5                       1.0    9.5
  SINCE NOV 1     11.8                       3.0    8.8
  SINCE JUL 1     11.8                       3.0    8.8

DEGREE DAYS
 HEATING
  YESTERDAY       36                                7
  MONTH TO DATE  627                              114
  SINCE DEC 1   1418                              147
  SINCE JUL 1   2021                               46

 COOLING
  YESTERDAY        0                                0
  MONTH TO DATE    0                                0
  SINCE DEC 1      0                                0
  SINCE JAN 1      0                                0
...............................................................


WIND (MPH)
  HIGHEST WIND SPEED    21   HIGHEST WIND DIRECTION    NW (320)
  HIGHEST GUST SPEED    35   HIGHEST GUST DIRECTION    NW (320)
  AVERAGE WIND SPEED    11.9




RELATIVE HUMIDITY (PERCENT)
 HIGHEST    63
 LOWEST     38
 AVERAGE    51

..........................................................


THE WALLOPS ISLAND VA CLIMATE NORMALS FOR TODAY
                         NORMAL    RECORD    YEAR
 MAXIMUM TEMPERATURE (F)   45        65      1972
 MINIMUM TEMPERATURE (F)   28         0      1994


SUNRISE AND SUNSET
JANUARY 19 2018.......SUNRISE   715 AM EST   SUNSET   511 PM EST
JANUARY 20 2018.......SUNRISE   714 AM EST   SUNSET   512 PM EST


-  INDICATES NEGATIVE NUMBERS.
R  INDICATES RECORD WAS SET OR TIED.
MM INDICATES DATA IS MISSING.
T  INDICATES TRACE AMOUNT.




$$
