000
CDUS41 KAKQ 272133
CLIWAL


CLIMATE REPORT
NATIONAL WEATHER SERVICE WAKEFIELD, VA
532 PM EDT FRI MAR 27 2015


...................................

...THE WALLOPS ISLAND VA CLIMATE SUMMARY FOR MARCH 27 2015...
VALID TODAY AS OF 0500 PM LOCAL TIME.

CLIMATE NORMAL PERIOD 1981 TO 2010
CLIMATE RECORD PERIOD 1963 TO 2015


WEATHER ITEM   OBSERVED TIME   RECORD YEAR NORMAL DEPARTURE
                VALUE   (LST)  VALUE       VALUE  FROM
                                                  NORMAL
...............................................................
TEMPERATURE (F)
 TODAY
  MAXIMUM         60   1255 AM  82    2007  57      3
  MINIMUM         39    359 PM  23    2014  39      0
  AVERAGE         50

PRECIPITATION (IN)
  TODAY            0.07          1.52 1999   0.14  -0.07
  MONTH TO DATE    3.05                      3.48  -0.43
  SINCE MAR 1      3.05                      3.48  -0.43
  SINCE JAN 1     10.84                      9.28   1.56

SNOWFALL (IN)
  TODAY           MM             0.6  2011
  MONTH TO DATE    0.3
  SINCE NOV 1     11.3
  SINCE JUL 1     11.3
  SNOW DEPTH       0

DEGREE DAYS
 HEATING
  TODAY           15

 COOLING
  TODAY            0
...............................................................


WIND (MPH)
  HIGHEST WIND SPEED    22   HIGHEST WIND DIRECTION     N (20)
  HIGHEST GUST SPEED    30   HIGHEST GUST DIRECTION    NE (30)




RELATIVE HUMIDITY (PERCENT)
 HIGHEST   100
 LOWEST     76
 AVERAGE    88

..........................................................


THE WALLOPS ISLAND VA CLIMATE NORMALS FOR TOMORROW
                         NORMAL    RECORD    YEAR
 MAXIMUM TEMPERATURE (F)   57        81      1991
                                             1989
 MINIMUM TEMPERATURE (F)   40        24      2001


SUNRISE AND SUNSET
MARCH 27 2015.........SUNRISE   655 AM EDT   SUNSET   720 PM EDT
MARCH 28 2015.........SUNRISE   654 AM EDT   SUNSET   721 PM EDT


-  INDICATES NEGATIVE NUMBERS.
R  INDICATES RECORD WAS SET OR TIED.
MM INDICATES DATA IS MISSING.
T  INDICATES TRACE AMOUNT.




$$
