000
CDUS41 KAKQ 250545
CLIWAL


CLIMATE REPORT
NATIONAL WEATHER SERVICE WAKEFIELD, VA
145 AM EDT SAT MAR 25 2017


...................................

...THE WALLOPS ISLAND VA CLIMATE SUMMARY FOR MARCH 24 2017...

CLIMATE NORMAL PERIOD 1981 TO 2010
CLIMATE RECORD PERIOD 1963 TO 2017


WEATHER ITEM   OBSERVED TIME   RECORD YEAR NORMAL DEPARTURE
                VALUE   (LST)  VALUE       VALUE  FROM
                                                  NORMAL
...............................................................
TEMPERATURE (F)
 YESTERDAY
  MAXIMUM         55    337 PM  73    1991  56     -1
  MINIMUM         35    134 AM  26    1992  38     -3
  AVERAGE         45                        47     -2

PRECIPITATION (IN)
  YESTERDAY        0.00          1.45        0.14  -0.14
  MONTH TO DATE    1.79                      3.08  -1.29
  SINCE MAR 1      1.79                      3.08  -1.29
  SINCE JAN 1      7.99                      8.88  -0.89

SNOWFALL (IN)
  YESTERDAY        0.0           T    2013   0.0    0.0
  MONTH TO DATE    T                         0.4   -0.4
  SINCE NOV 1     10.1                       7.8    2.3
  SINCE JUL 1     10.1                       7.8    2.3

DEGREE DAYS
 HEATING
  YESTERDAY       20                                2
  MONTH TO DATE  544                               41
  SINCE MAR 1    544                               41
  SINCE JUL 1   3120                             -463

 COOLING
  YESTERDAY        0                                0
  MONTH TO DATE    2                                2
  SINCE MAR 1      2                                2
  SINCE JAN 1      2                                2
...............................................................


WIND (MPH)
  HIGHEST WIND SPEED    22   HIGHEST WIND DIRECTION     S (190)
  HIGHEST GUST SPEED    26   HIGHEST GUST DIRECTION     S (190)
  AVERAGE WIND SPEED    12.7




RELATIVE HUMIDITY (PERCENT)
 HIGHEST   100
 LOWEST     59
 AVERAGE    80

..........................................................


THE WALLOPS ISLAND VA CLIMATE NORMALS FOR TODAY
                         NORMAL    RECORD    YEAR
 MAXIMUM TEMPERATURE (F)   56        79      2016
 MINIMUM TEMPERATURE (F)   39        25      2009


SUNRISE AND SUNSET
MARCH 25 2017.........SUNRISE   657 AM EDT   SUNSET   719 PM EDT
MARCH 26 2017.........SUNRISE   656 AM EDT   SUNSET   720 PM EDT


-  INDICATES NEGATIVE NUMBERS.
R  INDICATES RECORD WAS SET OR TIED.
MM INDICATES DATA IS MISSING.
T  INDICATES TRACE AMOUNT.




$$
