000
CDUS41 KAKQ 260827
CLIWAL


CLIMATE REPORT
NATIONAL WEATHER SERVICE WAKEFIELD, VA
327 AM EST MON JAN 26 2015


...................................

...THE WALLOPS ISLAND VA CLIMATE SUMMARY FOR JANUARY 25 2015...

CLIMATE NORMAL PERIOD 1981 TO 2010
CLIMATE RECORD PERIOD 1963 TO 2015


WEATHER ITEM   OBSERVED TIME   RECORD YEAR NORMAL DEPARTURE
                VALUE   (LST)  VALUE       VALUE  FROM
                                                  NORMAL
...............................................................
TEMPERATURE (F)
 YESTERDAY
  MAXIMUM         50    302 PM  61    2010  45      5
                                      2002
                                      1997
  MINIMUM         34    521 AM  12    2013  28      6
  AVERAGE         42                        36      6

PRECIPITATION (IN)
  YESTERDAY        0.00          1.09        0.09  -0.09
  MONTH TO DATE    4.52                      2.45   2.07
  SINCE DEC 1      7.74                      5.88   1.86
  SINCE JAN 1      4.52                      2.45   2.07

SNOWFALL (IN)
  YESTERDAY        0.0           3.4  2004   0.1   -0.1
  MONTH TO DATE    T                         1.5   -1.5
  SINCE NOV 1      T                         3.5   -3.5
  SINCE JUL 1      T                         3.5   -3.5

DEGREE DAYS
 HEATING
  YESTERDAY       23                               -6
  MONTH TO DATE  717                                1
  SINCE DEC 1   1395                              -79
  SINCE JUL 1   2089                              -89

 COOLING
  YESTERDAY        0                                0
  MONTH TO DATE    0                                0
  SINCE DEC 1      0                                0
  SINCE JAN 1      0                                0
...............................................................


WIND (MPH)
  HIGHEST WIND SPEED    16   HIGHEST WIND DIRECTION     W (250)
  HIGHEST GUST SPEED    22   HIGHEST GUST DIRECTION     W (250)
  AVERAGE WIND SPEED     7.1




RELATIVE HUMIDITY (PERCENT)
 HIGHEST    92
 LOWEST     46
 AVERAGE    69

..........................................................


THE WALLOPS ISLAND VA CLIMATE NORMALS FOR TODAY
                         NORMAL    RECORD    YEAR
 MAXIMUM TEMPERATURE (F)   45        62      1989
 MINIMUM TEMPERATURE (F)   28        18      2007
                                             1982


SUNRISE AND SUNSET
JANUARY 26 2015.......SUNRISE   711 AM EST   SUNSET   518 PM EST
JANUARY 27 2015.......SUNRISE   710 AM EST   SUNSET   519 PM EST


-  INDICATES NEGATIVE NUMBERS.
R  INDICATES RECORD WAS SET OR TIED.
MM INDICATES DATA IS MISSING.
T  INDICATES TRACE AMOUNT.




$$
