000
CDUS46 KLOX 250119
CLIWJF


CLIMATE REPORT
NATIONAL WEATHER SERVICE LOS ANGELES/OXNARD CA
519 PM PST FRI FEB 24 2017


...................................

...THE LANCASTER CLIMATE SUMMARY FOR FEBRUARY 24 2017...
VALID TODAY AS OF 0500 PM LOCAL TIME.

CLIMATE NORMAL PERIOD 1981 TO 2010
CLIMATE RECORD PERIOD 1948 TO 2017


WEATHER ITEM   OBSERVED TIME   RECORD YEAR NORMAL DEPARTURE LAST
                VALUE   (LST)  VALUE       VALUE  FROM      YEAR
                                                  NORMAL
..................................................................
TEMPERATURE (F)
 TODAY
  MAXIMUM         54    423 PM  80    1950  63     -9       68
  MINIMUM         32    610 AM  20    1955  37     -5       29
  AVERAGE         43                        50     -7       49

PRECIPITATION (IN)
  TODAY            0.00          0.25 1987   0.06  -0.06     0.00
  MONTH TO DATE    1.80                      1.56   0.24     0.03
  SINCE OCT 1      6.26                      5.19   1.07     3.05
  SINCE JAN 1      4.27                      3.06   1.21     1.76

SNOWFALL (IN)
  TODAY            0.0           0.5  1987   0.0             0.0
  MONTH TO DATE    0.0                       0.6             0.0
  SINCE DEC 1      0.0                       2.3             0.0
  SINCE JUL 1      0.0                       2.3             0.0
  SNOW DEPTH       0

DEGREE DAYS
 HEATING
  TODAY           22                        15      7       16
  MONTH TO DATE  305                       409   -104      365
  SINCE DEC 1   1494                      1689   -195     1645
  SINCE JUL 1   1920                      2234   -314     2225

 COOLING
  TODAY            0                         0      0        0
  MONTH TO DATE    0                         0      0        0
  SINCE DEC 1      0                         0      0        0
  SINCE JAN 1      0                         0      0        0
..................................................................


WIND (MPH)
  HIGHEST WIND SPEED    18   HIGHEST WIND DIRECTION     W (280)
  HIGHEST GUST SPEED    22   HIGHEST GUST DIRECTION     W (270)
  AVERAGE WIND SPEED     7.2


SKY COVER
  POSSIBLE SUNSHINE  MM
  AVERAGE SKY COVER 0.0


WEATHER CONDITIONS
 THE FOLLOWING WEATHER WAS RECORDED TODAY.
  NO SIGNIFICANT WEATHER WAS OBSERVED.


RELATIVE HUMIDITY (PERCENT)
 HIGHEST    75           200 AM
 LOWEST     26           400 PM
 AVERAGE    51

..........................................................


THE LANCASTER CLIMATE NORMALS FOR TOMORROW
                         NORMAL    RECORD    YEAR
 MAXIMUM TEMPERATURE (F)   64        81      1986
 MINIMUM TEMPERATURE (F)   37        18      2013


SUNRISE AND SUNSET
FEBRUARY 24 2017......SUNRISE   628 AM PST   SUNSET   545 PM PST
FEBRUARY 25 2017......SUNRISE   627 AM PST   SUNSET   546 PM PST


-  INDICATES NEGATIVE NUMBERS.
R  INDICATES RECORD WAS SET OR TIED.
MM INDICATES DATA IS MISSING.
T  INDICATES TRACE AMOUNT.




$$
