000
CDUS46 KLOX 050859
CLIWJF


CLIMATE REPORT
NATIONAL WEATHER SERVICE LOS ANGELES/OXNARD CA
159 AM PDT SAT SEP 5 2015


...................................

...THE LANCASTER FOX FIELD CA CLIMATE SUMMARY FOR SEPTEMBER 4 2015...

CLIMATE NORMAL PERIOD 1981 TO 2010
CLIMATE RECORD PERIOD 1948 TO 2015


WEATHER ITEM   OBSERVED TIME   RECORD YEAR NORMAL DEPARTURE
                VALUE   (LST)  VALUE       VALUE  FROM
                                                  NORMAL
...............................................................
TEMPERATURE (F)
 YESTERDAY
  MAXIMUM         84    145 PM 108    1955  94    -10
  MINIMUM         56    549 AM  45    1961  60     -4
  AVERAGE         70                        77     -7

PRECIPITATION (IN)
  YESTERDAY        0.00          0.70 1998   0.00   0.00
                                      1963
  MONTH TO DATE    0.00                      0.01  -0.01
  SINCE OCT 1      6.99                      7.24  -0.25
  SINCE JAN 1      4.07                      5.11  -1.04

SNOWFALL (IN)
  YESTERDAY        0.0           0.0    MM
  MONTH TO DATE    0.0
  SINCE SEP 1      0.0
  SINCE JUL 1      0.0
  SNOW DEPTH       0

DEGREE DAYS
 HEATING
  YESTERDAY        0                                0
  MONTH TO DATE    0                                0
  SINCE SEP 1      0                                0
  SINCE JUL 1      0                                0

 COOLING
  YESTERDAY        5                               -7
  MONTH TO DATE   39                              -12
  SINCE SEP 1     39                              -12
  SINCE JAN 1   1632                               22
...............................................................


WIND (MPH)
  HIGHEST WIND SPEED    28   HIGHEST WIND DIRECTION    SW (240)
  HIGHEST GUST SPEED    33   HIGHEST GUST DIRECTION    SW (240)
  AVERAGE WIND SPEED    16.5




RELATIVE HUMIDITY (PERCENT)
 HIGHEST    72
 LOWEST     17
 AVERAGE    45

..........................................................


THE LANCASTER FOX FIELD CA CLIMATE NORMALS FOR TODAY
                         NORMAL    RECORD    YEAR
 MAXIMUM TEMPERATURE (F)   94       109      1955
 MINIMUM TEMPERATURE (F)   60        46      2004


SUNRISE AND SUNSET
SEPTEMBER  5 2015.....SUNRISE   629 AM PDT   SUNSET   714 PM PDT
SEPTEMBER  6 2015.....SUNRISE   629 AM PDT   SUNSET   713 PM PDT


-  INDICATES NEGATIVE NUMBERS.
R  INDICATES RECORD WAS SET OR TIED.
MM INDICATES DATA IS MISSING.
T  INDICATES TRACE AMOUNT.




$$
