000
CDUS46 KLOX 300858
CLIWJF


CLIMATE REPORT
NATIONAL WEATHER SERVICE LOS ANGELES/OXNARD CA
1258 AM PST FRI JAN 30 2015


...................................

...THE LANCASTER FOX FIELD CA CLIMATE SUMMARY FOR JANUARY 29 2015...

CLIMATE NORMAL PERIOD 1981 TO 2010
CLIMATE RECORD PERIOD 1948 TO 2015


WEATHER ITEM   OBSERVED TIME   RECORD YEAR NORMAL DEPARTURE
                VALUE   (LST)  VALUE       VALUE  FROM
                                                  NORMAL
...............................................................
TEMPERATURE (F)
 YESTERDAY
  MAXIMUM         64    218 PM  77    2014  60      4
  MINIMUM         46    721 AM  15    1975  32     14
  AVERAGE         55                        46      9

PRECIPITATION (IN)
  YESTERDAY        0.01          0.29 1980   0.06  -0.05
  MONTH TO DATE    0.93                      1.39  -0.46
  SINCE OCT 1      3.85                      3.52   0.33
  SINCE JAN 1      0.93                      1.39  -0.46

SNOWFALL (IN)
  YESTERDAY       MM             0.0    MM
  MONTH TO DATE    0.0
  SINCE DEC 1      0.0
  SINCE JUL 1      0.0
  SNOW DEPTH       0

DEGREE DAYS
 HEATING
  YESTERDAY       10                               -9
  MONTH TO DATE  557                              -28
  SINCE DEC 1   1123                             -119
  SINCE JUL 1   1520                             -267

 COOLING
  YESTERDAY        0                                0
  MONTH TO DATE    0                                0
  SINCE DEC 1      0                                0
  SINCE JAN 1      0                                0
...............................................................


WIND (MPH)
  HIGHEST WIND SPEED    10   HIGHEST WIND DIRECTION    NW (320)
  HIGHEST GUST SPEED    14   HIGHEST GUST DIRECTION     E (80)
  AVERAGE WIND SPEED     3.2




RELATIVE HUMIDITY (PERCENT)
 HIGHEST    93
 LOWEST     43
 AVERAGE    68

..........................................................


THE LANCASTER FOX FIELD CA CLIMATE NORMALS FOR TODAY
                         NORMAL    RECORD    YEAR
 MAXIMUM TEMPERATURE (F)   60        73      2003
 MINIMUM TEMPERATURE (F)   33        12      1957


SUNRISE AND SUNSET
JANUARY 30 2015.......SUNRISE   653 AM PST   SUNSET   520 PM PST
JANUARY 31 2015.......SUNRISE   652 AM PST   SUNSET   521 PM PST


-  INDICATES NEGATIVE NUMBERS.
R  INDICATES RECORD WAS SET OR TIED.
MM INDICATES DATA IS MISSING.
T  INDICATES TRACE AMOUNT.




$$
