000
CDUS46 KLOX 040900
CLIWJF


CLIMATE REPORT
NATIONAL WEATHER SERVICE LOS ANGELES/OXNARD CA
200 AM PDT SAT JUL 4 2015


...................................

...THE LANCASTER FOX FIELD CA CLIMATE SUMMARY FOR JULY 3 2015...

CLIMATE NORMAL PERIOD 1981 TO 2010
CLIMATE RECORD PERIOD 1948 TO 2015


WEATHER ITEM   OBSERVED TIME   RECORD YEAR NORMAL DEPARTURE
                VALUE   (LST)  VALUE       VALUE  FROM
                                                  NORMAL
...............................................................
TEMPERATURE (F)
 YESTERDAY
  MAXIMUM        101    233 PM 110    2001  96      5
  MINIMUM         73    544 AM  50    1975  66      7
  AVERAGE         87                        81      6

PRECIPITATION (IN)
  YESTERDAY        0.00          T    2001   0.01  -0.01
  MONTH TO DATE    0.03                      0.01   0.02
  SINCE OCT 1      4.68                      7.05  -2.37
  SINCE JAN 1      1.76                      4.92  -3.16

SNOWFALL (IN)
  YESTERDAY        0.0           0.0    MM
  MONTH TO DATE    0.0
  SINCE JUN 1      0.0
  SINCE JUL 1      0.0
  SNOW DEPTH       0

DEGREE DAYS
 HEATING
  YESTERDAY        0                                0
  MONTH TO DATE    0                                0
  SINCE JUN 1      2                               -6
  SINCE JUL 1      0                                0

 COOLING
  YESTERDAY       22                                6
  MONTH TO DATE   58                               11
  SINCE JUN 1    533                              145
  SINCE JAN 1    631                               54
...............................................................


WIND (MPH)
  HIGHEST WIND SPEED    23   HIGHEST WIND DIRECTION    SW (220)
  HIGHEST GUST SPEED    28   HIGHEST GUST DIRECTION    SW (240)
  AVERAGE WIND SPEED    13.2




RELATIVE HUMIDITY (PERCENT)
 HIGHEST    41
 LOWEST      8
 AVERAGE    25

..........................................................


THE LANCASTER FOX FIELD CA CLIMATE NORMALS FOR TODAY
                         NORMAL    RECORD    YEAR
 MAXIMUM TEMPERATURE (F)   96       111      2007
 MINIMUM TEMPERATURE (F)   66        52      1966


SUNRISE AND SUNSET
JULY  4 2015..........SUNRISE   545 AM PDT   SUNSET   810 PM PDT
JULY  5 2015..........SUNRISE   545 AM PDT   SUNSET   810 PM PDT


-  INDICATES NEGATIVE NUMBERS.
R  INDICATES RECORD WAS SET OR TIED.
MM INDICATES DATA IS MISSING.
T  INDICATES TRACE AMOUNT.




$$
