000
CDUS46 KLOX 250857
CLIWJF


CLIMATE REPORT
NATIONAL WEATHER SERVICE LOS ANGELES/OXNARD CA
157 AM PDT THU MAY 25 2017


...................................

...THE LANCASTER FOX FIELD CA CLIMATE SUMMARY FOR MAY 24 2017...

CLIMATE NORMAL PERIOD 1981 TO 2010
CLIMATE RECORD PERIOD 1948 TO 2017


WEATHER ITEM   OBSERVED TIME   RECORD YEAR NORMAL DEPARTURE
                VALUE   (LST)  VALUE       VALUE  FROM
                                                  NORMAL
...............................................................
TEMPERATURE (F)
 YESTERDAY
  MAXIMUM         92   1240 PM  99    2001  85      7
  MINIMUM         61    336 AM  39    2008  56      5
  AVERAGE         77                        70      7

PRECIPITATION (IN)
  YESTERDAY        0.00          T    1999   0.01  -0.01
  MONTH TO DATE    0.00                      0.08  -0.08
  SINCE OCT 1      6.51                      6.98  -0.47
  SINCE JAN 1      4.52                      4.85  -0.33

SNOWFALL (IN)
  YESTERDAY        0.0           0.0    MM
  MONTH TO DATE    0.0
  SINCE MAR 1      0.0
  SINCE JUL 1      0.0
  SNOW DEPTH       0

DEGREE DAYS
 HEATING
  YESTERDAY        0                               -1
  MONTH TO DATE   66                               13
  SINCE MAR 1    477                             -151
  SINCE JUL 1   2476                             -445

 COOLING
  YESTERDAY       12                                6
  MONTH TO DATE  108                                1
  SINCE MAR 1    118                              -19
  SINCE JAN 1    118                              -19
...............................................................


WIND (MPH)
  HIGHEST WIND SPEED    31   HIGHEST WIND DIRECTION    SW (220)
  HIGHEST GUST SPEED    40   HIGHEST GUST DIRECTION    SW (220)
  AVERAGE WIND SPEED    17.3




RELATIVE HUMIDITY (PERCENT)
 HIGHEST    32
 LOWEST     10
 AVERAGE    21

..........................................................


THE LANCASTER FOX FIELD CA CLIMATE NORMALS FOR TODAY
                         NORMAL    RECORD    YEAR
 MAXIMUM TEMPERATURE (F)   85       105      1951
 MINIMUM TEMPERATURE (F)   56        41      2010
                                             1953


SUNRISE AND SUNSET
MAY 25 2017...........SUNRISE   543 AM PDT   SUNSET   757 PM PDT
MAY 26 2017...........SUNRISE   543 AM PDT   SUNSET   757 PM PDT


-  INDICATES NEGATIVE NUMBERS.
R  INDICATES RECORD WAS SET OR TIED.
MM INDICATES DATA IS MISSING.
T  INDICATES TRACE AMOUNT.




$$
