000
CDUS46 KLOX 120858
CLIWJF


CLIMATE REPORT
NATIONAL WEATHER SERVICE LOS ANGELES/OXNARD CA
158 AM PDT SAT JUL 12 2014


...................................

...THE LANCASTER FOX FIELD CA CLIMATE SUMMARY FOR JULY 11 2014...

CLIMATE NORMAL PERIOD 1981 TO 2010
CLIMATE RECORD PERIOD 1948 TO 2014


WEATHER ITEM   OBSERVED TIME   RECORD YEAR NORMAL DEPARTURE
                VALUE   (LST)  VALUE       VALUE  FROM
                                                  NORMAL
...............................................................
TEMPERATURE (F)
 YESTERDAY
  MAXIMUM         92    223 PM 111    2012  98     -6
  MINIMUM         66    459 AM  50    1983  67     -1
  AVERAGE         79                        82     -3

PRECIPITATION (IN)
  YESTERDAY        0.00          0.15 1999   0.00   0.00
  MONTH TO DATE    0.00                      0.03  -0.03
  SINCE JUL 1      0.00                      0.03  -0.03
  SINCE JAN 1      2.32                      4.94  -2.62

SNOWFALL (IN)
  YESTERDAY        0.0           0.0    MM
  MONTH TO DATE    0.0
  SINCE JUN 1      0.0
  SINCE JUL 1      0.0
  SNOW DEPTH       0

DEGREE DAYS
 HEATING
  YESTERDAY        0                                0
  MONTH TO DATE    0                                0
  SINCE JUN 1      0                               -8
  SINCE JUL 1      0                                0

 COOLING
  YESTERDAY       14                               -3
  MONTH TO DATE  215                               35
  SINCE JUN 1    615                               94
  SINCE JAN 1    815                              105
...............................................................


WIND (MPH)
  HIGHEST WIND SPEED    26   HIGHEST WIND DIRECTION    SW (240)
  HIGHEST GUST SPEED    32   HIGHEST GUST DIRECTION     W (250)
  AVERAGE WIND SPEED    12.5




RELATIVE HUMIDITY (PERCENT)
 HIGHEST    41
 LOWEST     15
 AVERAGE    28

..........................................................


THE LANCASTER FOX FIELD CA CLIMATE NORMALS FOR TODAY
                         NORMAL    RECORD    YEAR
 MAXIMUM TEMPERATURE (F)   98       107      2002
 MINIMUM TEMPERATURE (F)   67        52      1974


SUNRISE AND SUNSET
JULY 12 2014..........SUNRISE   549 AM PDT   SUNSET   808 PM PDT
JULY 13 2014..........SUNRISE   550 AM PDT   SUNSET   807 PM PDT


-  INDICATES NEGATIVE NUMBERS.
R  INDICATES RECORD WAS SET OR TIED.
MM INDICATES DATA IS MISSING.
T  INDICATES TRACE AMOUNT.




$$
