000
CDUS46 KLOX 060909
CLIWJF


CLIMATE REPORT
NATIONAL WEATHER SERVICE LOS ANGELES/OXNARD CA
209 AM PDT FRI MAY 6 2016


...................................

...THE LANCASTER FOX FIELD CA CLIMATE SUMMARY FOR MAY 5 2016...

CLIMATE NORMAL PERIOD 1981 TO 2010
CLIMATE RECORD PERIOD 1948 TO 2016


WEATHER ITEM   OBSERVED TIME   RECORD YEAR NORMAL DEPARTURE
                VALUE   (LST)  VALUE       VALUE  FROM
                                                  NORMAL
...............................................................
TEMPERATURE (F)
 YESTERDAY
  MAXIMUM         67   1124 AM  97    1989  79    -12
  MINIMUM         50   1159 PM  37    1952  51     -1
  AVERAGE         59                        65     -6

PRECIPITATION (IN)
  YESTERDAY        0.00          0.49 2005   0.00   0.00
  MONTH TO DATE    0.00                      0.02  -0.02
  SINCE OCT 1      3.82                      6.92  -3.10
  SINCE JAN 1      2.53                      4.79  -2.26

SNOWFALL (IN)
  YESTERDAY        0.0           0.0    MM
  MONTH TO DATE    0.0
  SINCE MAR 1      0.0
  SINCE JUL 1      0.0
  SNOW DEPTH       0

DEGREE DAYS
 HEATING
  YESTERDAY        6                                3
  MONTH TO DATE    8                               -9
  SINCE MAR 1    378                             -214
  SINCE JUL 1   2629                             -256

 COOLING
  YESTERDAY        0                               -3
  MONTH TO DATE    8                               -6
  SINCE MAR 1     29                              -15
  SINCE JAN 1     32                              -12
...............................................................


WIND (MPH)
  HIGHEST WIND SPEED    32   HIGHEST WIND DIRECTION    SW (210)
  HIGHEST GUST SPEED    41   HIGHEST GUST DIRECTION    SW (220)
  AVERAGE WIND SPEED    19.9




RELATIVE HUMIDITY (PERCENT)
 HIGHEST    77
 LOWEST     40
 AVERAGE    59

..........................................................


THE LANCASTER FOX FIELD CA CLIMATE NORMALS FOR TODAY
                         NORMAL    RECORD    YEAR
 MAXIMUM TEMPERATURE (F)   79        95      1990
 MINIMUM TEMPERATURE (F)   51        33      1978


SUNRISE AND SUNSET
MAY  6 2016...........SUNRISE   557 AM PDT   SUNSET   742 PM PDT
MAY  7 2016...........SUNRISE   556 AM PDT   SUNSET   743 PM PDT


-  INDICATES NEGATIVE NUMBERS.
R  INDICATES RECORD WAS SET OR TIED.
MM INDICATES DATA IS MISSING.
T  INDICATES TRACE AMOUNT.




$$
