000
CDUS46 KLOX 280915
CLIWJF


CLIMATE REPORT
NATIONAL WEATHER SERVICE LOS ANGELES/OXNARD CA
215 AM PDT SAT MAR 28 2015


...................................

...THE LANCASTER FOX FIELD CA CLIMATE SUMMARY FOR MARCH 27 2015...

CLIMATE NORMAL PERIOD 1981 TO 2010
CLIMATE RECORD PERIOD 1948 TO 2015


WEATHER ITEM   OBSERVED TIME   RECORD YEAR NORMAL DEPARTURE
                VALUE   (LST)  VALUE       VALUE  FROM
                                                  NORMAL
...............................................................
TEMPERATURE (F)
 YESTERDAY
  MAXIMUM         87R   328 PM  84    1986  69     18
  MINIMUM         41    523 AM  30    1995  41      0
  AVERAGE         64                        55      9

PRECIPITATION (IN)
  YESTERDAY        0.00          0.44 1979   0.03  -0.03
  MONTH TO DATE    0.04                      1.04  -1.00
  SINCE OCT 1      4.32                      6.45  -2.13
  SINCE JAN 1      1.40                      4.32  -2.92

SNOWFALL (IN)
  YESTERDAY        0.0           T    1991
  MONTH TO DATE    0.0
  SINCE MAR 1      0.0
  SINCE JUL 1      0.0
  SNOW DEPTH       0

DEGREE DAYS
 HEATING
  YESTERDAY        1                               -9
  MONTH TO DATE  216                             -111
  SINCE MAR 1    216                             -111
  SINCE JUL 1   2085                             -535

 COOLING
  YESTERDAY        0                                0
  MONTH TO DATE    0                                0
  SINCE MAR 1      0                                0
  SINCE JAN 1      0                                0
...............................................................


WIND (MPH)
  HIGHEST WIND SPEED    21   HIGHEST WIND DIRECTION    SW (240)
  HIGHEST GUST SPEED    24   HIGHEST GUST DIRECTION    SW (240)
  AVERAGE WIND SPEED     7.0




RELATIVE HUMIDITY (PERCENT)
 HIGHEST    57
 LOWEST     10
 AVERAGE    34

..........................................................


THE LANCASTER FOX FIELD CA CLIMATE NORMALS FOR TODAY
                         NORMAL    RECORD    YEAR
 MAXIMUM TEMPERATURE (F)   69        84      1966
 MINIMUM TEMPERATURE (F)   41        28      1975


SUNRISE AND SUNSET
MARCH 28 2015.........SUNRISE   646 AM PDT   SUNSET   711 PM PDT
MARCH 29 2015.........SUNRISE   644 AM PDT   SUNSET   712 PM PDT


-  INDICATES NEGATIVE NUMBERS.
R  INDICATES RECORD WAS SET OR TIED.
MM INDICATES DATA IS MISSING.
T  INDICATES TRACE AMOUNT.




$$
