000
CDUS46 KLOX 280943
CLIWJF


CLIMATE REPORT
NATIONAL WEATHER SERVICE LOS ANGELES/OXNARD CA
242 AM PDT TUE MAR 28 2017


...................................

...THE LANCASTER FOX FIELD CA CLIMATE SUMMARY FOR MARCH 27 2017...

CLIMATE NORMAL PERIOD 1981 TO 2010
CLIMATE RECORD PERIOD 1948 TO 2017


WEATHER ITEM   OBSERVED TIME   RECORD YEAR NORMAL DEPARTURE
                VALUE   (LST)  VALUE       VALUE  FROM
                                                  NORMAL
...............................................................
TEMPERATURE (F)
 YESTERDAY
  MAXIMUM         62    141 PM  87    2015  69     -7
  MINIMUM         48   1135 PM  30    1995  41      7
  AVERAGE         55                        55      0

PRECIPITATION (IN)
  YESTERDAY        0.00          0.44 1979   0.03  -0.03
  MONTH TO DATE    0.17                      1.04  -0.87
  SINCE OCT 1      6.51                      6.45   0.06
  SINCE JAN 1      4.52                      4.32   0.20

SNOWFALL (IN)
  YESTERDAY       MM             T    1991
  MONTH TO DATE    0.0
  SINCE MAR 1      0.0
  SINCE JUL 1      0.0
  SNOW DEPTH       0

DEGREE DAYS
 HEATING
  YESTERDAY       10                                0
  MONTH TO DATE  244                              -83
  SINCE MAR 1    244                              -83
  SINCE JUL 1   2243                             -377

 COOLING
  YESTERDAY        0                                0
  MONTH TO DATE    4                                4
  SINCE MAR 1      4                                4
  SINCE JAN 1      4                                4
...............................................................


WIND (MPH)
  HIGHEST WIND SPEED    48   HIGHEST WIND DIRECTION     W (290)
  HIGHEST GUST SPEED    58   HIGHEST GUST DIRECTION    NW (300)
  AVERAGE WIND SPEED    23.9




RELATIVE HUMIDITY (PERCENT)
 HIGHEST    77
 LOWEST     35
 AVERAGE    56

..........................................................


THE LANCASTER FOX FIELD CA CLIMATE NORMALS FOR TODAY
                         NORMAL    RECORD    YEAR
 MAXIMUM TEMPERATURE (F)   69        85      2015
 MINIMUM TEMPERATURE (F)   41        28      1975


SUNRISE AND SUNSET
MARCH 28 2017.........SUNRISE   645 AM PDT   SUNSET   711 PM PDT
MARCH 29 2017.........SUNRISE   644 AM PDT   SUNSET   712 PM PDT


-  INDICATES NEGATIVE NUMBERS.
R  INDICATES RECORD WAS SET OR TIED.
MM INDICATES DATA IS MISSING.
T  INDICATES TRACE AMOUNT.




$$
