000
CDUS46 KLOX 230112
CLIWJF


CLIMATE REPORT
NATIONAL WEATHER SERVICE LOS ANGELES/OXNARD CA
511 PM PST SAT NOV 22 2014


...................................

...THE LANCASTER CLIMATE SUMMARY FOR NOVEMBER 22 2014...
VALID TODAY AS OF 0500 PM LOCAL TIME.

CLIMATE NORMAL PERIOD 1981 TO 2010
CLIMATE RECORD PERIOD 1948 TO 2014


WEATHER ITEM   OBSERVED TIME   RECORD YEAR NORMAL DEPARTURE LAST
                VALUE   (LST)  VALUE       VALUE  FROM      YEAR
                                                  NORMAL
..................................................................
TEMPERATURE (F)
 TODAY
  MAXIMUM         68   1201 PM  79    1962  64      4       45
  MINIMUM         34    502 AM  16    1958  34      0       41
  AVERAGE         51                        49      2       43

PRECIPITATION (IN)
  TODAY            0.00          1.95 1965   0.02  -0.02     0.09
  MONTH TO DATE    0.16                      0.37  -0.21     1.39
  SINCE JUL 1      0.33                      1.15  -0.82     1.46
  SINCE JAN 1      2.65                      6.06  -3.41     2.56

SNOWFALL (IN)
  TODAY           MM             0.0    MM   0.0            MM
  MONTH TO DATE    0.0                       0.0             0.0
  SINCE SEP 1      0.0                       0.0             0.0
  SINCE JUL 1      0.0                       0.0             0.0
  SNOW DEPTH       0

DEGREE DAYS
 HEATING
  TODAY           14                        16     -2       22
  MONTH TO DATE  230                       267    -37      279
  SINCE SEP 1    279                       403   -124      521
  SINCE JUL 1    279                       403   -124      521

 COOLING
  TODAY            0                         0      0        0
  MONTH TO DATE    2                         0      2        0
  SINCE SEP 1    404                       322     82      333
  SINCE JAN 1   2055                      1881    174     2204
..................................................................


WIND (MPH)
  HIGHEST WIND SPEED    45   HIGHEST WIND DIRECTION     W (270)
  HIGHEST GUST SPEED    51   HIGHEST GUST DIRECTION     W (270)
  AVERAGE WIND SPEED    13.5


SKY COVER
  POSSIBLE SUNSHINE  MM
  AVERAGE SKY COVER 0.0


WEATHER CONDITIONS
 THE FOLLOWING WEATHER WAS RECORDED TODAY.
  LIGHT RAIN
  HAZE
  SANDSTORM


RELATIVE HUMIDITY (PERCENT)
 HIGHEST    82           200 AM
 LOWEST     28          1000 AM
 AVERAGE    55

..........................................................


THE LANCASTER CLIMATE NORMALS FOR TOMORROW
                         NORMAL    RECORD    YEAR
 MAXIMUM TEMPERATURE (F)   64        81      1949
 MINIMUM TEMPERATURE (F)   33        13      1958


SUNRISE AND SUNSET
NOVEMBER 22 2014......SUNRISE   634 AM PST   SUNSET   444 PM PST
NOVEMBER 23 2014......SUNRISE   635 AM PST   SUNSET   444 PM PST


-  INDICATES NEGATIVE NUMBERS.
R  INDICATES RECORD WAS SET OR TIED.
MM INDICATES DATA IS MISSING.
T  INDICATES TRACE AMOUNT.




$$
