000
CDUS46 KLOX 260903
CLIWJF


CLIMATE REPORT
NATIONAL WEATHER SERVICE LOS ANGELES/OXNARD CA
203 AM PDT SAT JUL 26 2014


...................................

...THE LANCASTER FOX FIELD CA CLIMATE SUMMARY FOR JULY 25 2014...

CLIMATE NORMAL PERIOD 1981 TO 2010
CLIMATE RECORD PERIOD 1948 TO 2014


WEATHER ITEM   OBSERVED TIME   RECORD YEAR NORMAL DEPARTURE
                VALUE   (LST)  VALUE       VALUE  FROM
                                                  NORMAL
...............................................................
TEMPERATURE (F)
 YESTERDAY
  MAXIMUM        100   1257 PM 110    2006  99      1
                                      1975
  MINIMUM         73    521 AM  55    1995  67      6
  AVERAGE         87                        83      4

PRECIPITATION (IN)
  YESTERDAY        0.00          T    2013   0.01  -0.01
  MONTH TO DATE    T                         0.08  -0.08
  SINCE JUL 1      T                         0.08  -0.08
  SINCE JAN 1      2.32                      4.99  -2.67

SNOWFALL (IN)
  YESTERDAY        0.0           0.0    MM
  MONTH TO DATE    0.0
  SINCE JUN 1      0.0
  SINCE JUL 1      0.0
  SNOW DEPTH       0

DEGREE DAYS
 HEATING
  YESTERDAY        0                                0
  MONTH TO DATE    0                                0
  SINCE JUN 1      0                               -8
  SINCE JUL 1      0                                0

 COOLING
  YESTERDAY       22                                4
  MONTH TO DATE  456                               26
  SINCE JUN 1    856                               85
  SINCE JAN 1   1056                               96
...............................................................


WIND (MPH)
  HIGHEST WIND SPEED    31   HIGHEST WIND DIRECTION    SW (240)
  HIGHEST GUST SPEED    37   HIGHEST GUST DIRECTION    SW (230)
  AVERAGE WIND SPEED    16.4




RELATIVE HUMIDITY (PERCENT)
 HIGHEST    31
 LOWEST      6
 AVERAGE    19

..........................................................


THE LANCASTER FOX FIELD CA CLIMATE NORMALS FOR TODAY
                         NORMAL    RECORD    YEAR
 MAXIMUM TEMPERATURE (F)   99       109      1975
 MINIMUM TEMPERATURE (F)   67        53      1987


SUNRISE AND SUNSET
JULY 26 2014..........SUNRISE   558 AM PDT   SUNSET   800 PM PDT
JULY 27 2014..........SUNRISE   559 AM PDT   SUNSET   759 PM PDT


-  INDICATES NEGATIVE NUMBERS.
R  INDICATES RECORD WAS SET OR TIED.
MM INDICATES DATA IS MISSING.
T  INDICATES TRACE AMOUNT.




$$
