000
CDUS46 KLOX 210114
CLIWJF


CLIMATE REPORT
NATIONAL WEATHER SERVICE LOS ANGELES/OXNARD CA
614 PM PDT MON OCT 20 2014


...................................

...THE LANCASTER CLIMATE SUMMARY FOR OCTOBER 20 2014...
VALID TODAY AS OF 0600 PM LOCAL TIME.

CLIMATE NORMAL PERIOD 1981 TO 2010
CLIMATE RECORD PERIOD 1948 TO 2014


WEATHER ITEM   OBSERVED TIME   RECORD YEAR NORMAL DEPARTURE LAST
                VALUE   (LST)  VALUE       VALUE  FROM      YEAR
                                                  NORMAL
..................................................................
TEMPERATURE (F)
 TODAY
  MAXIMUM         83    158 PM  95    2003  78      5       85
  MINIMUM         47    556 AM  31    1949  45      2       34
  AVERAGE         65                        61      4       60

PRECIPITATION (IN)
  TODAY            0.00          0.23 2004   0.02  -0.02     0.00
  MONTH TO DATE    0.00                      0.23  -0.23     0.02
  SINCE JUL 1      0.03                      0.57  -0.54     0.04
  SINCE JAN 1      2.35                      5.48  -3.13     1.14

SNOWFALL (IN)
  TODAY            0.0           0.0    MM   0.0             0.0
  MONTH TO DATE    0.0                       0.0             0.0
  SINCE SEP 1      0.0                       0.0             0.0
  SINCE JUL 1      0.0                       0.0             0.0
  SNOW DEPTH       0

DEGREE DAYS
 HEATING
  TODAY            0                         5     -5        5
  MONTH TO DATE    9                        55    -46      140
  SINCE SEP 1     11                        67    -56      161
  SINCE JUL 1     11                        67    -56      161

 COOLING
  TODAY            0                         1     -1        0
  MONTH TO DATE   71                        46     25       16
  SINCE SEP 1    401                       317     84      333
  SINCE JAN 1   2052                      1876    176     2204
..................................................................


WIND (MPH)
  HIGHEST WIND SPEED    22   HIGHEST WIND DIRECTION     W (250)
  HIGHEST GUST SPEED    26   HIGHEST GUST DIRECTION    SW (220)
  AVERAGE WIND SPEED     6.3


SKY COVER
  POSSIBLE SUNSHINE  MM
  AVERAGE SKY COVER 0.0


WEATHER CONDITIONS
 THE FOLLOWING WEATHER WAS RECORDED TODAY.
  NO SIGNIFICANT WEATHER WAS OBSERVED.


RELATIVE HUMIDITY (PERCENT)
 HIGHEST    60           600 AM
 LOWEST     20          1200 PM
 AVERAGE    40

..........................................................


THE LANCASTER CLIMATE NORMALS FOR TOMORROW
                         NORMAL    RECORD    YEAR
 MAXIMUM TEMPERATURE (F)   78        93      2003
 MINIMUM TEMPERATURE (F)   44        24      1949


SUNRISE AND SUNSET
OCTOBER 20 2014.......SUNRISE   703 AM PDT   SUNSET   612 PM PDT
OCTOBER 21 2014.......SUNRISE   704 AM PDT   SUNSET   611 PM PDT


-  INDICATES NEGATIVE NUMBERS.
R  INDICATES RECORD WAS SET OR TIED.
MM INDICATES DATA IS MISSING.
T  INDICATES TRACE AMOUNT.




$$
