000
CDUS46 KLOX 190129
CLIWJF


CLIMATE REPORT
NATIONAL WEATHER SERVICE LOS ANGELES/OXNARD CA
528 PM PST SAT NOV 18 2017


...................................

...THE LANCASTER CLIMATE SUMMARY FOR NOVEMBER 18 2017...
VALID TODAY AS OF 0500 PM LOCAL TIME.

CLIMATE NORMAL PERIOD 1981 TO 2010
CLIMATE RECORD PERIOD 1948 TO 2017


WEATHER ITEM   OBSERVED TIME   RECORD YEAR NORMAL DEPARTURE LAST
                VALUE   (LST)  VALUE       VALUE  FROM      YEAR
                                                  NORMAL
..................................................................
TEMPERATURE (F)
 TODAY
  MAXIMUM         65    216 PM  82    1995  66     -1       63
  MINIMUM         32    701 AM  15    1958  35     -3       25
  AVERAGE         49                        50     -1       44

PRECIPITATION (IN)
  TODAY            0.00          0.35 1986   0.01  -0.01     0.00
  MONTH TO DATE    0.02                      0.29  -0.27     0.00
  SINCE OCT 1      0.02                      0.73  -0.71     0.18
  SINCE JAN 1      4.64                      5.98  -1.34     2.71

SNOWFALL (IN)
  TODAY            0.0           T    1994   0.0             0.0
  MONTH TO DATE    0.0                       0.0             0.0
  SINCE SEP 1      0.0                       0.0             0.0
  SINCE JUL 1      0.0                       0.0             0.0
  SNOW DEPTH       0

DEGREE DAYS
 HEATING
  TODAY           16                        15      1       21
  MONTH TO DATE  121                       205    -84      139
  SINCE SEP 1    229                       341   -112      194
  SINCE JUL 1    229                       341   -112      194

 COOLING
  TODAY            0                         0      0        0
  MONTH TO DATE    0                         0      0        0
  SINCE SEP 1    310                       322    -12      286
  SINCE JAN 1   2214                      1881    333     2148
..................................................................


WIND (MPH)
  HIGHEST WIND SPEED    16   HIGHEST WIND DIRECTION    NE (60)
  HIGHEST GUST SPEED    21   HIGHEST GUST DIRECTION    NE (40)
  AVERAGE WIND SPEED     6.2


SKY COVER
  POSSIBLE SUNSHINE  MM
  AVERAGE SKY COVER 0.0


WEATHER CONDITIONS
 THE FOLLOWING WEATHER WAS RECORDED TODAY.
  NO SIGNIFICANT WEATHER WAS OBSERVED.


RELATIVE HUMIDITY (PERCENT)
 HIGHEST    89           300 AM
 LOWEST     13           200 PM
 AVERAGE    51

..........................................................


THE LANCASTER CLIMATE NORMALS FOR TOMORROW
                         NORMAL    RECORD    YEAR
 MAXIMUM TEMPERATURE (F)   65        82      1995
 MINIMUM TEMPERATURE (F)   35        12      1964


SUNRISE AND SUNSET
NOVEMBER 18 2017......SUNRISE   630 AM PST   SUNSET   446 PM PST
NOVEMBER 19 2017......SUNRISE   631 AM PST   SUNSET   445 PM PST


-  INDICATES NEGATIVE NUMBERS.
R  INDICATES RECORD WAS SET OR TIED.
MM INDICATES DATA IS MISSING.
T  INDICATES TRACE AMOUNT.




$$
