000
CDUS46 KLOX 210117
CLIWJF


CLIMATE REPORT
NATIONAL WEATHER SERVICE LOS ANGELES/OXNARD CA
616 PM PDT THU JUL 20 2017


...................................

...THE LANCASTER CLIMATE SUMMARY FOR JULY 20 2017...
VALID TODAY AS OF 0600 PM LOCAL TIME.

CLIMATE NORMAL PERIOD 1981 TO 2010
CLIMATE RECORD PERIOD 1948 TO 2017


WEATHER ITEM   OBSERVED TIME   RECORD YEAR NORMAL DEPARTURE LAST
                VALUE   (LST)  VALUE       VALUE  FROM      YEAR
                                                  NORMAL
..................................................................
TEMPERATURE (F)
 TODAY
  MAXIMUM         98    201 PM 110    1960  99     -1      103
  MINIMUM         67    421 AM  52    1962  67      0       65
  AVERAGE         83                        83      0       84

PRECIPITATION (IN)
  TODAY            0.00          0.02 2006   0.00   0.00     0.00
  MONTH TO DATE    T                         0.06  -0.06     0.00
  SINCE OCT 1      6.51                      7.10  -0.59     3.82
  SINCE JAN 1      4.52                      4.97  -0.45     2.53

SNOWFALL (IN)
  TODAY            0.0           0.0    MM   0.0             0.0
  MONTH TO DATE    0.0                       0.0             0.0
  SINCE JUN 1      0.0                       0.0             0.0
  SINCE JUL 1      0.0                       0.0             0.0
  SNOW DEPTH       0

DEGREE DAYS
 HEATING
  TODAY            0                         0      0        0
  MONTH TO DATE    0                         0      0        0
  SINCE JUN 1      9                         8      1        0
  SINCE JUL 1      0                         0      0        0

 COOLING
  TODAY           18                        18      0       19
  MONTH TO DATE  462                       340    122      338
  SINCE JUN 1    937                       681    256      872
  SINCE JAN 1   1098                       870    228     1040
..................................................................


WIND (MPH)
  HIGHEST WIND SPEED    24   HIGHEST WIND DIRECTION    SW (230)
  HIGHEST GUST SPEED    31   HIGHEST GUST DIRECTION    SW (230)
  AVERAGE WIND SPEED    14.1


SKY COVER
  POSSIBLE SUNSHINE  MM
  AVERAGE SKY COVER 0.0


WEATHER CONDITIONS
 THE FOLLOWING WEATHER WAS RECORDED TODAY.
  HAZE


RELATIVE HUMIDITY (PERCENT)
 HIGHEST    51           500 AM
 LOWEST     12           100 PM
 AVERAGE    32

..........................................................


THE LANCASTER CLIMATE NORMALS FOR TOMORROW
                         NORMAL    RECORD    YEAR
 MAXIMUM TEMPERATURE (F)   99       107      2009
 MINIMUM TEMPERATURE (F)   67        50      1972


SUNRISE AND SUNSET
JULY 20 2017..........SUNRISE   554 AM PDT   SUNSET   804 PM PDT
JULY 21 2017..........SUNRISE   555 AM PDT   SUNSET   803 PM PDT


-  INDICATES NEGATIVE NUMBERS.
R  INDICATES RECORD WAS SET OR TIED.
MM INDICATES DATA IS MISSING.
T  INDICATES TRACE AMOUNT.




$$
