000
CDUS45 KLKN 060934
CLIWMC


CLIMATE REPORT
NATIONAL WEATHER SERVICE ELKO NV
129 AM PST TUE DEC 6 2016


...................................

...THE WINNEMUCCA AIRPORT NV CLIMATE SUMMARY FOR DECEMBER 5 2016...

CLIMATE NORMAL PERIOD 1981 TO 2010
CLIMATE RECORD PERIOD 1877 TO 2016


WEATHER ITEM   OBSERVED TIME   RECORD YEAR NORMAL DEPARTURE LAST
                VALUE   (LST)  VALUE       VALUE  FROM      YEAR
                                                  NORMAL
..................................................................
TEMPERATURE (F)
 YESTERDAY
  MAXIMUM         38    304 PM  61    1901  43     -5       44
  MINIMUM         12   1140 PM -10    1972  18     -6       12
  AVERAGE         25                        31     -6       28

PRECIPITATION (IN)
  YESTERDAY        T             0.67 1996   0.03  -0.03     0.00
  MONTH TO DATE    0.05                      0.15  -0.10     0.00
  SINCE OCT 1      2.39                      1.70   0.69     2.51
  SINCE JAN 1      7.21                      7.50  -0.29     9.13

SNOWFALL (IN)
  YESTERDAY        0.0           6.0  1955   0.2   -0.2      0.0
  MONTH TO DATE    T                         0.8   -0.8      0.0
  SINCE DEC 1      T                         0.8   -0.8      0.0
  SINCE JUL 1      0.6                       4.3   -3.7      0.3
  SNOW DEPTH       0

DEGREE DAYS
 HEATING
  YESTERDAY       40                        34      6       37
  MONTH TO DATE  181                       169     12      162
  SINCE DEC 1    181                       169     12      162
  SINCE JUL 1   1516                      1737   -221     1511

 COOLING
  YESTERDAY        0                         0      0        0
  MONTH TO DATE    0                         0      0        0
  SINCE DEC 1      0                         0      0        0
  SINCE JAN 1    577                       541     36      617
..................................................................


WIND (MPH)
  HIGHEST WIND SPEED    14   HIGHEST WIND DIRECTION     N (340)
  HIGHEST GUST SPEED    16   HIGHEST GUST DIRECTION    NW (330)
  AVERAGE WIND SPEED     4.2



WEATHER CONDITIONS
 THE FOLLOWING WEATHER WAS RECORDED YESTERDAY.
  LIGHT RAIN


RELATIVE HUMIDITY (PERCENT)
 HIGHEST    89           100 AM
 LOWEST     44          1200 PM
 AVERAGE    67

..........................................................


THE WINNEMUCCA AIRPORT NV CLIMATE NORMALS FOR TODAY
                         NORMAL    RECORD    YEAR
 MAXIMUM TEMPERATURE (F)   43        65      1977
 MINIMUM TEMPERATURE (F)   18        -6      1891


SUNRISE AND SUNSET
DECEMBER  6 2016......SUNRISE   702 AM PST   SUNSET   423 PM PST
DECEMBER  7 2016......SUNRISE   703 AM PST   SUNSET   423 PM PST


-  INDICATES NEGATIVE NUMBERS.
R  INDICATES RECORD WAS SET OR TIED.
MM INDICATES DATA IS MISSING.
T  INDICATES TRACE AMOUNT.




$$
