000
CDUS45 KLKN 230945
CLIWMC


CLIMATE REPORT
NATIONAL WEATHER SERVICE ELKO NV
143 AM PST THU FEB 23 2017


...................................

...THE WINNEMUCCA AIRPORT NV CLIMATE SUMMARY FOR FEBRUARY 22 2017...

CLIMATE NORMAL PERIOD 1981 TO 2010
CLIMATE RECORD PERIOD 1877 TO 2017


WEATHER ITEM   OBSERVED TIME   RECORD YEAR NORMAL DEPARTURE LAST
                VALUE   (LST)  VALUE       VALUE  FROM      YEAR
                                                  NORMAL
..................................................................
TEMPERATURE (F)
 YESTERDAY
  MAXIMUM         39    259 PM  67    1958  50    -11       49
  MINIMUM         28   1159 PM  -1    1894  24      4       25
  AVERAGE         34                        37     -3       37

PRECIPITATION (IN)
  YESTERDAY        0.05          0.32 2008   0.02   0.03     0.00
  MONTH TO DATE    0.74                      0.51   0.23     0.21
  SINCE OCT 1      7.09                      3.86   3.23     6.39
  SINCE JAN 1      2.55                      1.38   1.17     2.11

SNOWFALL (IN)
  YESTERDAY        0.7           2.9  1919   0.1    0.6      0.0
  MONTH TO DATE    0.7                       2.8   -2.1      1.2
  SINCE DEC 1     15.2                      11.9    3.3     19.1
  SINCE JUL 1     15.8                      15.4    0.4     19.4
  SNOW DEPTH       T

DEGREE DAYS
 HEATING
  YESTERDAY       31                        28      3       28
  MONTH TO DATE  511                       672   -161      593
  SINCE DEC 1   2886                      2857     29     2680
  SINCE JUL 1   4221                      4425   -204     4029

 COOLING
  YESTERDAY        0                         0      0        0
  MONTH TO DATE    0                         0      0        0
  SINCE DEC 1      0                         0      0        0
  SINCE JAN 1      0                         0      0        0
..................................................................


WIND (MPH)
  HIGHEST WIND SPEED    25   HIGHEST WIND DIRECTION     W (250)
  HIGHEST GUST SPEED    33   HIGHEST GUST DIRECTION     W (260)
  AVERAGE WIND SPEED    10.2



WEATHER CONDITIONS
 THE FOLLOWING WEATHER WAS RECORDED YESTERDAY.
  LIGHT SNOW
  FOG


RELATIVE HUMIDITY (PERCENT)
 HIGHEST   100           200 AM
 LOWEST     85           900 AM
 AVERAGE    93

..........................................................


THE WINNEMUCCA AIRPORT NV CLIMATE NORMALS FOR TODAY
                         NORMAL    RECORD    YEAR
 MAXIMUM TEMPERATURE (F)   50        68      1995
 MINIMUM TEMPERATURE (F)   24         2      1890


SUNRISE AND SUNSET
FEBRUARY 23 2017......SUNRISE   634 AM PST   SUNSET   536 PM PST
FEBRUARY 24 2017......SUNRISE   632 AM PST   SUNSET   537 PM PST


-  INDICATES NEGATIVE NUMBERS.
R  INDICATES RECORD WAS SET OR TIED.
MM INDICATES DATA IS MISSING.
T  INDICATES TRACE AMOUNT.




$$
