000
CDUS45 KLKN 160929
CLIWMC


CLIMATE REPORT
NATIONAL WEATHER SERVICE ELKO NV
129 AM PST SAT DEC 16 2017


...................................

...THE WINNEMUCCA AIRPORT NV CLIMATE SUMMARY FOR DECEMBER 15 2017...

CLIMATE NORMAL PERIOD 1981 TO 2010
CLIMATE RECORD PERIOD 1877 TO 2017


WEATHER ITEM   OBSERVED TIME   RECORD YEAR NORMAL DEPARTURE LAST
                VALUE   (LST)  VALUE       VALUE  FROM      YEAR
                                                  NORMAL
..................................................................
TEMPERATURE (F)
 YESTERDAY
  MAXIMUM         45    208 PM  62    1946  41      4       46
                                      1939
  MINIMUM          8    651 AM -14    1932  17     -9       28
  AVERAGE         27                        29     -2       37

PRECIPITATION (IN)
  YESTERDAY        0.01          0.45 2016   0.03  -0.02     0.45
  MONTH TO DATE    0.13                      0.43  -0.30     1.70
  SINCE OCT 1      1.16                      1.98  -0.82     4.04
  SINCE JAN 1      8.24                      7.78   0.46     8.86

SNOWFALL (IN)
  YESTERDAY        T             3.5  2008   0.1   -0.1      0.0
  MONTH TO DATE    0.8                       2.4   -1.6      3.3
  SINCE DEC 1      0.8                       2.4   -1.6      3.3
  SINCE JUL 1      0.8                       5.9   -5.1      3.9
  SNOW DEPTH       0

DEGREE DAYS
 HEATING
  YESTERDAY       38                        36      2       28
  MONTH TO DATE  561                       523     38      513
  SINCE DEC 1    561                       523     38      513
  SINCE JUL 1   1997                      2091    -94     1848

 COOLING
  YESTERDAY        0                         0      0        0
  MONTH TO DATE    0                         0      0        0
  SINCE DEC 1      0                         0      0        0
  SINCE JAN 1    927                       541    386      577
..................................................................


WIND (MPH)
  HIGHEST WIND SPEED    18   HIGHEST WIND DIRECTION    NW (310)
  HIGHEST GUST SPEED    25   HIGHEST GUST DIRECTION    NW (320)
  AVERAGE WIND SPEED     2.8



WEATHER CONDITIONS
 THE FOLLOWING WEATHER WAS RECORDED YESTERDAY.
  LIGHT SNOW
  FOG


RELATIVE HUMIDITY (PERCENT)
 HIGHEST    88          1200 AM
 LOWEST     41           200 PM
 AVERAGE    65

..........................................................


THE WINNEMUCCA AIRPORT NV CLIMATE NORMALS FOR TODAY
                         NORMAL    RECORD    YEAR
 MAXIMUM TEMPERATURE (F)   41        67      1939
 MINIMUM TEMPERATURE (F)   17        -8      2008


SUNRISE AND SUNSET
DECEMBER 16 2017......SUNRISE   710 AM PST   SUNSET   424 PM PST
DECEMBER 17 2017......SUNRISE   710 AM PST   SUNSET   425 PM PST


-  INDICATES NEGATIVE NUMBERS.
R  INDICATES RECORD WAS SET OR TIED.
MM INDICATES DATA IS MISSING.
T  INDICATES TRACE AMOUNT.




$$
