000
CDUS45 KLKN 010929
CLIWMC


CLIMATE REPORT
NATIONAL WEATHER SERVICE ELKO NV
128 AM PST SUN FEB 1 2015


...................................

...THE WINNEMUCCA AIRPORT NV CLIMATE SUMMARY FOR JANUARY 31 2015...

CLIMATE NORMAL PERIOD 1981 TO 2010
CLIMATE RECORD PERIOD 1877 TO 2015


WEATHER ITEM   OBSERVED TIME   RECORD YEAR NORMAL DEPARTURE LAST
                VALUE   (LST)  VALUE       VALUE  FROM      YEAR
                                                  NORMAL
..................................................................
TEMPERATURE (F)
 YESTERDAY
  MAXIMUM         49    351 PM  67    2003  44      5       36
  MINIMUM         19    733 AM -13    1917  21     -2       10
  AVERAGE         34                        32      2       23

PRECIPITATION (IN)
  YESTERDAY        0.00          0.37 1911   0.02  -0.02     0.20
  MONTH TO DATE    0.40                      0.87  -0.47     0.49
  SINCE OCT 1      2.97                      3.35  -0.38     3.15
  SINCE JAN 1      0.40                      0.87  -0.47     0.49

SNOWFALL (IN)
  YESTERDAY        0.0           5.2  1922   0.1   -0.1      3.9
  MONTH TO DATE    T                         3.8   -3.8      4.7
  SINCE DEC 1      T                         9.1   -9.1     14.6
  SINCE JUL 1      2.3                      12.6  -10.3     21.2
  SNOW DEPTH       0

DEGREE DAYS
 HEATING
  YESTERDAY       31                        33     -2       42
  MONTH TO DATE  926                      1081   -155      956
  SINCE DEC 1   1811                      2185   -374     2399
  SINCE JUL 1   3105                      3753   -648     3944

 COOLING
  YESTERDAY        0                         0      0        0
  MONTH TO DATE    0                         0      0        0
  SINCE DEC 1      0                         0      0        0
  SINCE JAN 1      0                         0      0        0
..................................................................


WIND (MPH)
  HIGHEST WIND SPEED    14   HIGHEST WIND DIRECTION    NW (320)
  HIGHEST GUST SPEED    19   HIGHEST GUST DIRECTION    NW (330)
  AVERAGE WIND SPEED     4.2



WEATHER CONDITIONS
 THE FOLLOWING WEATHER WAS RECORDED YESTERDAY.
  NO SIGNIFICANT WEATHER WAS OBSERVED.


RELATIVE HUMIDITY (PERCENT)
 HIGHEST   100           500 AM
 LOWEST     42           200 PM
 AVERAGE    71

..........................................................


THE WINNEMUCCA AIRPORT NV CLIMATE NORMALS FOR TODAY
                         NORMAL    RECORD    YEAR
 MAXIMUM TEMPERATURE (F)   44        63      1934
 MINIMUM TEMPERATURE (F)   21       -19      1893


SUNRISE AND SUNSET
FEBRUARY  1 2015......SUNRISE   702 AM PST   SUNSET   508 PM PST
FEBRUARY  2 2015......SUNRISE   701 AM PST   SUNSET   510 PM PST


-  INDICATES NEGATIVE NUMBERS.
R  INDICATES RECORD WAS SET OR TIED.
MM INDICATES DATA IS MISSING.
T  INDICATES TRACE AMOUNT.




$$
