000
CDUS45 KLKN 200933
CLIWMC


CLIMATE REPORT
NATIONAL WEATHER SERVICE ELKO NV
229 AM PDT SUN APR 20 2014


...................................

...THE WINNEMUCCA AIRPORT NV CLIMATE SUMMARY FOR APRIL 19 2014...

CLIMATE NORMAL PERIOD 1981 TO 2010
CLIMATE RECORD PERIOD 1877 TO 2014


WEATHER ITEM   OBSERVED TIME   RECORD YEAR NORMAL DEPARTURE LAST
                VALUE   (LST)  VALUE       VALUE  FROM      YEAR
                                                  NORMAL
..................................................................
TEMPERATURE (F)
 YESTERDAY
  MAXIMUM         75    436 PM  85    1934  63     12       66
  MINIMUM         31    455 AM  16    1979  31      0       21
                                      1966
  AVERAGE         53                        47      6       44

PRECIPITATION (IN)
  YESTERDAY        0.00          0.37 1896   0.03  -0.03      T
  MONTH TO DATE    0.14                      0.55  -0.41     0.55
  SINCE OCT 1      5.52                      5.39   0.13     3.75
  SINCE JAN 1      2.86                      2.91  -0.05     1.34

SNOWFALL (IN)
  YESTERDAY        0.0           4.0  1896   0.1   -0.1      0.0
  MONTH TO DATE    1.2                       1.2    0.0       T
  SINCE MAR 1      1.9                       4.4   -2.5       T
  SINCE JUL 1     23.4                      20.4    3.0     21.9
  SNOW DEPTH       0

DEGREE DAYS
 HEATING
  YESTERDAY       12                        18     -6       21
  MONTH TO DATE  324                       375    -51      391
  SINCE MAR 1   1027                      1114    -87     1101
  SINCE JUL 1   5686                      5703    -17     5867

 COOLING
  YESTERDAY        0                         0      0        0
  MONTH TO DATE    0                         0      0        0
  SINCE MAR 1      0                         0      0        0
  SINCE JAN 1      0                         0      0        0
..................................................................


WIND (MPH)
  HIGHEST WIND SPEED    22   HIGHEST WIND DIRECTION    SW (230)
  HIGHEST GUST SPEED    31   HIGHEST GUST DIRECTION     W (260)
  AVERAGE WIND SPEED     9.2



WEATHER CONDITIONS
 THE FOLLOWING WEATHER WAS RECORDED YESTERDAY.
  NO SIGNIFICANT WEATHER WAS OBSERVED.


RELATIVE HUMIDITY (PERCENT)
 HIGHEST    61           400 AM
 LOWEST      9           100 PM
 AVERAGE    35

..........................................................


THE WINNEMUCCA AIRPORT NV CLIMATE NORMALS FOR TODAY
                         NORMAL    RECORD    YEAR
 MAXIMUM TEMPERATURE (F)   64        86      1994
                                             1934
 MINIMUM TEMPERATURE (F)   32        11      1972


SUNRISE AND SUNSET
APRIL 20 2014.........SUNRISE   605 AM PDT   SUNSET   736 PM PDT
APRIL 21 2014.........SUNRISE   603 AM PDT   SUNSET   737 PM PDT


-  INDICATES NEGATIVE NUMBERS.
R  INDICATES RECORD WAS SET OR TIED.
MM INDICATES DATA IS MISSING.
T  INDICATES TRACE AMOUNT.




$$
