000
CDUS45 KLKN 280106
CLIWMC


CLIMATE REPORT
NATIONAL WEATHER SERVICE ELKO NV
604 PM PDT TUE JUN 27 2017


...................................

...THE WINNEMUCCA AIRPORT NV CLIMATE SUMMARY FOR JUNE 27 2017...
VALID TODAY AS OF 0500 PM LOCAL TIME.

CLIMATE NORMAL PERIOD 1981 TO 2010
CLIMATE RECORD PERIOD 1877 TO 2017


WEATHER ITEM   OBSERVED TIME   RECORD YEAR NORMAL DEPARTURE LAST
                VALUE   (LST)  VALUE       VALUE  FROM      YEAR
                                                  NORMAL
..................................................................
TEMPERATURE (F)
 TODAY
  MAXIMUM         90    355 PM 104    2015  88      2      100
  MINIMUM         53    419 AM  33    1965  49      4       46
  AVERAGE         72                        68      4       73

PRECIPITATION (IN)
  TODAY            0.00          0.73 1941   0.01  -0.01     0.00
  MONTH TO DATE    1.22                      0.53   0.69     0.01
  SINCE OCT 1     11.00                      7.38   3.62     8.86
  SINCE JAN 1      6.46                      4.90   1.56     4.58

SNOWFALL (IN)
  TODAY            0.0           0.0  1877   0.0    0.0      0.0
  MONTH TO DATE    0.0                       0.0    0.0      0.0
  SINCE JUN 1      0.0                       0.0    0.0      0.0
  SINCE JUL 1     18.5                      20.9   -2.4     21.1
  SNOW DEPTH       0

DEGREE DAYS
 HEATING
  TODAY            0                         1     -1        0
  MONTH TO DATE   73                       101    -28       54
  SINCE JUN 1     73                       101    -28       54
  SINCE JUL 1   6004                      6301   -297     5686

 COOLING
  TODAY            7                         5      2        8
  MONTH TO DATE  128                        64     64      102
  SINCE JUN 1    128                        64     64      102
  SINCE JAN 1    135                        75     60      102
..................................................................


WIND (MPH)
  HIGHEST WIND SPEED    20   HIGHEST WIND DIRECTION    SW (240)
  HIGHEST GUST SPEED    32   HIGHEST GUST DIRECTION     S (160)



WEATHER CONDITIONS
 THE FOLLOWING WEATHER WAS RECORDED TODAY.
  NO SIGNIFICANT WEATHER WAS OBSERVED.


RELATIVE HUMIDITY (PERCENT)
 HIGHEST    51           500 AM
 LOWEST      8           400 PM
 AVERAGE    30

..........................................................


THE WINNEMUCCA AIRPORT NV CLIMATE NORMALS FOR TOMORROW
                         NORMAL    RECORD    YEAR
 MAXIMUM TEMPERATURE (F)   88       105      2013
 MINIMUM TEMPERATURE (F)   49        34      1969


SUNRISE AND SUNSET
JUNE 27 2017..........SUNRISE   522 AM PDT   SUNSET   827 PM PDT
JUNE 28 2017..........SUNRISE   522 AM PDT   SUNSET   827 PM PDT


-  INDICATES NEGATIVE NUMBERS.
R  INDICATES RECORD WAS SET OR TIED.
MM INDICATES DATA IS MISSING.
T  INDICATES TRACE AMOUNT.




$$
