000
CDUS45 KLKN 260931
CLIWMC


CLIMATE REPORT
NATIONAL WEATHER SERVICE ELKO NV
231 AM PDT SUN MAR 26 2017


...................................

...THE WINNEMUCCA AIRPORT NV CLIMATE SUMMARY FOR MARCH 25 2017...

CLIMATE NORMAL PERIOD 1981 TO 2010
CLIMATE RECORD PERIOD 1877 TO 2017


WEATHER ITEM   OBSERVED TIME   RECORD YEAR NORMAL DEPARTURE LAST
                VALUE   (LST)  VALUE       VALUE  FROM      YEAR
                                                  NORMAL
..................................................................
TEMPERATURE (F)
 YESTERDAY
  MAXIMUM         56    330 PM  77    1960  58     -2       58
  MINIMUM         28    632 AM  12    1980  28      0       19
  AVERAGE         42                        42      0       39

PRECIPITATION (IN)
  YESTERDAY        0.00          0.51 1928   0.03  -0.03     0.00
  MONTH TO DATE    0.41                      0.66  -0.25     0.46
  SINCE OCT 1      7.54                      4.67   2.87     6.85
  SINCE JAN 1      3.00                      2.19   0.81     2.57

SNOWFALL (IN)
  YESTERDAY        0.0           2.9  1907   0.1   -0.1      0.0
  MONTH TO DATE    1.4                       2.7   -1.3       T
  SINCE MAR 1      1.4                       2.7   -1.3       T
  SINCE JUL 1     17.5                      18.7   -1.2     19.4
  SNOW DEPTH       0

DEGREE DAYS
 HEATING
  YESTERDAY       23                        22      1       26
  MONTH TO DATE  485                       608   -123      505
  SINCE MAR 1    485                       608   -123      505
  SINCE JUL 1   4924                      5197   -273     4682

 COOLING
  YESTERDAY        0                         0      0        0
  MONTH TO DATE    0                         0      0        0
  SINCE MAR 1      0                         0      0        0
  SINCE JAN 1      0                         0      0        0
..................................................................


WIND (MPH)
  HIGHEST WIND SPEED    15   HIGHEST WIND DIRECTION     W (270)
  HIGHEST GUST SPEED    19   HIGHEST GUST DIRECTION    SW (220)
  AVERAGE WIND SPEED     5.0



WEATHER CONDITIONS
 THE FOLLOWING WEATHER WAS RECORDED YESTERDAY.
  NO SIGNIFICANT WEATHER WAS OBSERVED.


RELATIVE HUMIDITY (PERCENT)
 HIGHEST   100           600 AM
 LOWEST     28           500 PM
 AVERAGE    64

..........................................................


THE WINNEMUCCA AIRPORT NV CLIMATE NORMALS FOR TODAY
                         NORMAL    RECORD    YEAR
 MAXIMUM TEMPERATURE (F)   58        74      1997
                                             1988
 MINIMUM TEMPERATURE (F)   28         8      1913


SUNRISE AND SUNSET
MARCH 26 2017.........SUNRISE   644 AM PDT   SUNSET   710 PM PDT
MARCH 27 2017.........SUNRISE   642 AM PDT   SUNSET   711 PM PDT


-  INDICATES NEGATIVE NUMBERS.
R  INDICATES RECORD WAS SET OR TIED.
MM INDICATES DATA IS MISSING.
T  INDICATES TRACE AMOUNT.




$$
