000
CDUS45 KLKN 200029
CLIWMC


CLIMATE REPORT
NATIONAL WEATHER SERVICE ELKO NV
527 PM PDT THU OCT 19  2017


...................................

...THE WINNEMUCCA AIRPORT NV CLIMATE SUMMARY FOR OCTOBER 19 2017...
VALID TODAY AS OF 0500 PM LOCAL TIME.

CLIMATE NORMAL PERIOD 1981 TO 2010
CLIMATE RECORD PERIOD 1877 TO 2017


WEATHER ITEM   OBSERVED TIME   RECORD YEAR NORMAL DEPARTURE LAST
                VALUE   (LST)  VALUE       VALUE  FROM      YEAR
                                                  NORMAL
..................................................................
TEMPERATURE (F)
 TODAY
  MAXIMUM         75    125 PM  84    1927  66      9       59
  MINIMUM         20    629 AM  15    1932  29     -9       22
                                      1905
  AVERAGE         48                        47      1       41

PRECIPITATION (IN)
  TODAY            0.00          0.58 1957   0.03  -0.03     0.00
  MONTH TO DATE    0.00                      0.40  -0.40     0.47
  SINCE OCT 1      0.00                      0.40  -0.40     0.47
  SINCE JAN 1      7.08                      6.20   0.88     5.29

SNOWFALL (IN)
  TODAY            0.0           0.8  1984   0.0    0.0      0.0
  MONTH TO DATE    0.0                       0.2   -0.2       T
  SINCE SEP 1      0.0                       0.2   -0.2       T
  SINCE JUL 1      0.0                       0.2   -0.2       T
  SNOW DEPTH       0

DEGREE DAYS
 HEATING
  TODAY           17                        18     -1       24
  MONTH TO DATE  381                       276    105      295
  SINCE SEP 1    609                       450    159      464
  SINCE JUL 1    609                       480    129      484

 COOLING
  TODAY            0                         0      0        0
  MONTH TO DATE    0                         0      0        0
  SINCE SEP 1    120                        31     89       12
  SINCE JAN 1    927                       541    386      577
..................................................................


WIND (MPH)
  HIGHEST WIND SPEED    20   HIGHEST WIND DIRECTION    SW (240)
  HIGHEST GUST SPEED    26   HIGHEST GUST DIRECTION    SW (240)



WEATHER CONDITIONS
 THE FOLLOWING WEATHER WAS RECORDED TODAY.
  NO SIGNIFICANT WEATHER WAS OBSERVED.


RELATIVE HUMIDITY (PERCENT)
 HIGHEST    46           600 AM
 LOWEST      8           100 PM
 AVERAGE    27

..........................................................


THE WINNEMUCCA AIRPORT NV CLIMATE NORMALS FOR TOMORROW
                         NORMAL    RECORD    YEAR
 MAXIMUM TEMPERATURE (F)   65        83      2003
                                             1927
                                             1915
 MINIMUM TEMPERATURE (F)   28         7      1996


SUNRISE AND SUNSET
OCTOBER 19 2017.......SUNRISE   707 AM PDT   SUNSET   604 PM PDT
OCTOBER 20 2017.......SUNRISE   708 AM PDT   SUNSET   603 PM PDT


-  INDICATES NEGATIVE NUMBERS.
R  INDICATES RECORD WAS SET OR TIED.
MM INDICATES DATA IS MISSING.
T  INDICATES TRACE AMOUNT.




$$
