000
CDUS45 KLKN 040031
CLIWMC


CLIMATE REPORT
NATIONAL WEATHER SERVICE ELKO NV
529 PM PDT MON AUG 3 2015


...................................

...THE WINNEMUCCA AIRPORT NV CLIMATE SUMMARY FOR AUGUST 3 2015...
VALID TODAY AS OF 500 PM LOCAL TIME.

CLIMATE NORMAL PERIOD 1981 TO 2010
CLIMATE RECORD PERIOD 1877 TO 2015


WEATHER ITEM   OBSERVED TIME   RECORD YEAR NORMAL DEPARTURE LAST
                VALUE   (LST)  VALUE       VALUE  FROM      YEAR
                                                  NORMAL
..................................................................
TEMPERATURE (F)
 TODAY
  MAXIMUM         94    210 PM 104    1946  94      0       93
  MINIMUM         56    456 AM  33    1956  52      4       60
  AVERAGE         75                        73      2       77

PRECIPITATION (IN)
  TODAY            0.00          0.21 1922   0.01  -0.01     0.00
  MONTH TO DATE    T                         0.02  -0.02     0.09
  SINCE OCT 1      8.90                      7.68   1.22     6.84
  SINCE JAN 1      6.33                      5.20   1.13     4.18

SNOWFALL (IN)
  TODAY            0.0           0.0  1877   0.0    0.0      0.0
  MONTH TO DATE    0.0                       0.0    0.0      0.0
  SINCE JUN 1      0.0                       T      0.0      0.0
  SINCE JUL 1      0.0                       0.0    0.0      0.0
  SNOW DEPTH       0

DEGREE DAYS
 HEATING
  TODAY            0                         0      0        0
  MONTH TO DATE    0                         0      0        0
  SINCE JUN 1     27                       115    -88       74
  SINCE JUL 1      5                        10     -5        0

 COOLING
  TODAY           10                         8      2       12
  MONTH TO DATE   35                        24     11       35
  SINCE JUN 1    440                       346     94      503
  SINCE JAN 1    444                       357     87      512
..................................................................


WIND (MPH)
  HIGHEST WIND SPEED    18   HIGHEST WIND DIRECTION    SW (230)
  HIGHEST GUST SPEED    24   HIGHEST GUST DIRECTION    SW (230)



WEATHER CONDITIONS
 THE FOLLOWING WEATHER WAS RECORDED TODAY.
  NO SIGNIFICANT WEATHER WAS OBSERVED.


RELATIVE HUMIDITY (PERCENT)
 HIGHEST    83           500 AM
 LOWEST     15           200 PM
 AVERAGE    49

..........................................................


THE WINNEMUCCA AIRPORT NV CLIMATE NORMALS FOR TOMORROW
                         NORMAL    RECORD    YEAR
 MAXIMUM TEMPERATURE (F)   94       104      1978
                                             1961
 MINIMUM TEMPERATURE (F)   52        35      1996


SUNRISE AND SUNSET
AUGUST  3 2015........SUNRISE   549 AM PDT   SUNSET   805 PM PDT
AUGUST  4 2015........SUNRISE   550 AM PDT   SUNSET   804 PM PDT


-  INDICATES NEGATIVE NUMBERS.
R  INDICATES RECORD WAS SET OR TIED.
MM INDICATES DATA IS MISSING.
T  INDICATES TRACE AMOUNT.




$$
