000
CDUS45 KRIW 310741
CLIWRL


CLIMATE REPORT
NATIONAL WEATHER SERVICE RIVERTON WY
131 AM MDT WED AUG 31 2016


...................................

...THE WORLAND WY CLIMATE SUMMARY FOR AUGUST 30 2016...

CLIMATE NORMAL PERIOD 1981 TO 2010
CLIMATE RECORD PERIOD 1947 TO 2016


WEATHER ITEM   OBSERVED TIME   RECORD YEAR NORMAL DEPARTURE LAST
                VALUE   (LST)  VALUE       VALUE  FROM      YEAR
                                                  NORMAL
..................................................................
TEMPERATURE (F)
 YESTERDAY
  MAXIMUM         95    310 PM  99    1999  83     12       95
  MINIMUM         59    225 AM  34    1964  49     10       60
  AVERAGE         77                        66     11       78

PRECIPITATION (IN)
  YESTERDAY        0.00          0.41 1971   0.01  -0.01     0.02
  MONTH TO DATE    0.27                      0.41  -0.14     0.47
  SINCE JUN 1      0.71                      2.27  -1.56     1.94
  SINCE JAN 1      4.47                      5.43  -0.96     6.12

DEGREE DAYS
 HEATING
  YESTERDAY        0                         2     -2        0
  MONTH TO DATE   27                        18      9       30
  SINCE JUN 1     37                       124    -87       41
  SINCE JUL 1     31                        31      0       37

 COOLING
  YESTERDAY       12                         3      9       13
  MONTH TO DATE  186                       178      8      194
  SINCE JUN 1    650                       491    159      571
  SINCE JAN 1    652                       503    149      573
..................................................................


WIND (MPH)
  HIGHEST WIND SPEED    16   HIGHEST WIND DIRECTION    SE (140)
  HIGHEST GUST SPEED    20   HIGHEST GUST DIRECTION    SE (130)
  AVERAGE WIND SPEED     7.8


SKY COVER
  POSSIBLE SUNSHINE  MM
  AVERAGE SKY COVER 0.0


WEATHER CONDITIONS
 THE FOLLOWING WEATHER WAS RECORDED YESTERDAY.
  NO SIGNIFICANT WEATHER WAS OBSERVED.


RELATIVE HUMIDITY (PERCENT)
 HIGHEST    48           200 AM
 LOWEST      8           400 PM
 AVERAGE    28

..........................................................


THE WORLAND WY CLIMATE NORMALS FOR TODAY
                         NORMAL    RECORD    YEAR
 MAXIMUM TEMPERATURE (F)   83       100      1991
 MINIMUM TEMPERATURE (F)   49        36      1993


SUNRISE AND SUNSET
AUGUST 31 2016........SUNRISE   635 AM MDT   SUNSET   748 PM MDT
SEPTEMBER  1 2016.....SUNRISE   636 AM MDT   SUNSET   747 PM MDT


-  INDICATES NEGATIVE NUMBERS.
R  INDICATES RECORD WAS SET OR TIED.
MM INDICATES DATA IS MISSING.
T  INDICATES TRACE AMOUNT.




$$
