000
CDUS45 KRIW 280742
CLIWRL


CLIMATE REPORT
NATIONAL WEATHER SERVICE RIVERTON WY
127 AM MDT SAT MAR 28 2015


...................................

...THE WORLAND WY CLIMATE SUMMARY FOR MARCH 27 2015...

CLIMATE NORMAL PERIOD 1981 TO 2010
CLIMATE RECORD PERIOD 1947 TO 2015


WEATHER ITEM   OBSERVED TIME   RECORD YEAR NORMAL DEPARTURE LAST
                VALUE   (LST)  VALUE       VALUE  FROM      YEAR
                                                  NORMAL
..................................................................
TEMPERATURE (F)
 YESTERDAY
  MAXIMUM         72    437 PM  76    2007  55     17       49
  MINIMUM         33    620 AM   5    1965  26      7       33
  AVERAGE         53                        40     13       41

PRECIPITATION (IN)
  YESTERDAY        0.00          0.52 2003   0.02  -0.02     0.09
  MONTH TO DATE    T                         0.39  -0.39     0.27
  SINCE MAR 1      T                         0.39  -0.39     0.27
  SINCE JAN 1      0.77                      0.81  -0.04     0.65

DEGREE DAYS
 HEATING
  YESTERDAY       12                        25    -13       24
  MONTH TO DATE  669                       789   -120      847
  SINCE MAR 1    669                       789   -120      847
  SINCE JUL 1   6578                      6790   -212     7227

 COOLING
  YESTERDAY        0                         0      0        0
  MONTH TO DATE    0                         0      0        0
  SINCE MAR 1      0                         0      0        0
  SINCE JAN 1      0                         0      0        0
..................................................................


WIND (MPH)
  HIGHEST WIND SPEED    13   HIGHEST WIND DIRECTION     S (170)
  HIGHEST GUST SPEED    13   HIGHEST GUST DIRECTION     S (170)
  AVERAGE WIND SPEED     5.9


SKY COVER
  POSSIBLE SUNSHINE  MM
  AVERAGE SKY COVER 0.0


WEATHER CONDITIONS
 THE FOLLOWING WEATHER WAS RECORDED YESTERDAY.
  NO SIGNIFICANT WEATHER WAS OBSERVED.


RELATIVE HUMIDITY (PERCENT)
 HIGHEST    82           600 AM
 LOWEST     20           400 PM
 AVERAGE    51

..........................................................


THE WORLAND WY CLIMATE NORMALS FOR TODAY
                         NORMAL    RECORD    YEAR
 MAXIMUM TEMPERATURE (F)   55        81      1986
 MINIMUM TEMPERATURE (F)   26         8      1975


SUNRISE AND SUNSET
MARCH 28 2015.........SUNRISE   701 AM MDT   SUNSET   734 PM MDT
MARCH 29 2015.........SUNRISE   659 AM MDT   SUNSET   735 PM MDT


-  INDICATES NEGATIVE NUMBERS.
R  INDICATES RECORD WAS SET OR TIED.
MM INDICATES DATA IS MISSING.
T  INDICATES TRACE AMOUNT.




$$
