000
CDUS45 KRIW 270745
CLIWRL


CLIMATE REPORT
NATIONAL WEATHER SERVICE RIVERTON WY
1239 AM MST THU NOV 27 2014


...................................

...THE WORLAND WY CLIMATE SUMMARY FOR NOVEMBER 26 2014...

CLIMATE NORMAL PERIOD 1981 TO 2010
CLIMATE RECORD PERIOD 1947 TO 2014


WEATHER ITEM   OBSERVED TIME   RECORD YEAR NORMAL DEPARTURE LAST
                VALUE   (LST)  VALUE       VALUE  FROM      YEAR
                                                  NORMAL
..................................................................
TEMPERATURE (F)
 YESTERDAY
  MAXIMUM         28    125 PM  66    1998  37     -9       38
  MINIMUM         16    638 PM -15    1985  11      5       10
  AVERAGE         22                        24     -2       24

PRECIPITATION (IN)
  YESTERDAY        0.09          0.40 2005   0.01   0.08     0.00
  MONTH TO DATE    0.57                      0.31   0.26     0.12
  SINCE SEP 1      1.97                      1.85   0.12     4.53
  SINCE JAN 1      7.56                      7.30   0.26     7.74

DEGREE DAYS
 HEATING
  YESTERDAY       43                        41      2       41
  MONTH TO DATE 1105                       863    242      886
  SINCE SEP 1   1717                      1689     28     1719
  SINCE JUL 1   1751                      1725     26     1719

 COOLING
  YESTERDAY        0                         0      0        0
  MONTH TO DATE    0                         0      0        0
  SINCE SEP 1     34                        29      5       91
  SINCE JAN 1    543                       535      8      852
..................................................................


WIND (MPH)
  HIGHEST WIND SPEED    13   HIGHEST WIND DIRECTION     S (160)
  HIGHEST GUST SPEED    14   HIGHEST GUST DIRECTION     S (160)
  AVERAGE WIND SPEED     1.4


SKY COVER
  POSSIBLE SUNSHINE  MM
  AVERAGE SKY COVER 0.9


WEATHER CONDITIONS
 THE FOLLOWING WEATHER WAS RECORDED YESTERDAY.
  LIGHT SNOW
  FOG
  FOG W/VISIBILITY <= 1/4 MILE


RELATIVE HUMIDITY (PERCENT)
 HIGHEST   100          1200 AM
 LOWEST     84           700 PM
 AVERAGE    92

..........................................................


THE WORLAND WY CLIMATE NORMALS FOR TODAY
                         NORMAL    RECORD    YEAR
 MAXIMUM TEMPERATURE (F)   37        68      1998
 MINIMUM TEMPERATURE (F)   11       -14      1985


SUNRISE AND SUNSET
NOVEMBER 27 2014......SUNRISE   722 AM MST   SUNSET   437 PM MST
NOVEMBER 28 2014......SUNRISE   723 AM MST   SUNSET   436 PM MST


-  INDICATES NEGATIVE NUMBERS.
R  INDICATES RECORD WAS SET OR TIED.
MM INDICATES DATA IS MISSING.
T  INDICATES TRACE AMOUNT.




$$
