000
CDUS45 KRIW 170735
CLIWRL


CLIMATE REPORT
NATIONAL WEATHER SERVICE RIVERTON WY
1228 AM MST WED DEC 17 2014


...................................

...THE WORLAND WY CLIMATE SUMMARY FOR DECEMBER 16 2014...

CLIMATE NORMAL PERIOD 1981 TO 2010
CLIMATE RECORD PERIOD 1947 TO 2014


WEATHER ITEM   OBSERVED TIME   RECORD YEAR NORMAL DEPARTURE LAST
                VALUE   (LST)  VALUE       VALUE  FROM      YEAR
                                                  NORMAL
..................................................................
TEMPERATURE (F)
 YESTERDAY
  MAXIMUM         20    200 PM  55    1962  30    -10       44
  MINIMUM          4    946 PM -29    1964   4      0       10
  AVERAGE         12                        17     -5       27

PRECIPITATION (IN)
  YESTERDAY        0.00          0.14 1975   0.00   0.00     0.00
  MONTH TO DATE    0.32                      0.12   0.20      T
  SINCE DEC 1      0.32                      0.12   0.20      T
  SINCE JAN 1      7.88                      7.46   0.42     7.74

DEGREE DAYS
 HEATING
  YESTERDAY       53                        48      5       38
  MONTH TO DATE  607                       737   -130      845
  SINCE DEC 1    607                       737   -130      845
  SINCE JUL 1   2523                      2629   -106     2701

 COOLING
  YESTERDAY        0                         0      0        0
  MONTH TO DATE    0                         0      0        0
  SINCE DEC 1      0                         0      0        0
  SINCE JAN 1    543                       535      8      852
..................................................................


WIND (MPH)
  HIGHEST WIND SPEED     9   HIGHEST WIND DIRECTION     S (160)
  HIGHEST GUST SPEED    10   HIGHEST GUST DIRECTION     S (180)
  AVERAGE WIND SPEED     3.8


SKY COVER
  POSSIBLE SUNSHINE  MM
  AVERAGE SKY COVER 0.5


WEATHER CONDITIONS
 THE FOLLOWING WEATHER WAS RECORDED YESTERDAY.
  FOG
  FOG W/VISIBILITY <= 1/4 MILE
  HAZE


RELATIVE HUMIDITY (PERCENT)
 HIGHEST    96          1200 PM
 LOWEST     76           600 AM
 AVERAGE    86

..........................................................


THE WORLAND WY CLIMATE NORMALS FOR TODAY
                         NORMAL    RECORD    YEAR
 MAXIMUM TEMPERATURE (F)   30        56      1962
 MINIMUM TEMPERATURE (F)    4       -40      1964


SUNRISE AND SUNSET
DECEMBER 17 2014......SUNRISE   741 AM MST   SUNSET   435 PM MST
DECEMBER 18 2014......SUNRISE   742 AM MST   SUNSET   435 PM MST


-  INDICATES NEGATIVE NUMBERS.
R  INDICATES RECORD WAS SET OR TIED.
MM INDICATES DATA IS MISSING.
T  INDICATES TRACE AMOUNT.




$$
