137
CDAK47 PAJK 171232
CLIYAK
CLIMATE REPORT
NATIONAL WEATHER SERVICE JUNEAU, AK
331 AM AKST FRI NOV 17 2017


...................................

...THE YAKUTAT CLIMATE SUMMARY FOR NOVEMBER 16 2017...

CLIMATE NORMAL PERIOD 1981 TO 2010
CLIMATE RECORD PERIOD 1917 TO 2017


WEATHER ITEM   OBSERVED RECORD YEAR NORMAL DEPARTURE LAST
                VALUE   VALUE       VALUE  FROM      YEAR
                                           NORMAL
...........................................................
TEMPERATURE (F)
 YESTERDAY
  MAXIMUM         33     53    1980  38     -5       39
  MINIMUM         13     -4    1966  26    -13       22
  AVERAGE         23                 32     -9       31

PRECIPITATION (IN)
  YESTERDAY        0.13   2.79 1995   0.47  -0.34     0.00
  MONTH TO DATE    0.24               7.78  -7.54     9.19
  SINCE JAN 1    109.25             132.17 -22.92   107.44

SNOWFALL (IN)
  YESTERDAY        2.0   12.3  2011   0.7    1.3      0.0
  MONTH TO DATE    2.5                7.8   -5.3       T
  SINCE JUL 1      2.6               10.3   -7.7       T
  SNOW DEPTH       T

DEGREE DAYS
 HEATING
  YESTERDAY       42                 33      9       34
  MONTH TO DATE  522                503     19      373
...........................................................


WIND (MPH)
  HIGHEST WIND SPEED    15   HIGHEST WIND DIRECTION     E (80)
  HIGHEST GUST SPEED    23   HIGHEST GUST DIRECTION     E (90)
  AVERAGE WIND SPEED     4.5


SKY COVER
  AVERAGE SKY COVER 0.5


WEATHER CONDITIONS
 THE FOLLOWING WEATHER WAS RECORDED YESTERDAY.
  LIGHT SNOW
  FOG


..........................................................


THE YAKUTAT CLIMATE NORMALS FOR TODAY
                         NORMAL    RECORD    YEAR
 MAXIMUM TEMPERATURE (F)   38        49      1936
 MINIMUM TEMPERATURE (F)   26         2      1977
                                             1966


SUNRISE AND SUNSET
NOVEMBER 17 2017......SUNRISE   820 AM AKST  SUNSET   347 PM AKST
NOVEMBER 18 2017......SUNRISE   822 AM AKST  SUNSET   345 PM AKST


-  INDICATES NEGATIVE NUMBERS.
R  INDICATES RECORD WAS SET OR TIED.
MM INDICATES DATA IS MISSING.
T  INDICATES TRACE AMOUNT.




$$
--------------------------------------------------------------

AMOUNT OF DAYLIGHT TODAY (HOUR:MIN)......... 7 HOURS 27 MINUTES
GAIN/LOSS SINCE YESTERDAY (HOUR:MIN:SEC).... -0:04:24

$$
