362
CDAK47 PAYA 290904
CLIYAK

CLIMATE REPORT
NATIONAL WEATHER SERVICE YAKUTAT, AK
105 AM AKDT FRI APR 29 2016

...................................
...THE YAKUTAT AP CLIMATE SUMMARY FOR APRIL 28 2016...

CLIMATE NORMAL PERIOD  1981 TO  2010
CLIMATE RECORD PERIOD  1948 TO  2016

WEATHER ITEM   OBSERVED TIME    RECORD YEAR NORMAL DEPARTURE LAST
               VALUE    (LST)   VALUE       VALUE  FROM      YEAR
                                                   NORMAL
...................................................................
TEMPERATURE
YESTERDAY
 MAXIMUM            47  1029 AM    65  2005     49      -2     49
 MINIMUM            40  0546 AM    19  1955     33       7     32
 AVERAGE            44                          41       3     41

PRECIPITATION
(INCHES)
 YESTERDAY        0.68           2.15  1950   0.28    0.40   0.25
 MONTH TO DATE    8.90                        8.62    0.28  13.98
 SINCE MAR 1     18.53                       19.66   -1.13  24.40
 SINCE JAN 1     43.82                       44.18   -0.36  48.77

SNOWFALL
(INCHES)
 YESTERDAY         0.0            3.9  1950    0.2    -0.2    0.0
 MONTH TO DATE     0.0                        10.0   -10.0    6.8
 SINCE MAR 1       0.7                        37.2   -36.5   34.3
 SINCE JUL 1      49.9                       139.4   -89.5   47.1
 SNOW DEPTH (IN)     0                                          0

DEGREE DAYS
 HEATING
  YESTERDAY         21                          24      -3     24
  MONTH TO DATE    623                         768    -145    723
  SINCE MAR 1     1423                        1790    -367   1646
  SINCE JUL 1     6761                        7919   -1158   7078

 COOLING
  YESTERDAY          0                           0       0      0
  MONTH TO DATE      0                           0       0      0
  SINCE MAR 1        0                           0       0      0
  SINCE JAN 1        0                           0       0      0
...................................................................

WIND (MPH)
 HIGHEST WIND SPEED    14     HIGHEST WIND DIRECTION    100
 HIGHEST GUST SPEED    22     HIGHEST GUST DIRECTION    120
 AVERAGE WIND SPEED   6.5

SKY COVER
  POSSIBLE SUNSHINE    MM          AVERAGE SKY COVER     MM

WEATHER CONDITIONS
 THE FOLLOWING WEATHER WAS RECORDED YESTERDAY.
  FOG
RAIN


RELATIVE HUMIDITY
 HIGHEST RH     MM PERCENT       MM
 LOWEST  RH     MM PERCENT       MM
 AVERAGE RH     MM PERCENT       MM
...................................................................

THE YAKUTAT CLIMATE NORMALS FOR TODAY
                           NORMAL    RECORD   YEAR
 MAXIMUM TEMPERATURE (F)     49        70     1995
 MINIMUM TEMPERATURE (F)     33        20     2013

SUNRISE AND SUNSET
 APR 29 2016..........SUNRISE  5:23 AM      SUNSET  9:12 PM
 APR 30 2016..........SUNRISE  5:20 AM      SUNSET  9:14 PM

-  INDICATES NEGATIVE NUMBERS.
R  INDICATES RECORD HAS BEEN SET OR TIED.
MM INDICATES DATA IS MISSING.
T  INDICATES TRACE OF PRECIPITATION.

&&
-------------------------------------------------------------------

AMOUNT OF DAYLIGHT TODAY  (HOUR:MIN)........15 HOURS 49 MINUTES
GAIN/LOSS SINCE YESTERDAY (HOUR:MIN:SEC)....+0:05:06

$$
DC APR 16
