000
CDAK47 PAYA 200906
CLIYAK

CLIMATE REPORT
NATIONAL WEATHER SERVICE YAKUTAT, AK
107 AM AKDT WED AUG 20 2014

...................................
...THE YAKUTAT AP CLIMATE SUMMARY FOR AUGUST 19 2014...

CLIMATE NORMAL PERIOD  1981 TO  2010
CLIMATE RECORD PERIOD  1948 TO  2014

WEATHER ITEM   OBSERVED TIME    RECORD YEAR NORMAL DEPARTURE LAST
               VALUE    (LST)   VALUE       VALUE  FROM      YEAR
                                                   NORMAL
...................................................................
TEMPERATURE
YESTERDAY
 MAXIMUM            62  0239 PM    69  1997     61       1     62
 MINIMUM            51  1159 PM    35  1965     47       4     46
 AVERAGE            57                          54       3     54

PRECIPITATION
(INCHES)
 YESTERDAY        0.00           3.40  2000   0.46   -0.46   0.12
 MONTH TO DATE   18.33                        7.94   10.39   2.82
 SINCE JUN 1     34.85                       22.21   12.64  12.71
 SINCE JAN 1     73.96                       75.17   -1.21  70.90

SNOWFALL
(INCHES)
 YESTERDAY         0.0            0.0  2014    0.0     0.0    0.0
 MONTH TO DATE     0.0                         0.0     0.0    0.0
 SINCE JUN 1       0.0                         0.0     0.0    0.0
 SINCE JUL 1       0.0                         0.0     0.0    0.0
 SNOW DEPTH (IN)     0                                          0

DEGREE DAYS
 HEATING
  YESTERDAY          8                          11      -3     11
  MONTH TO DATE    167                         196     -29    166
  SINCE JUN 1      926                         954     -28    805
  SINCE JUL 1      480                         528     -48    463

 COOLING
  YESTERDAY          0                           0       0      0
  MONTH TO DATE      0                           0       0      0
  SINCE JUN 1        0                           0       0      0
  SINCE JAN 1        0                           0       0      0
...................................................................

WIND (MPH)
 HIGHEST WIND SPEED    10     HIGHEST WIND DIRECTION    240
 HIGHEST GUST SPEED    12     HIGHEST GUST DIRECTION    240
 AVERAGE WIND SPEED   2.1

SKY COVER
  POSSIBLE SUNSHINE    MM          AVERAGE SKY COVER     MM

WEATHER CONDITIONS
 THE FOLLOWING WEATHER WAS RECORDED YESTERDAY.
  NO SIGNIFICANT WEATHER WAS OBSERVED.

RELATIVE HUMIDITY
 HIGHEST RH     MM PERCENT       MM
 LOWEST  RH     MM PERCENT       MM
 AVERAGE RH     MM PERCENT       MM
...................................................................

THE YAKUTAT CLIMATE NORMALS FOR TODAY
                           NORMAL    RECORD   YEAR
 MAXIMUM TEMPERATURE (F)     61        77     1977
 MINIMUM TEMPERATURE (F)     47        35     1986

SUNRISE AND SUNSET
 AUG 20 2014..........SUNRISE  5:48 AM      SUNSET  8:55 PM
 AUG 21 2014..........SUNRISE  5:50 AM      SUNSET  8:53 PM

-  INDICATES NEGATIVE NUMBERS.
R  INDICATES RECORD HAS BEEN SET OR TIED.
MM INDICATES DATA IS MISSING.
T  INDICATES TRACE OF PRECIPITATION.

&&
-------------------------------------------------------------------

AMOUNT OF DAYLIGHT TODAY  (HOUR:MIN)........15 HOURS 7 MINUTES
GAIN/LOSS SINCE YESTERDAY (HOUR:MIN:SEC)....-0:05:09

$$
*** AUG 14
