000
CDAK47 PAYA 280905
CLIYAK

CLIMATE REPORT
NATIONAL WEATHER SERVICE YAKUTAT, AK
105 AM AKDT MON JUL 28 2014

...................................
...THE YAKUTAT AP CLIMATE SUMMARY FOR JULY 27 2014...

CLIMATE NORMAL PERIOD  1981 TO  2010
CLIMATE RECORD PERIOD  1948 TO  2014

WEATHER ITEM   OBSERVED TIME    RECORD YEAR NORMAL DEPARTURE LAST
               VALUE    (LST)   VALUE       VALUE  FROM      YEAR
                                                   NORMAL
...................................................................
TEMPERATURE
YESTERDAY
 MAXIMUM            61  0221 PM    75  1970     61       0     66
 MINIMUM            48  0617 AM    40  1956     50      -2     52
 AVERAGE            55                          55       0     59

PRECIPITATION
(INCHES)
 YESTERDAY        0.64           2.53  2004   0.30    0.34   0.00
 MONTH TO DATE    6.13                        6.53   -0.40   6.51
 SINCE JUN 1     16.23                       12.92    3.31   9.89
 SINCE JAN 1     55.34                       65.88  -10.54  68.08

SNOWFALL
(INCHES)
 YESTERDAY         0.0            0.0  2014    0.0     0.0    0.0
 MONTH TO DATE     0.0                         0.0     0.0    0.0
 SINCE JUN 1       0.0                         0.0     0.0    0.0
 SINCE JUL 1       0.0                         0.0     0.0    0.0
 SNOW DEPTH (IN)     0                                          0

DEGREE DAYS
 HEATING
  YESTERDAY         10                          10       0      6
  MONTH TO DATE    274                         292     -18    266
  SINCE JUN 1      720                         718       2    608
  SINCE JUL 1      274                         292     -18    266

 COOLING
  YESTERDAY          0                           0       0      0
  MONTH TO DATE      0                           0       0      0
  SINCE JUN 1        0                           0       0      0
  SINCE JAN 1        0                           0       0      0
...................................................................

WIND (MPH)
 HIGHEST WIND SPEED    16     HIGHEST WIND DIRECTION    130
 HIGHEST GUST SPEED    23     HIGHEST GUST DIRECTION    140
 AVERAGE WIND SPEED   6.4

SKY COVER
  POSSIBLE SUNSHINE    MM          AVERAGE SKY COVER     MM

WEATHER CONDITIONS
 THE FOLLOWING WEATHER WAS RECORDED YESTERDAY.
  FOG
RAIN


RELATIVE HUMIDITY
 HIGHEST RH     MM PERCENT       MM
 LOWEST  RH     MM PERCENT       MM
 AVERAGE RH     MM PERCENT       MM
...................................................................

THE YAKUTAT CLIMATE NORMALS FOR TODAY
                           NORMAL    RECORD   YEAR
 MAXIMUM TEMPERATURE (F)     61        72     1996
 MINIMUM TEMPERATURE (F)     50        39     1986

SUNRISE AND SUNSET
 JUL 28 2014..........SUNRISE  4:55 AM      SUNSET  9:55 PM
 JUL 29 2014..........SUNRISE  4:57 AM      SUNSET  9:53 PM

-  INDICATES NEGATIVE NUMBERS.
R  INDICATES RECORD HAS BEEN SET OR TIED.
MM INDICATES DATA IS MISSING.
T  INDICATES TRACE OF PRECIPITATION.

&&
-------------------------------------------------------------------

AMOUNT OF DAYLIGHT TODAY  (HOUR:MIN)........17 HOURS 0 MINUTES
GAIN/LOSS SINCE YESTERDAY (HOUR:MIN:SEC)....-0:04:29

$$
DC JUL 14
