000
CDAK47 PAYA 290907
CLIYAK

CLIMATE REPORT
NATIONAL WEATHER SERVICE YAKUTAT, AK
107 AM AKDT SUN MAR 29 2015

...................................
...THE YAKUTAT AP CLIMATE SUMMARY FOR MARCH 28 2015...

CLIMATE NORMAL PERIOD  1981 TO  2010
CLIMATE RECORD PERIOD  1948 TO  2015

WEATHER ITEM   OBSERVED TIME    RECORD YEAR NORMAL DEPARTURE LAST
               VALUE    (LST)   VALUE       VALUE  FROM      YEAR
                                                   NORMAL
...................................................................
TEMPERATURE
YESTERDAY
 MAXIMUM            46  0159 PM    52  2011     41       5     43
 MINIMUM            34  0352 AM     0  1967     26       8     13
 AVERAGE            40                          34       6     28

PRECIPITATION
(INCHES)
 YESTERDAY        0.32           3.32  1987   0.32    0.00   0.00
 MONTH TO DATE    9.13                       10.09   -0.96   4.05
 SINCE MAR 1      9.13                       10.09   -0.96   4.05
 SINCE JAN 1     33.50                       34.61   -1.11  31.11

SNOWFALL
(INCHES)
 YESTERDAY         0.0           19.7  1992    0.8    -0.8    0.0
 MONTH TO DATE    27.5                        24.9     2.6    7.8
 SINCE MAR 1      27.5                        24.9     2.6    7.8
 SINCE JUL 1      40.3                       127.1   -86.8  103.2
 SNOW DEPTH (IN)     T                                          3

DEGREE DAYS
 HEATING
  YESTERDAY         25                          31      -6     37
  MONTH TO DATE    848                         929     -81    976
  SINCE MAR 1      848                         929     -81    976
  SINCE JUL 1     6280                        7058    -778   6789

 COOLING
  YESTERDAY          0                           0       0      0
  MONTH TO DATE      0                           0       0      0
  SINCE MAR 1        0                           0       0      0
  SINCE JAN 1        0                           0       0      0
...................................................................

WIND (MPH)
 HIGHEST WIND SPEED    14     HIGHEST WIND DIRECTION     80
 HIGHEST GUST SPEED    20     HIGHEST GUST DIRECTION     80
 AVERAGE WIND SPEED   6.8

SKY COVER
  POSSIBLE SUNSHINE    MM          AVERAGE SKY COVER     MM

WEATHER CONDITIONS
 THE FOLLOWING WEATHER WAS RECORDED YESTERDAY.
  FOG
RAIN


RELATIVE HUMIDITY
 HIGHEST RH     MM PERCENT       MM
 LOWEST  RH     MM PERCENT       MM
 AVERAGE RH     MM PERCENT       MM
...................................................................

THE YAKUTAT CLIMATE NORMALS FOR TODAY
                           NORMAL    RECORD   YEAR
 MAXIMUM TEMPERATURE (F)     41        59     1994
 MINIMUM TEMPERATURE (F)     26         5     1967

SUNRISE AND SUNSET
 MAR 29 2015..........SUNRISE  6:54 AM      SUNSET  7:55 PM
 MAR 30 2015..........SUNRISE  6:51 AM      SUNSET  7:58 PM

-  INDICATES NEGATIVE NUMBERS.
R  INDICATES RECORD HAS BEEN SET OR TIED.
MM INDICATES DATA IS MISSING.
T  INDICATES TRACE OF PRECIPITATION.

&&
-------------------------------------------------------------------

AMOUNT OF DAYLIGHT TODAY  (HOUR:MIN)........13 HOURS 1 MINUTES
GAIN/LOSS SINCE YESTERDAY (HOUR:MIN:SEC)....+0:05:21

$$
*** MAR 15
