000
CDAK47 PAYA 260919
CLIYAK

CLIMATE REPORT
NATIONAL WEATHER SERVICE YAKUTAT, AK
1219 AM AKST MON JAN 26 2015

...................................
...THE YAKUTAT AP CLIMATE SUMMARY FOR JANUARY 25 2015...

CLIMATE NORMAL PERIOD  1981 TO  2010
CLIMATE RECORD PERIOD  1948 TO  2015

WEATHER ITEM   OBSERVED TIME    RECORD YEAR NORMAL DEPARTURE LAST
               VALUE    (LST)   VALUE       VALUE  FROM      YEAR
                                                   NORMAL
...................................................................
TEMPERATURE
YESTERDAY
 MAXIMUM            43  0328 AM    50  2014     34       9     50
 MINIMUM            31  1131 PM   -18  1993     22       9     30
 AVERAGE            37                          28       9     40

PRECIPITATION
(INCHES)
 YESTERDAY        0.37           3.22  1977   0.43   -0.06   0.00
 MONTH TO DATE   13.71                       11.22    2.49  24.81
 SINCE DEC 1     25.76                       27.50   -1.74  34.49
 SINCE JAN 1     13.71                       11.22    2.49  24.81

SNOWFALL
(INCHES)
 YESTERDAY         1.3           11.2  2012    1.1     0.2    0.0
 MONTH TO DATE     1.3                        24.9   -23.6   21.4
 SINCE DEC 1       3.1                        48.1   -45.0   58.1
 SINCE JUL 1       8.4                        68.8   -60.4   67.3
 SNOW DEPTH (IN)     0                                          0

DEGREE DAYS
 HEATING
  YESTERDAY         28                          37      -9     25
  MONTH TO DATE    701                         924    -223    714
  SINCE DEC 1     1666                        2020    -354   1874
  SINCE JUL 1     4346                        4918    -572   4484

 COOLING
  YESTERDAY          0                           0       0      0
  MONTH TO DATE      0                           0       0      0
  SINCE DEC 1        0                           0       0      0
  SINCE JAN 1        0                           0       0      0
...................................................................

WIND (MPH)
 HIGHEST WIND SPEED    18     HIGHEST WIND DIRECTION    240
 HIGHEST GUST SPEED    26     HIGHEST GUST DIRECTION    240
 AVERAGE WIND SPEED   6.4

SKY COVER
  POSSIBLE SUNSHINE    MM          AVERAGE SKY COVER     MM

WEATHER CONDITIONS
 THE FOLLOWING WEATHER WAS RECORDED YESTERDAY.
  FOG
RAIN
SNOW


RELATIVE HUMIDITY
 HIGHEST RH     MM PERCENT       MM
 LOWEST  RH     MM PERCENT       MM
 AVERAGE RH     MM PERCENT       MM
...................................................................

THE YAKUTAT CLIMATE NORMALS FOR TODAY
                           NORMAL    RECORD   YEAR
 MAXIMUM TEMPERATURE (F)     34        46     2014
 MINIMUM TEMPERATURE (F)     22       -13     1972

SUNRISE AND SUNSET
 JAN 26 2015..........SUNRISE  8:43 AM      SUNSET  4:21 PM
 JAN 27 2015..........SUNRISE  8:41 AM      SUNSET  4:23 PM

-  INDICATES NEGATIVE NUMBERS.
R  INDICATES RECORD HAS BEEN SET OR TIED.
MM INDICATES DATA IS MISSING.
T  INDICATES TRACE OF PRECIPITATION.

&&
-------------------------------------------------------------------

AMOUNT OF DAYLIGHT TODAY  (HOUR:MIN)........7 HOURS 38 MINUTES
GAIN/LOSS SINCE YESTERDAY (HOUR:MIN:SEC)....+0:04:31

$$
*** JAN 15
