000
CDUS46 KPDT 180837
CLIYKM

CLIMATE REPORT
NATIONAL WEATHER SERVICE PENDLETON OR
137 AM PDT FRI APR 18 2014


...................................

...THE YAKIMA WA CLIMATE SUMMARY FOR APRIL 17 2014...

CLIMATE NORMAL PERIOD 1981 TO 2010
CLIMATE RECORD PERIOD 1946 TO 2014


WEATHER ITEM   OBSERVED TIME   RECORD YEAR NORMAL DEPARTURE LAST
                VALUE   (LST)  VALUE       VALUE  FROM      YEAR
                                                  NORMAL
..................................................................
TEMPERATURE (F)
 YESTERDAY
  MAXIMUM         64    335 PM  84    1994  64      0       62
  MINIMUM         45   1019 PM  21    1964  34     11       25
  AVERAGE         55                        49      6       44

PRECIPITATION (IN)
  YESTERDAY        0.01          0.40 1988   0.01   0.00     0.00
  MONTH TO DATE    0.01                      0.29  -0.28     0.40
  SINCE OCT 1      3.17                      5.95  -2.78     5.10
  SINCE JAN 1      2.34                      2.83  -0.49     1.30

SNOWFALL (IN)
  YESTERDAY        0.0           0.0  2002   0.0    0.0      0.0
                                      2001
                                      2000
  MONTH TO DATE    0.0                       0.0    0.0      0.0
  SINCE JAN 1     19.9                       8.6   11.3      1.1
  SINCE JUL 1     19.9                      21.6   -1.7     15.3
  SNOW DEPTH       0

DEGREE DAYS
 HEATING
  YESTERDAY       10                        16     -6       21
  MONTH TO DATE  202                       292    -90      256
  SINCE MAR 1    836                       969   -133      851
  SINCE JUL 1   5238                      5496   -258     4814

 COOLING
  YESTERDAY        0                         0      0        0
  MONTH TO DATE    0                         0      0        0
  SINCE MAR 1      0                         0      0        0
  SINCE JAN 1      0                         0      0        0
..................................................................


WIND (MPH)
  HIGHEST WIND SPEED    24   HIGHEST WIND DIRECTION     S (200)
  HIGHEST GUST SPEED    29   HIGHEST GUST DIRECTION    SW (210)
  AVERAGE WIND SPEED     7.9


SKY COVER
  POSSIBLE SUNSHINE  MM
  AVERAGE SKY COVER 0.7


WEATHER CONDITIONS
 THE FOLLOWING WEATHER WAS RECORDED YESTERDAY.
  LIGHT RAIN


RELATIVE HUMIDITY (PERCENT)
 HIGHEST    72          1200 PM
 LOWEST     44           600 PM
 AVERAGE    58

..........................................................


THE YAKIMA WA CLIMATE NORMALS FOR TODAY
                         NORMAL    RECORD    YEAR
 MAXIMUM TEMPERATURE (F)   64        84      1952
 MINIMUM TEMPERATURE (F)   35        23      1964


SUNRISE AND SUNSET
APRIL 18 2014.........SUNRISE   609 AM PDT   SUNSET   754 PM PDT
APRIL 19 2014.........SUNRISE   608 AM PDT   SUNSET   756 PM PDT


-  INDICATES NEGATIVE NUMBERS.
R  INDICATES RECORD WAS SET OR TIED.
MM INDICATES DATA IS MISSING.
T  INDICATES TRACE AMOUNT.


$$
