000
CDUS46 KPDT 230848 RRB
CLIYKM

CLIMATE REPORT
NATIONAL WEATHER SERVICE PENDLETON OR
146 AM PDT SAT SEP 23 2017


...................................

...THE YAKIMA WA CLIMATE SUMMARY FOR SEPTEMBER 22 2017...

CLIMATE NORMAL PERIOD 1981 TO 2010
CLIMATE RECORD PERIOD 1946 TO 2017


WEATHER ITEM   OBSERVED TIME   RECORD YEAR NORMAL DEPARTURE LAST
                VALUE   (LST)  VALUE       VALUE  FROM      YEAR
                                                  NORMAL
..................................................................
TEMPERATURE (F)
 YESTERDAY
  MAXIMUM         67    203 PM  91    1966  76     -9       78
                                      1947
  MINIMUM         47    319 AM  30    2000  42      5       47
                                      1981
  AVERAGE         57                        59     -2       63

PRECIPITATION (IN)
  YESTERDAY        0.00          0.29 1973   0.01  -0.01     0.00
  MONTH TO DATE    0.16                      0.25  -0.09     0.16
  SINCE OCT 1     11.87                      8.14   3.73    10.70
  SINCE JAN 1      7.95                      5.02   2.93     6.05

SNOWFALL (IN)
  YESTERDAY        0.0           0.0  2002   0.0    0.0      0.0
                                      2001
                                      1999
  MONTH TO DATE    0.0                       0.0    0.0      0.0
  SINCE JAN 1     29.1                       8.6   20.5     12.5
  SINCE JUL 1      0.0                       0.0    0.0      0.0
  SNOW DEPTH       0

DEGREE DAYS
 HEATING
  YESTERDAY        8                         7      1        2
  MONTH TO DATE   72                        92    -20       65
  SINCE SEP 1     72                        92    -20       65
  SINCE JUL 1     72                       140    -68       68

 COOLING
  YESTERDAY        0                         1     -1        0
  MONTH TO DATE  116                        31     85       12
  SINCE SEP 1    116                        31     85       12
  SINCE JAN 1   1054                       471    583      765
..................................................................


WIND (MPH)
  HIGHEST WIND SPEED     8   HIGHEST WIND DIRECTION     S (200)
  HIGHEST GUST SPEED    11   HIGHEST GUST DIRECTION     S (180)
  AVERAGE WIND SPEED     4.5


SKY COVER
  POSSIBLE SUNSHINE  MM
  AVERAGE SKY COVER 0.7


WEATHER CONDITIONS
 THE FOLLOWING WEATHER WAS RECORDED YESTERDAY.
  NO SIGNIFICANT WEATHER WAS OBSERVED.


RELATIVE HUMIDITY (PERCENT)
 HIGHEST    86           300 AM
 LOWEST     37          1200 PM
 AVERAGE    62

..........................................................


THE YAKIMA WA CLIMATE NORMALS FOR TODAY
                         NORMAL    RECORD    YEAR
 MAXIMUM TEMPERATURE (F)   75        90      1952
                                             1947
 MINIMUM TEMPERATURE (F)   41        25      2000


SUNRISE AND SUNSET
SEPTEMBER 23 2017.....SUNRISE   651 AM PDT   SUNSET   657 PM PDT
SEPTEMBER 24 2017.....SUNRISE   652 AM PDT   SUNSET   655 PM PDT


-  INDICATES NEGATIVE NUMBERS.
R  INDICATES RECORD WAS SET OR TIED.
MM INDICATES DATA IS MISSING.
T  INDICATES TRACE AMOUNT.




$$
