000
CDUS46 KPDT 010042
CLIYKM

CLIMATE REPORT
NATIONAL WEATHER SERVICE PENDLETON OR
542 PM PDT WED AUG 31 2016

...................................

...THE YAKIMA WA CLIMATE SUMMARY FOR AUGUST 31 2016...
VALID TODAY AS OF 0500 PM LOCAL TIME.

CLIMATE NORMAL PERIOD 1981 TO 2010
CLIMATE RECORD PERIOD 1946 TO 2016


WEATHER ITEM   OBSERVED TIME   RECORD YEAR NORMAL DEPARTURE LAST
                VALUE   (LST)  VALUE       VALUE  FROM      YEAR
                                                  NORMAL
..................................................................
TEMPERATURE (F)
 TODAY
  MAXIMUM         86    327 PM  97    1998  83      3       81
                                      1949
  MINIMUM         47    533 AM  37    1999  48     -1       49
  AVERAGE         67                        66      1       65

PRECIPITATION (IN)
  TODAY            0.00          0.10 1999   0.01  -0.01     0.00
  MONTH TO DATE    T                         0.26  -0.26     0.01
  SINCE OCT 1     10.54                      7.89   2.65     6.40
  SINCE JAN 1      5.89                      4.77   1.12     4.30

SNOWFALL (IN)
  TODAY            0.0           0.0  2002   0.0    0.0      0.0
                                      2001
                                      1999
  MONTH TO DATE    0.0                       0.0    0.0      0.0
  SINCE JAN 1     12.5                       8.6    3.9      1.6
  SINCE JUL 1      0.0                       0.0    0.0      0.0
  SNOW DEPTH       0

DEGREE DAYS
 HEATING
  TODAY            0                         2     -2        0
  MONTH TO DATE    3                        28    -25        1
  SINCE JUN 1     71                       146    -75        4
  SINCE JUL 1      3                        48    -45        1

COOLING
  TODAY            2                         3     -1        0
  MONTH TO DATE  255                       160     95      276
  SINCE JUN 1    714                       420    294      965
  SINCE JAN 1    753                       440    313     1057
..................................................................


WIND (MPH)
  HIGHEST WIND SPEED    10   HIGHEST WIND DIRECTION     S (170)
  HIGHEST GUST SPEED    15   HIGHEST GUST DIRECTION    SE (140)
  AVERAGE WIND SPEED     5.0


SKY COVER
  POSSIBLE SUNSHINE  MM
  AVERAGE SKY COVER 0.1


WEATHER CONDITIONS
 THE FOLLOWING WEATHER WAS RECORDED TODAY.
  NO SIGNIFICANT WEATHER WAS OBSERVED.


RELATIVE HUMIDITY (PERCENT)
 HIGHEST    82           500 AM
 LOWEST     20           100 PM
 AVERAGE    51

..........................................................


THE YAKIMA WA CLIMATE NORMALS FOR TOMORROW
                         NORMAL    RECORD    YEAR
 MAXIMUM TEMPERATURE (F)   83       100      1949
 MINIMUM TEMPERATURE (F)   48        36      2000


SUNRISE AND SUNSET
AUGUST 31 2016........SUNRISE   622 AM PDT   SUNSET   742 PM PDT
SEPTEMBER  1 2016.....SUNRISE   623 AM PDT   SUNSET   740 PM PDT


-  INDICATES NEGATIVE NUMBERS.
R  INDICATES RECORD WAS SET OR TIED.
MM INDICATES DATA IS MISSING.
T  INDICATES TRACE AMOUNT.

$$
