000
CDUS46 KPDT 080923 RRA
CLIYKM

CLIMATE REPORT
NATIONAL WEATHER SERVICE PENDLETON OR
1255 AM PST MON FEB 8 2016


...................................

...THE YAKIMA WA CLIMATE SUMMARY FOR FEBRUARY 7 2016...

CLIMATE NORMAL PERIOD 1981 TO 2010
CLIMATE RECORD PERIOD 1946 TO 2016


WEATHER ITEM   OBSERVED TIME   RECORD YEAR NORMAL DEPARTURE LAST
                VALUE   (LST)  VALUE       VALUE  FROM      YEAR
                                                  NORMAL
..................................................................
TEMPERATURE (F)
 YESTERDAY
  MAXIMUM         52    208 PM  65    2015  44      8       65
  MINIMUM         26    714 AM  -4    2014  25      1       42
  AVERAGE         39                        35      4       54

PRECIPITATION (IN)
  YESTERDAY        0.00          0.79 2002   0.03  -0.03     0.09
  MONTH TO DATE    0.03                      0.20  -0.17     0.42
  SINCE OCT 1      6.99                      4.46   2.53     3.22
  SINCE JAN 1      2.34                      1.34   0.00     1.12

SNOWFALL (IN)
  YESTERDAY        0.0           3.0  2014   0.1   -0.1      0.0
  MONTH TO DATE    0.8                       0.8    0.0      0.0
  SINCE JAN 1     12.5                       6.1    6.4      1.6
  SINCE JUL 1     31.4                      19.1   12.3      1.6
  SNOW DEPTH       0

DEGREE DAYS
 HEATING
  YESTERDAY       26                        30     -4       11
  MONTH TO DATE  192                       215    -23      155
  SINCE DEC 1   2190                      2400   -210     1979
  SINCE JUL 1   3304                      3933   -629     3163

 COOLING
  YESTERDAY        0                         0      0        0
  MONTH TO DATE    0                         0      0        0
  SINCE DEC 1      0                         0      0        0
  SINCE JAN 1      0                         0      0        0
..................................................................


WIND (MPH)
  HIGHEST WIND SPEED    10   HIGHEST WIND DIRECTION     W (260)
  HIGHEST GUST SPEED    12   HIGHEST GUST DIRECTION     W (260)
  AVERAGE WIND SPEED     6.1


SKY COVER
  POSSIBLE SUNSHINE  MM
  AVERAGE SKY COVER 0.0


WEATHER CONDITIONS
 THE FOLLOWING WEATHER WAS RECORDED YESTERDAY.
  NO SIGNIFICANT WEATHER WAS OBSERVED.


RELATIVE HUMIDITY (PERCENT)
 HIGHEST    78           200 AM
 LOWEST     42           100 PM
 AVERAGE    60

..........................................................


THE YAKIMA WA CLIMATE NORMALS FOR TODAY
                         NORMAL    RECORD    YEAR
 MAXIMUM TEMPERATURE (F)   44        58      1995
 MINIMUM TEMPERATURE (F)   25         0      1949


SUNRISE AND SUNSET
FEBRUARY  8 2016......SUNRISE   717 AM PST   SUNSET   516 PM PST
FEBRUARY  9 2016......SUNRISE   716 AM PST   SUNSET   518 PM PST


-  INDICATES NEGATIVE NUMBERS.
R  INDICATES RECORD WAS SET OR TIED.
MM INDICATES DATA IS MISSING.
T  INDICATES TRACE AMOUNT.




$$
