000
CDUS46 KPDT 260039
CLIYKM

CLIMATE REPORT
NATIONAL WEATHER SERVICE PENDLETON OR
526 PM PDT SAT OCT 25 2014


...................................

...THE YAKIMA WA CLIMATE SUMMARY FOR OCTOBER 25 2014...
VALID TODAY AS OF 0500 PM LOCAL TIME.

CLIMATE NORMAL PERIOD 1981 TO 2010
CLIMATE RECORD PERIOD 1946 TO 2014


WEATHER ITEM   OBSERVED TIME   RECORD YEAR NORMAL DEPARTURE LAST
                VALUE   (LST)  VALUE       VALUE  FROM      YEAR
                                                  NORMAL
..................................................................
TEMPERATURE (F)
 TODAY
  MAXIMUM         58    116 PM  71    1984  59     -1       68
  MINIMUM         49    437 AM  19    2002  32     17       33
  AVERAGE         54                        45      9       51

PRECIPITATION (IN)
  TODAY            0.01          0.23 1991   0.02  -0.01     0.00
  MONTH TO DATE    0.35                      0.39  -0.04     0.01
  SINCE OCT 1      0.35                      0.39  -0.04     0.01
  SINCE JAN 1      4.77                      5.52  -0.75     4.67

SNOWFALL (IN)
  TODAY            0.0           0.0  2002   0.1   -0.1      0.0
                                      2001
                                      1999
  MONTH TO DATE    0.0                       0.1   -0.1      0.0
  SINCE JAN 1     19.9                       8.7   11.2      1.1
  SINCE JUL 1      0.0                       0.1   -0.1      0.0
  SNOW DEPTH       0

DEGREE DAYS
 HEATING
  TODAY           11                        20     -9       14
  MONTH TO DATE  200                       371   -171      365
  SINCE SEP 1    270                       531   -261      490
  SINCE JUL 1    276                       579   -303      490

 COOLING
  TODAY            0                         0      0        0
  MONTH TO DATE    8                         0      8        0
  SINCE SEP 1     44                        32     12      135
  SINCE JAN 1    871                       472    399      970
..................................................................


WIND (MPH)
  HIGHEST WIND SPEED    12   HIGHEST WIND DIRECTION     S (160)
  HIGHEST GUST SPEED    15   HIGHEST GUST DIRECTION     S (180)
  AVERAGE WIND SPEED     5.4


SKY COVER
  POSSIBLE SUNSHINE  MM
  AVERAGE SKY COVER 0.8


WEATHER CONDITIONS
THE FOLLOWING WEATHER WAS RECORDED TODAY.
  LIGHT RAIN


RELATIVE HUMIDITY (PERCENT)
 HIGHEST    93          1200 AM
 LOWEST     66           100 PM
 AVERAGE    80

..........................................................


THE YAKIMA WA CLIMATE NORMALS FOR TOMORROW
                         NORMAL    RECORD    YEAR
 MAXIMUM TEMPERATURE (F)   59        69      1992
                                             1965
                                             1953
 MINIMUM TEMPERATURE (F)   31        19      2002


SUNRISE AND SUNSET
OCTOBER 25 2014.......SUNRISE   734 AM PDT   SUNSET   558 PM PDT
OCTOBER 26 2014.......SUNRISE   735 AM PDT   SUNSET   556 PM PDT


-  INDICATES NEGATIVE NUMBERS.
R  INDICATES RECORD WAS SET OR TIED.
MM INDICATES DATA IS MISSING.
T  INDICATES TRACE AMOUNT.




$$
