000
CDUS46 KPDT 210831
CLIYKM

CLIMATE REPORT
NATIONAL WEATHER SERVICE PENDLETON OR
1228 AM PST SUN DEC 21 2014


...................................

...THE YAKIMA WA CLIMATE SUMMARY FOR DECEMBER 20 2014...

CLIMATE NORMAL PERIOD 1981 TO 2010
CLIMATE RECORD PERIOD 1946 TO 2014


WEATHER ITEM   OBSERVED TIME   RECORD YEAR NORMAL DEPARTURE LAST
                VALUE   (LST)  VALUE       VALUE  FROM      YEAR
                                                  NORMAL
..................................................................
TEMPERATURE (F)
 YESTERDAY
  MAXIMUM         44    314 PM  61    1994  34     10       37
  MINIMUM         36    144 AM  -7    1984  21     15       20
  AVERAGE         40                        28     12       29

PRECIPITATION (IN)
  YESTERDAY        0.20          0.45 1955   0.06   0.14      T
  MONTH TO DATE    0.83                      0.99  -0.16     0.32
  SINCE OCT 1      2.01                      2.58  -0.57     0.83
  SINCE JAN 1      6.43                      7.71  -1.28     5.49

SNOWFALL (IN)
  YESTERDAY       MM             3.5  1970   0.3   MM        0.0
  MONTH TO DATE    0.0                       6.0   -6.0       T
  SINCE JAN 1     19.9                      18.2    1.7      1.1
  SINCE JUL 1      T                         9.6   -9.6       T
  SNOW DEPTH       0

DEGREE DAYS
 HEATING
  YESTERDAY       25                        37    -12       36
  MONTH TO DATE  567                       717   -150      776
  SINCE DEC 1    567                       717   -150      776
  SINCE JUL 1   1751                      2250   -499     2192

 COOLING
  YESTERDAY        0                         0      0        0
  MONTH TO DATE    0                         0      0        0
  SINCE DEC 1      0                         0      0        0
  SINCE JAN 1    871                       472    399      970
..................................................................


WIND (MPH)
  HIGHEST WIND SPEED     8   HIGHEST WIND DIRECTION    NW (300)
  HIGHEST GUST SPEED     9   HIGHEST GUST DIRECTION     W (260)
  AVERAGE WIND SPEED     1.3


SKY COVER
  POSSIBLE SUNSHINE  MM
  AVERAGE SKY COVER 0.8


WEATHER CONDITIONS
THE FOLLOWING WEATHER WAS RECORDED YESTERDAY.
  LIGHT RAIN
  FOG


RELATIVE HUMIDITY (PERCENT)
 HIGHEST    93           700 PM
 LOWEST     85           800 AM
 AVERAGE    89

..........................................................


THE YAKIMA WA CLIMATE NORMALS FOR TODAY
                         NORMAL    RECORD    YEAR
 MAXIMUM TEMPERATURE (F)   34        57      1974
 MINIMUM TEMPERATURE (F)   21        -9      1990


SUNRISE AND SUNSET
DECEMBER 21 2014......SUNRISE   743 AM PST   SUNSET   417 PM PST
DECEMBER 22 2014......SUNRISE   744 AM PST   SUNSET   418 PM PST


-  INDICATES NEGATIVE NUMBERS.
R  INDICATES RECORD WAS SET OR TIED.
MM INDICATES DATA IS MISSING.
T  INDICATES TRACE AMOUNT.




$$
