000
CDUS46 KPDT 310829
CLIYKM

CLIMATE REPORT
NATIONAL WEATHER SERVICE PENDLETON OR
127 AM PDT TUE MAY 31 2016


...................................

...THE YAKIMA WA CLIMATE SUMMARY FOR MAY 30 2016...

CLIMATE NORMAL PERIOD 1981 TO 2010
CLIMATE RECORD PERIOD 1946 TO 2016


WEATHER ITEM   OBSERVED TIME   RECORD YEAR NORMAL DEPARTURE LAST
                VALUE   (LST)  VALUE       VALUE  FROM      YEAR
                                                  NORMAL
..................................................................
TEMPERATURE (F)
 YESTERDAY
  MAXIMUM         79    459 PM 102    1986  76      3       91
  MINIMUM         40    334 AM  33    1988  46     -6       59
  AVERAGE         60                        61     -1       75

PRECIPITATION (IN)
  YESTERDAY        0.00          0.32 2000   0.02  -0.02     0.00
  MONTH TO DATE    0.64                      0.56   0.08     1.80
  SINCE OCT 1     10.10                      6.77   3.33     6.32
  SINCE JAN 1      5.45                      3.65   1.80     4.22

SNOWFALL (IN)
  YESTERDAY        0.0           0.0  2002   0.0    0.0      0.0
                                      2001
                                      2000
  MONTH TO DATE    0.0                       0.0    0.0      0.0
  SINCE JAN 1     12.5                       8.6    3.9      1.6
  SINCE JUL 1     31.4                      21.6    9.8      1.6
  SNOW DEPTH       0

DEGREE DAYS
 HEATING
  YESTERDAY        5                         5      0        0
  MONTH TO DATE   83                       256   -173       86
  SINCE MAR 1    838                      1411   -573      925
  SINCE JUL 1   4588                      5938  -1350     4507

 COOLING
  YESTERDAY        0                         1     -1       10
  MONTH TO DATE   33                        19     14       84
  SINCE MAR 1     39                        20     19       84
  SINCE JAN 1     39                        20     19       84
..................................................................


WIND (MPH)
  HIGHEST WIND SPEED    10   HIGHEST WIND DIRECTION     W (260)
  HIGHEST GUST SPEED    14   HIGHEST GUST DIRECTION     N (350)
  AVERAGE WIND SPEED     3.5


SKY COVER
  POSSIBLE SUNSHINE  MM
  AVERAGE SKY COVER 0.0


WEATHER CONDITIONS
 THE FOLLOWING WEATHER WAS RECORDED YESTERDAY.
  NO SIGNIFICANT WEATHER WAS OBSERVED.


RELATIVE HUMIDITY (PERCENT)
 HIGHEST    70           300 AM
 LOWEST     15           300 PM
 AVERAGE    43

..........................................................


THE YAKIMA WA CLIMATE NORMALS FOR TODAY
                         NORMAL    RECORD    YEAR
 MAXIMUM TEMPERATURE (F)   76        99      1986
 MINIMUM TEMPERATURE (F)   46        31      1955


SUNRISE AND SUNSET
MAY 31 2016...........SUNRISE   513 AM PDT   SUNSET   847 PM PDT
JUNE  1 2016..........SUNRISE   512 AM PDT   SUNSET   848 PM PDT


-  INDICATES NEGATIVE NUMBERS.
R  INDICATES RECORD WAS SET OR TIED.
MM INDICATES DATA IS MISSING.
T  INDICATES TRACE AMOUNT.




$$
