270
CDUS46 KPDT 250030 RRC
CLIYKM

CLIMATE REPORT
NATIONAL WEATHER SERVICE PENDLETON OR
529 PM PDT MON APR 24 2017


...................................

...THE YAKIMA WA CLIMATE SUMMARY FOR APRIL 24 2017...
VALID TODAY AS OF 0500 PM LOCAL TIME.

CLIMATE NORMAL PERIOD 1981 TO 2010
CLIMATE RECORD PERIOD 1946 TO 2017


WEATHER ITEM   OBSERVED TIME   RECORD YEAR NORMAL DEPARTURE LAST
                VALUE   (LST)  VALUE       VALUE  FROM      YEAR
                                                  NORMAL
..................................................................
TEMPERATURE (F)
 TODAY
  MAXIMUM         60    133 PM  92    1977  66     -6       67
  MINIMUM         45    535 AM  24    2002  36      9       46
                                      2000
                                      1986
  AVERAGE         53                        51      2       57

PRECIPITATION (IN)
  TODAY            T             1.10 1974   0.02  -0.02     0.01
  MONTH TO DATE    1.29                      0.43   0.86     0.27
  SINCE OCT 1     10.75                      6.09   4.66     9.46
  SINCE JAN 1      6.83                      2.97   3.86     4.81

SNOWFALL (IN)
  TODAY            0.0           0.0  2002   0.0    0.0      0.0
                                      2001
                                      2000
  MONTH TO DATE    0.0                       0.0    0.0      0.0
  SINCE JAN 1     29.1                       8.6   20.5     12.5
  SINCE JUL 1     36.5                      21.6   14.9     31.4
  SNOW DEPTH       0

DEGREE DAYS
 HEATING
  TODAY           12                        14     -2        8
  MONTH TO DATE  358                       397    -39      147
  SINCE MAR 1    948                      1074   -126      706
  SINCE JUL 1   5377                      5601   -224     4456

 COOLING
  TODAY            0                         0      0        0
  MONTH TO DATE    0                         0      0        6
  SINCE MAR 1      0                         0      0        6
  SINCE JAN 1      0                         0      0        6
..................................................................


WIND (MPH)
  HIGHEST WIND SPEED    16   HIGHEST WIND DIRECTION     S (200)
  HIGHEST GUST SPEED    20   HIGHEST GUST DIRECTION     S (190)
  AVERAGE WIND SPEED     2.4


SKY COVER
  POSSIBLE SUNSHINE  MM
  AVERAGE SKY COVER 0.7


WEATHER CONDITIONS
 THE FOLLOWING WEATHER WAS RECORDED TODAY.
  LIGHT RAIN


RELATIVE HUMIDITY (PERCENT)
 HIGHEST    83           500 AM
 LOWEST     51          1100 AM
 AVERAGE    67

..........................................................


THE YAKIMA WA CLIMATE NORMALS FOR TOMORROW
                         NORMAL    RECORD    YEAR
 MAXIMUM TEMPERATURE (F)   66        86      1952
 MINIMUM TEMPERATURE (F)   36        25      1955


SUNRISE AND SUNSET
APRIL 24 2017.........SUNRISE   558 AM PDT   SUNSET   803 PM PDT
APRIL 25 2017.........SUNRISE   557 AM PDT   SUNSET   804 PM PDT


-  INDICATES NEGATIVE NUMBERS.
R  INDICATES RECORD WAS SET OR TIED.
MM INDICATES DATA IS MISSING.
T  INDICATES TRACE AMOUNT.




$$
