000
CDUS41 KCLE 100527
CLIYNG


CLIMATE REPORT
NATIONAL WEATHER SERVICE CLEVELAND OH
1226 AM EST SAT DEC 10 2016


...................................

...THE YOUNGSTOWN OH CLIMATE SUMMARY FOR DECEMBER 9 2016...

CLIMATE NORMAL PERIOD 1981 TO 2010
CLIMATE RECORD PERIOD 1897 TO 2016


WEATHER ITEM   OBSERVED TIME   RECORD YEAR NORMAL DEPARTURE LAST
                VALUE   (LST)  VALUE       VALUE  FROM      YEAR
                                                  NORMAL
..................................................................
TEMPERATURE (F)
 YESTERDAY
  MAXIMUM         29    359 PM  64    1952  38     -9       55
  MINIMUM         22    821 AM  -2    1977  26     -4       35
  AVERAGE         26                        32     -6       45

PRECIPITATION (IN)
  YESTERDAY        0.06                      0.10  -0.04     0.01
  MONTH TO DATE    0.59                      0.91  -0.32     0.27
  SINCE DEC 1      0.59                      0.91  -0.32     0.27
  SINCE JAN 1     41.36                     36.83   4.53    40.46

SNOWFALL (IN)
  YESTERDAY        1.0                       0.4    0.6      0.0
  MONTH TO DATE    1.9                       3.8   -1.9      0.7
  SINCE DEC 1      1.9                       3.8   -1.9      0.7
  SINCE JUL 1      6.3                       8.2   -1.9      1.1
  SNOW DEPTH       1

DEGREE DAYS
 HEATING
  YESTERDAY       39                        33      6       20
  MONTH TO DATE  283                       281      2      241
  SINCE DEC 1    283                       281      2      241
  SINCE JUL 1   1255                      1610   -355     1243

 COOLING
  YESTERDAY        0                         0      0        0
  MONTH TO DATE    0                         0      0        0
  SINCE DEC 1      0                         0      0        0
  SINCE JAN 1    879                       544    335      681
..................................................................


WIND (MPH)
  HIGHEST WIND SPEED    23   HIGHEST WIND DIRECTION    SW (240)
  HIGHEST GUST SPEED    29   HIGHEST GUST DIRECTION     W (250)
  AVERAGE WIND SPEED    13.0


SKY COVER
  POSSIBLE SUNSHINE  MM
  AVERAGE SKY COVER 1.0


WEATHER CONDITIONS
 THE FOLLOWING WEATHER WAS RECORDED YESTERDAY.
  SNOW
  LIGHT SNOW
  FOG


RELATIVE HUMIDITY (PERCENT)
 HIGHEST    84           700 AM
 LOWEST     63           500 PM
 AVERAGE    74

..........................................................


THE YOUNGSTOWN OH CLIMATE NORMALS FOR TODAY
                         NORMAL    RECORD    YEAR
 MAXIMUM TEMPERATURE (F)   38        69      1971
 MINIMUM TEMPERATURE (F)   26        -5      1958


SUNRISE AND SUNSET
DECEMBER 10 2016......SUNRISE   738 AM EST   SUNSET   454 PM EST
DECEMBER 11 2016......SUNRISE   739 AM EST   SUNSET   454 PM EST


-  INDICATES NEGATIVE NUMBERS.
R  INDICATES RECORD WAS SET OR TIED.
MM INDICATES DATA IS MISSING.
T  INDICATES TRACE AMOUNT.




$$
