000
CDUS41 KPBZ 230702
CLIZZV


CLIMATE REPORT
NATIONAL WEATHER SERVICE PITTSBURGH PA
301 AM EDT THU MAR 23 2017


...................................

...THE ZANESVILLE OH CLIMATE SUMMARY FOR MARCH 22 2017...

CLIMATE NORMAL PERIOD 1981 TO 2010
CLIMATE RECORD PERIOD 1946 TO 2017


WEATHER ITEM   OBSERVED TIME   RECORD YEAR NORMAL DEPARTURE LAST
                VALUE   (LST)  VALUE       VALUE  FROM      YEAR
                                                  NORMAL
..................................................................
TEMPERATURE (F)
 YESTERDAY
  MAXIMUM         40    451 PM  84    2012  54    -14       64
  MINIMUM         26   1156 PM  12    1965  32     -6       31
  AVERAGE         33                        43    -10       48

PRECIPITATION (IN)
  YESTERDAY        0.00         MM      MM   0.10  -0.10     0.00
  MONTH TO DATE    3.14                      2.02   1.12     3.17
  SINCE JUN 1     27.21                     29.25  -2.04    29.46
  SINCE JAN 1      8.59                      6.85   1.74     7.13

DEGREE DAYS
 HEATING
  YESTERDAY       32                        22     10       17
  MONTH TO DATE  619                       568     51      376
  SINCE MAR 1    619                       568     51      376
  SINCE JUL 1   3971                      4759   -788     3722

 COOLING
  YESTERDAY        0                         0      0        0
  MONTH TO DATE    0                         0      0        2
  SINCE MAR 1      0                         0      0        2
  SINCE JAN 1      1                         0      1        2
..................................................................


WIND (MPH)
  HIGHEST WIND SPEED    22   HIGHEST WIND DIRECTION    NW (330)
  HIGHEST GUST SPEED    30   HIGHEST GUST DIRECTION     N (10)
  AVERAGE WIND SPEED     8.9


SKY COVER
  POSSIBLE SUNSHINE  MM
  AVERAGE SKY COVER 0.3


WEATHER CONDITIONS
 THE FOLLOWING WEATHER WAS RECORDED YESTERDAY.
  NO SIGNIFICANT WEATHER WAS OBSERVED.


RELATIVE HUMIDITY (PERCENT)
 HIGHEST    64           100 AM
 LOWEST     33           500 PM
 AVERAGE    49

..........................................................


THE ZANESVILLE OH CLIMATE NORMALS FOR TODAY
                         NORMAL    RECORD    YEAR
 MAXIMUM TEMPERATURE (F)   54        83      2012
 MINIMUM TEMPERATURE (F)   32        14      1960


SUNRISE AND SUNSET
MARCH 23 2017.........SUNRISE   726 AM EDT   SUNSET   743 PM EDT
MARCH 24 2017.........SUNRISE   724 AM EDT   SUNSET   744 PM EDT


-  INDICATES NEGATIVE NUMBERS.
R  INDICATES RECORD WAS SET OR TIED.
MM INDICATES DATA IS MISSING.
T  INDICATES TRACE AMOUNT.




$$
