000
CDUS41 KPBZ 162221
CLIZZV


CLIMATE REPORT
NATIONAL WEATHER SERVICE PITTSBURGH PA
520 PM EST MON JAN 16 2017


...................................

...THE ZANESVILLE OH CLIMATE SUMMARY FOR JANUARY 16 2017...
VALID TODAY AS OF 0500 PM LOCAL TIME.

CLIMATE NORMAL PERIOD 1981 TO 2010
CLIMATE RECORD PERIOD 1946 TO 2017


WEATHER ITEM   OBSERVED TIME   RECORD YEAR NORMAL DEPARTURE LAST
                VALUE   (LST)  VALUE       VALUE  FROM      YEAR
                                                  NORMAL
..................................................................
TEMPERATURE (F)
 TODAY
  MAXIMUM         46    359 PM  62    1949  37      9       43
  MINIMUM         29    422 AM -14    1977  20      9       32
  AVERAGE         38                        28     10       38

PRECIPITATION (IN)
  TODAY            0.03         MM      MM   0.09  -0.06     0.02
  MONTH TO DATE    1.69                      1.43   0.26     0.84
  SINCE JUN 1     20.31                     23.83  -3.52    23.17
  SINCE JAN 1      1.69                      1.43   0.26     0.84

DEGREE DAYS
 HEATING
  TODAY           27                        36     -9       27
  MONTH TO DATE  524                       576    -52      538
  SINCE DEC 1   1500                      1580    -80     1113
  SINCE JUL 1   2357                      2721   -364     1955

 COOLING
  TODAY            0                         0      0        0
  MONTH TO DATE    0                         0      0        0
  SINCE DEC 1      0                         0      0        0
  SINCE JAN 1      0                         0      0        0
..................................................................


WIND (MPH)
  HIGHEST WIND SPEED     7   HIGHEST WIND DIRECTION    NE (60)
  HIGHEST GUST SPEED     8   HIGHEST GUST DIRECTION    NE (60)
  AVERAGE WIND SPEED     2.1


SKY COVER
  POSSIBLE SUNSHINE  MM
  AVERAGE SKY COVER 0.7


WEATHER CONDITIONS
 THE FOLLOWING WEATHER WAS RECORDED TODAY.
  LIGHT RAIN
  FOG
  HAZE


RELATIVE HUMIDITY (PERCENT)
 HIGHEST    92          1200 AM
 LOWEST     79          1200 PM
 AVERAGE    86

..........................................................


THE ZANESVILLE OH CLIMATE NORMALS FOR TOMORROW
                         NORMAL    RECORD    YEAR
 MAXIMUM TEMPERATURE (F)   37        62      1952
 MINIMUM TEMPERATURE (F)   20       -19      1977


SUNRISE AND SUNSET
JANUARY 16 2017.......SUNRISE   747 AM EST   SUNSET   528 PM EST
JANUARY 17 2017.......SUNRISE   746 AM EST   SUNSET   530 PM EST


-  INDICATES NEGATIVE NUMBERS.
R  INDICATES RECORD WAS SET OR TIED.
MM INDICATES DATA IS MISSING.
T  INDICATES TRACE AMOUNT.




$$
