822
CDUS41 KPBZ 272122
CLIZZV


CLIMATE REPORT
NATIONAL WEATHER SERVICE PITTSBURGH PA
521 PM EDT THU APR 27 2017


...................................

...THE ZANESVILLE OH CLIMATE SUMMARY FOR APRIL 27 2017...
VALID TODAY AS OF 0500 PM LOCAL TIME.

CLIMATE NORMAL PERIOD 1981 TO 2010
CLIMATE RECORD PERIOD 1946 TO 2017


WEATHER ITEM   OBSERVED TIME   RECORD YEAR NORMAL DEPARTURE LAST
                VALUE   (LST)  VALUE       VALUE  FROM      YEAR
                                                  NORMAL
..................................................................
TEMPERATURE (F)
 TODAY
  MAXIMUM         78    359 PM  88    1990  67     11       65
  MINIMUM         60    109 AM  26    1971  43     17       48
  AVERAGE         69                        55     14       57

PRECIPITATION (IN)
  TODAY            0.01         MM      MM   0.12  -0.11     0.00
  MONTH TO DATE    1.84                      3.11  -1.27     3.73
  SINCE JUN 1     30.96                     33.34  -2.38    34.17
  SINCE JAN 1     12.34                     10.94   1.40    11.84

DEGREE DAYS
 HEATING
  TODAY            0                        10    -10        8
  MONTH TO DATE  225                       383   -158      327
  SINCE MAR 1    926                      1136   -210      790
  SINCE JUL 1   4278                      5327  -1049     4136

 COOLING
  TODAY            4                         0      4        0
  MONTH TO DATE   21                         0     21        3
  SINCE MAR 1     23                         1     22        8
  SINCE JAN 1     24                         1     23        8
..................................................................


WIND (MPH)
  HIGHEST WIND SPEED    25   HIGHEST WIND DIRECTION     S (180)
  HIGHEST GUST SPEED    33   HIGHEST GUST DIRECTION    SW (210)
  AVERAGE WIND SPEED    11.0


SKY COVER
  POSSIBLE SUNSHINE  MM
  AVERAGE SKY COVER 0.2


WEATHER CONDITIONS
 THE FOLLOWING WEATHER WAS RECORDED TODAY.
  THUNDERSTORM


RELATIVE HUMIDITY (PERCENT)
 HIGHEST    73           600 AM
 LOWEST     46          1200 PM
 AVERAGE    60

..........................................................


THE ZANESVILLE OH CLIMATE NORMALS FOR TOMORROW
                         NORMAL    RECORD    YEAR
 MAXIMUM TEMPERATURE (F)   67        88      1986
 MINIMUM TEMPERATURE (F)   44        25      1947


SUNRISE AND SUNSET
APRIL 27 2017.........SUNRISE   633 AM EDT   SUNSET   818 PM EDT
APRIL 28 2017.........SUNRISE   631 AM EDT   SUNSET   819 PM EDT


-  INDICATES NEGATIVE NUMBERS.
R  INDICATES RECORD WAS SET OR TIED.
MM INDICATES DATA IS MISSING.
T  INDICATES TRACE AMOUNT.




$$
