000
CXUS55 KABQ 050140 CCA
CLMABQ

ABQCLMABQ 000
TTAA00 KABQ 042056


CLIMATE REPORT...CORRECTION
NATIONAL WEATHER SERVICE ALBUQUERQUE NM
640 PM MST THU FEB 4 2016

...................................

...THE ALBUQUERQUE  NM CLIMATE SUMMARY FOR THE MONTH OF JANUARY 2016...

CLIMATE NORMAL PERIOD 1981 TO 2010
CLIMATE RECORD PERIOD 1891 TO 2016

WEATHER         OBSERVED          NORMAL  DEPART  LAST YEAR`S
                 VALUE   DATE(S)  VALUE   FROM    VALUE  DATE(S)
                                          NORMAL
................................................................
TEMPERATURE (F)
RECORD
 HIGH              69   01/05/1994
                        01/31/1971
 LOW              -17   01/07/1971
HIGHEST            66   01/30        61       5       63  01/28
LOWEST             20   01/12        10      10       15  01/01
                        01/11
                        01/03
AVG. MAXIMUM     47.5              46.8     0.7     47.9
AVG. MINIMUM     26.1              26.1     0.0     26.8
MEAN             36.8              36.4     0.4     37.4
DAYS MAX >= 90      0               0.0     0.0        0
DAYS MAX <= 32      0               1.1    -1.1        0
DAYS MIN <= 32     27              25.8     1.2       27
DAYS MIN <= 0       0               0.0     0.0        0

PRECIPITATION (INCHES)
RECORD
 MAXIMUM         1.38   2005
 MINIMUM         0.00   2014
                        1976
TOTALS           0.37              0.38   -0.01     0.70
DAILY AVG.       0.01              0.01    0.00     0.02
DAYS >= .01         4               4.1    -0.1        7
DAYS >= .10         1               1.5    -0.5        4
DAYS >= .50         0               0.0     0.0        0
DAYS >= 1.00        0               0.0     0.0        0
GREATEST
 24 HR. TOTAL    0.23   01/06 TO 01/06              0.21

SNOWFALL (INCHES)
RECORDS
 TOTAL            9.5   1973
TOTALS            2.2               2.1     0.1      4.2
SINCE 7/1         9.4               6.1     3.3      5.4
SNOWDEPTH AVG.      0                MM      MM        0
DAYS >= 1.0         0               0.7    -0.7        2
GREATEST
 SNOW DEPTH         1   01/09                          1  01/22
                        01/05
 24 HR TOTAL      0.9   MM                           1.2

DEGREE_DAYS
HEATING TOTAL     864               885     -21      851
 SINCE 7/1       2446              2642    -196     2321
COOLING TOTAL       0                 0       0        0
 SINCE 1/1          0                 0       0        0
.................................................................

WIND (MPH)
AVERAGE WIND SPEED              6.8
HIGHEST WIND SPEED/DIRECTION    33/260    DATE  01/31
HIGHEST GUST SPEED/DIRECTION    47/260    DATE  01/24

SKY COVER
POSSIBLE SUNSHINE (PERCENT)   MM
AVERAGE SKY COVER           0.50
NUMBER OF DAYS FAIR           10
NUMBER OF DAYS PC             15
NUMBER OF DAYS CLOUDY          6

AVERAGE RH (PERCENT)     54

WEATHER CONDITIONS. NUMBER OF DAYS WITH
THUNDERSTORM              0     MIXED PRECIP               0
HEAVY RAIN                0     RAIN                       0
LIGHT RAIN                2     FREEZING RAIN              0
LT FREEZING RAIN          0     HAIL                       1
HEAVY SNOW                0     SNOW                       2
LIGHT SNOW                6     SLEET                      0
FOG                       5     FOG W/VIS <= 1/4 MILE      0
HAZE                      1

-  INDICATES NEGATIVE NUMBERS.
R  INDICATES RECORD WAS SET OR TIED.
MM INDICATES DATA IS MISSING.
T  INDICATES TRACE AMOUNT.

$$

........................................................................

THE AVERAGE MAXIMUM TEMPERATURE AT THE ALBUQUERQUE SUNPORT IN JANUARY
WAS 47.5 DEGREES WHICH IS 0.7 DEGREES ABOVE NORMAL AND THE MINIMUM
TEMPERATURE WAS 26.1 DEGREES WHICH IS THE NORMAL FOR JANUARY. THE
AVERAGE MONTHLY TEMPERATURE WAS 36.8 DEGREES WHICH IS 0.4 DEGREES
ABOVE NORMAL.

THE HIGHEST TEMPERATURE FOR MONTH WAS 66 DEGREES ON THE 30TH AND THE
LOWEST TEMPERATURE FOR THE MONTH WAS 20 DEGREES ON THE 11, AND 12TH.

TOTAL PRECIPITATION FOR JANUARY 2016 WAS 0.37 INCHES WHICH WAS ONLY
0.1 INCHES BELOW NORMAL. THE HIGHEST 24 HOUR PRECIPITATION OCCURRED
ON 06TH. THE SNOWFALL FOR MONTH WAS 2.2 INCHES WHICH WAS WELL BELOW
THE NORMAL OF 4.7 INCHES.

THE AVERAGE WIND SPEED WAS 6.8 MILES PER HOUR. THE PEAK WIND GUST FOR
THE MONTH WAS 47 MPH FROM THE WEST WHICH OCCURRED ON THE 24TH.

........................................................................
