000
CXUS53 KABR 011231
CLMABR


CLIMATE REPORT
NATIONAL WEATHER SERVICE ABERDEEN SD
724 AM CDT FRI JUL 1 2016

...................................

...THE ABERDEEN SD CLIMATE SUMMARY FOR THE MONTH OF JUNE 2016...

CLIMATE NORMAL PERIOD 1981 TO 2010
CLIMATE RECORD PERIOD 1893 TO 2016

WEATHER         OBSERVED          NORMAL  DEPART  LAST YEAR`S
                 VALUE   DATE(S)  VALUE   FROM    VALUE  DATE(S)
                                          NORMAL
................................................................
TEMPERATURE (F)
RECORD
 HIGH             112   06/28/1931
 LOW               28   06/07/1901
HIGHEST           100   06/09        MM      MM       98  06/09
LOWEST             40   06/02        MM      MM       48  06/12
AVG. MAXIMUM     84.7              77.4     7.3     81.6
AVG. MINIMUM     56.4              53.7     2.7     56.4
MEAN             70.6              65.6     5.0     69.0
DAYS MAX >= 90      9               1.7     7.3        3
DAYS MAX <= 32      0               0.0     0.0        0
DAYS MIN <= 32      0               0.0     0.0        0
DAYS MIN <= 0       0               0.0     0.0        0

PRECIPITATION (INCHES)
RECORD
 MAXIMUM        10.91   1925
 MINIMUM         0.07   1929
TOTALS           1.41              3.70   -2.29     2.10
DAYS >= .01         4              11.1    -7.1       10
DAYS >= .10         3               7.2    -4.2        6
DAYS >= .50         2               2.4    -0.4        1
DAYS >= 1.00        0               0.9    -0.9        0

SNOWFALL (INCHES)
RECORDS
 TOTAL             MM   MM
 SNOW DEPTH        MM   MM
TOTALS            0.0               0.0     0.0      0.0
SINCE 7/1        26.5              38.1   -11.6     20.2
SNOWDEPTH AVG.      0                MM      MM        0
DAYS >= TRACE       0               0.0     0.0        0
DAYS >= 1.0         0               0.0     0.0        0
GREATEST
 SNOW DEPTH         0   MM                             0  MM

DEGREE_DAYS
HEATING TOTAL      20                76     -56       14
 SINCE 7/1       6787              8534   -1747     8004
COOLING TOTAL     192                92     100      139
 SINCE 1/1        225               115     110      153

FREEZE DATES
RECORD
 EARLIEST     MM
 LATEST       MM
EARLIEST      10/08             MM
LATEST        05/15             MM
.................................................................

WIND (MPH)
AVERAGE WIND SPEED              11.2
RESULTANT WIND SPEED/DIRECTION   2/353
HIGHEST WIND SPEED/DIRECTION    37/160    DATE  06/02
HIGHEST GUST SPEED/DIRECTION    44/360    DATE  06/10

SKY COVER
POSSIBLE SUNSHINE (PERCENT)   MM
AVERAGE SKY COVER           0.20
NUMBER OF DAYS FAIR           26
NUMBER OF DAYS PC              4
NUMBER OF DAYS CLOUDY          0

AVERAGE RH (PERCENT)     59

WEATHER CONDITIONS. NUMBER OF DAYS WITH
THUNDERSTORM              0     MIXED PRECIP               0
HEAVY RAIN                2     RAIN                       3
LIGHT RAIN                7     FREEZING RAIN              0
LT FREEZING RAIN          0     HAIL                       0
HEAVY SNOW                0     SNOW                       0
LIGHT SNOW                0     SLEET                      0
FOG                       3     FOG W/VIS <= 1/4 MILE      0
HAZE                      2

-  INDICATES NEGATIVE NUMBERS.
R  INDICATES RECORD WAS SET OR TIED.
MM INDICATES DATA IS MISSING.
T  INDICATES TRACE AMOUNT.

$$
