645
CXUS42 KFFC 060807
CLMAHN


CLIMATE REPORT
NATIONAL WEATHER SERVICE PEACHTREE CITY GA
406 AM EDT WED APR 6 2016

...................................

...THE ATHENS CLIMATE SUMMARY FOR THE MONTH OF MARCH 2016...

CLIMATE NORMAL PERIOD 1981 TO 2010
CLIMATE RECORD PERIOD 1898 TO 2016

WEATHER         OBSERVED          NORMAL  DEPART  LAST YEAR`S
                 VALUE   DATE(S)  VALUE   FROM    VALUE  DATE(S)
                                          NORMAL
................................................................
TEMPERATURE (F)
RECORD
 HIGH              90   03/17/1945
 LOW                9   03/06/1899
HIGHEST            86   03/15        80       6       87  03/16
LOWEST             32   03/22        26       6       27  03/29
                                                          03/07
AVG. MAXIMUM     72.5              66.2     6.3     68.8
AVG. MINIMUM     47.4              42.5     4.9     44.8
MEAN             59.9              54.3     5.6     56.8
DAYS MAX >= 90      0               0.0     0.0        0
DAYS MAX <= 32      0               0.0     0.0        0
DAYS MIN <= 32      1               3.6    -2.6        2
DAYS MIN <= 0       0               0.0     0.0        0

PRECIPITATION (INCHES)
RECORD
 MAXIMUM        14.15   1929
 MINIMUM         0.99   1905
TOTALS           1.95              4.43   -2.48     2.79
DAILY AVG.       0.06              0.14   -0.08     0.09
GREATEST
 24 HR. TOTAL    0.70   03/03 TO 03/03           03/19 TO 03/19
                                                          03/31 TO 03/31
                                                          03/31 TO 03/31

SNOWFALL (INCHES)
RECORDS
 TOTAL              T   2008
 24 HR TOTAL        T   MM
TOTALS            0.0               0.8    -0.8      0.0
SINCE 7/1         0.1               2.9    -2.8        T
SNOWDEPTH AVG.      0                MM      MM        0
DAYS >= TRACE       0               0.2    -0.2        0
DAYS >= 1.0         0               0.1    -0.1        0
GREATEST
 24 HR TOTAL      0.0   03/31 TO 03/31           03/31 TO 03/31
                                                          03/31 TO 03/31
                                                          03/31 TO 03/31

DEGREE_DAYS
HEATING TOTAL     187               340    -153      253
 SINCE 7/1       2030              2595    -565     2759
COOLING TOTAL      37                10      27        7
 SINCE 1/1         37                11      26        7
..................................................

WIND (MPH)
AVERAGE WIND SPEED              5.3
HIGHEST WIND SPEED/DIRECTION    21/300    DATE  03/20
HIGHEST GUST SPEED/DIRECTION    30/210    DATE  03/24

SKY COVER
POSSIBLE SUNSHINE (PERCENT)   MM
AVERAGE SKY COVER           0.30
NUMBER OF DAYS FAIR           19
NUMBER OF DAYS PC              9
NUMBER OF DAYS CLOUDY          3

AVERAGE RH (PERCENT)     66

WEATHER CONDITIONS. NUMBER OF DAYS WITH
THUNDERSTORM              0     MIXED PRECIP               0
HEAVY RAIN                6     RAIN                       6
LIGHT RAIN               11     FREEZING RAIN              0
LT FREEZING RAIN          0     HAIL                       0
HEAVY SNOW                0     SNOW                       0
LIGHT SNOW                0     SLEET                      0
FOG                      11     FOG W/VIS <= 1/4 MILE      2
HAZE                      4

-  INDICATES NEGATIVE NUMBERS.
R  INDICATES RECORD WAS SET OR TIED.
MM INDICATES DATA IS MISSING.
T  INDICATES TRACE AMOUNT.

$$
