000
CXAK57 PAJK 011245
CLMAJK

CLIMATE REPORT
NATIONAL WEATHER SERVICE JUNEAU, AK
438 AM AKDT TUE APR 1 2014

...................................

...THE JUNEAU CLIMATE SUMMARY FOR THE MONTH OF MARCH 2014...

CLIMATE NORMAL PERIOD 1981 TO 2010
CLIMATE RECORD PERIOD 1943 TO 2014

WEATHER         OBSERVED          NORMAL  DEPART  LAST YEAR`S
                 VALUE   DATE(S)  VALUE   FROM    VALUE  DATE(S)
                                          NORMAL
................................................................
TEMPERATURE (F)
RECORD
 HIGH              61   03/21/1998
 LOW              -15   03/07/1972
HIGHEST            49   03/30        49       0       43  03/29
LOWEST              4   03/05        13      -9        8  03/22
AVG. MAXIMUM     38.2              39.6    -1.4     36.0
AVG. MINIMUM     24.7              28.0    -3.3     23.5
MEAN             31.5              33.8    -2.3     29.7
DAYS MAX >= 90      0               0.0     0.0        0
DAYS MAX <= 32      6               3.3     2.7       10
DAYS MIN <= 32     25              20.1     4.9       25
DAYS MIN <= 0       0               0.1    -0.1        0

PRECIPITATION (INCHES)
RECORD
 MAXIMUM         6.50   1994
 MINIMUM         0.59   1983
TOTALS           3.45              3.78   -0.33     2.36
DAILY AVG.       0.11              0.12   -0.01     0.08
DAYS >= .01        13              18.9    -5.9       14
DAYS >= .10         8              11.7    -3.7        7
DAYS >= .50         2               1.5     0.5        1
DAYS >= 1.00        0               0.1    -0.1        0
GREATEST
 24 HR. TOTAL    0.92   03/08 TO 03/08           03/09 TO 03/09

SNOWFALL (INCHES)
RECORDS
 TOTAL           62.7   2007
 24 HR TOTAL     30.6   03/20/1948 TO 03/21/1948
 SNOW DEPTH        40   03/10/1972
TOTALS            6.0              11.6    -5.6      8.3
SINCE 7/1        96.8              85.6    11.2     71.7
SNOWDEPTH AVG.      1                 5      -4        1
DAYS >= TRACE       8               6.8     1.2       16
DAYS >= 1.0         3               3.1    -0.1        3
GREATEST
 SNOW DEPTH         4   03/08                          6  03/20
 24 HR TOTAL      2.0   03/17 TO 03/17           03/09 TO 03/09

DEGREE_DAYS
HEATING TOTAL    1032               967      65     1086
 SINCE 7/1       6673              6804    -131     7157
COOLING TOTAL       0                 0       0        0
 SINCE 1/1          0                 0       0        0

FREEZE DATES
RECORD
 EARLIEST     08/24/1969
 LATEST       06/13/1965
EARLIEST                        09/30
LATEST                          05/12
..........................................................

WIND (MPH)
AVERAGE WIND SPEED              8.6
RESULTANT WIND SPEED/DIRECTION   7/101
HIGHEST WIND SPEED/DIRECTION    39/110    DATE  03/10
HIGHEST GUST SPEED/DIRECTION    51/110    DATE  03/10

SKY COVER
POSSIBLE SUNSHINE (PERCENT)   MM
AVERAGE SKY COVER           0.60
NUMBER OF DAYS FAIR           12
NUMBER OF DAYS PC              4
NUMBER OF DAYS CLOUDY         15

AVERAGE RH (PERCENT)     64

WEATHER CONDITIONS. NUMBER OF DAYS WITH
THUNDERSTORM              0     MIXED PRECIP               1
HEAVY RAIN                0     RAIN                       7
LIGHT RAIN               12     FREEZING RAIN              0
LT FREEZING RAIN          0     HAIL                       1
HEAVY SNOW                0     SNOW                       5
LIGHT SNOW                8     SLEET                      1
FOG                      15     FOG W/VIS <= 1/4 MILE      2
HAZE                      0

-  INDICATES NEGATIVE NUMBERS.
R  INDICATES RECORD WAS SET OR TIED.
MM INDICATES DATA IS MISSING.
T  INDICATES TRACE AMOUNT.

$$

...MARCH WAS COOLER THAN NORMAL BUT NOT RECORD BREAKING...

THE MOST NOTABLE THING ABOUT THE MARCH WEATHER AT THE JUNEAU
INTERNATIONAL AIRPORT IS THERE WERE 12 STRAIGHT DAYS WITHOUT ANY
PRECIPITATION. THE CURRENT RECORD IS 13 STRAIGHT DAYS OF NO
PRECIPITATION WHICH WAS SET IN 1949. THE LAST DAY OF REPORTABLE RAIN OR
SNOW IN MARCH 2014 OCCURRED ON THE 19TH OF THE MONTH.

THE PRECIPITATION FOR THE MONTH WAS JUST 3 TENTHS OF AN INCH DRIER THAN
NORMAL WITH A TOTAL OF 3.45 INCHES RECORDED. ONLY 6 INCHES OF SNOW FELL
IN MARCH WHICH IS BELOW THE NORMAL MONTHLY TOTAL OF 11.6 INCHES.

THE AIRPORT SAW AN AVERAGE TEMPERATURE OF 31.5 DEGREES FOR MARCH WHICH
IS JUST 2.3 DEGREES BELOW NORMAL. THE HIGHEST TEMPERATURE WAS 49 DEGREES
AND OCCURRED ON THE 30TH. AVERAGE HIGH FOR THE MONTH WAS 1.4 DEGREES
BELOW NORMAL AT 39.6 DEGREES.

THE MINIMUM TEMPERATURE FOR MARCH HAPPENED ON THE 5TH AND WAS A CHILLY 4
DEGREES. AVERAGE LOW FOR THE MONTH WAS 24.7 DEGREES WHICH IS COLDER THAN
NORMAL BY 3.2 DEGREES. THE AIRPORT HAD A DAILY RECORD LOWEST MINIMUM
TEMPERATURE ON MARCH 28TH WITH 19 DEGREES REPORTED. THIS TIED THE RECORD
PREVIOUSLY SET IN 1967.

THE HIGHEST WIND SPEED RECORDED AT THE AIRPORT WAS 51 MPH FROM THE
SOUTHEAST. THIS HAPPENED ON MARCH 10TH. AVERAGE WIND SPEED FOR THE MONTH
WAS 8.6 MPH WITH THE PREDOMINATE DIRECTION OF SOUTHEAST.
