000
CXUS54 KBMX 041640
CLMANB
CLIMATE REPORT
NATIONAL WEATHER SERVICE BIRMINGHAM AL
1140 AM CDT THU APR 04 2024
...................................
...THE ANNISTON CLIMATE SUMMARY FOR THE MONTH OF MARCH 2024...
CLIMATE NORMAL PERIOD 1991 TO 2020
CLIMATE RECORD PERIOD 1903 TO 2024
WEATHER OBSERVED NORMAL DEPART LAST YEAR`S
VALUE DATE(S) VALUE FROM VALUE DATE(S)
NORMAL
................................................................
TEMPERATURE (F)
RECORD
HIGH 89 03/09/1974
03/31/1963
LOW 8 03/13/1993
HIGHEST 82 03/14 MM MM 84 03/25
LOWEST 28 03/19 MM MM 23 03/20
AVG. MAXIMUM 68.7 66.9 1.8 69.9
AVG. MINIMUM 45.3 43.8 1.5 44.5
MEAN 57.0 57.2
DAYS MAX >= 90 0 0.0 0.0 0
DAYS MAX <= 32 0 0.0 0.0 0
DAYS MIN <= 32 2 4.5 -2.5 5
DAYS MIN <= 0 0 0.0 0.0 0
PRECIPITATION (INCHES)
RECORD
MAXIMUM 18.09 1977
MINIMUM 1.38 1985
TOTALS 3.90 5.37 -1.47 5.53
DAILY AVG. 0.13 0.17 -0.04
DAYS >= .01 10 11.1 -1.1
DAYS >= .10 6 7.6 -1.6
DAYS >= .50 3 3.7 -0.7
DAYS >= 1.00 1 1.9 -0.9
DEGREE DAYS
HEATING TOTAL 244 314 -70 258
SINCE 7/1 2267 2483 -216 MM
COOLING TOTAL 1 15 -14 22
SINCE 1/1 5 18 -13 MM
................................................................
WIND (MPH)
AVERAGE WIND SPEED 5.5
HIGHEST WIND SPEED/DIRECTION 38/250 DATE 03/15
HIGHEST GUST SPEED/DIRECTION 59/250 DATE 03/15
AVERAGE RH (PERCENT) 68
WEATHER CONDITIONS. NUMBER OF DAYS WITH
THUNDERSTORM 1 MIXED PRECIP 0
HEAVY RAIN 4 RAIN 5
LIGHT RAIN 12 FREEZING RAIN 0
LT FREEZING RAIN 0 HAIL 0
HEAVY SNOW 0 SNOW 0
LIGHT SNOW 0 SLEET 0
FOG 17 FOG W/VIS <= 1/4 MILE 3
HAZE 7
- INDICATES NEGATIVE NUMBERS.
R INDICATES RECORD WAS SET OR TIED.
MM INDICATES DATA IS MISSING.
T INDICATES TRACE AMOUNT.
$$