000
CXUS54 KBMX 011636
CLMANB


CLIMATE REPORT
NATIONAL WEATHER SERVICE BIRMINGHAM, AL
1035 AM CST FRI DEC 1 2017

...................................

...THE ANNISTON CLIMATE SUMMARY FOR THE MONTH OF NOVEMBER 2017...

CLIMATE NORMAL PERIOD 1981 TO 2010
CLIMATE RECORD PERIOD 1903 TO 2017

WEATHER         OBSERVED          NORMAL  DEPART  LAST YEAR`S
                 VALUE   DATE(S)  VALUE   FROM    VALUE  DATE(S)
                                          NORMAL
................................................................
TEMPERATURE (F)
RECORD
 HIGH              88   11/01/2016
                        11/02/1974
                        08/29/2000
 LOW                5   11/25/1950
HIGHEST            80   11/05        MM      MM       88  11/01
LOWEST             28   11/27        MM      MM       23  11/21
AVG. MAXIMUM     66.6              65.2     1.4     72.4
AVG. MINIMUM     42.5              41.9     0.6     41.8
MEAN             54.6                               57.1
DAYS MAX >= 90      0               0.0     0.0        0
DAYS MAX <= 32      0               0.0     0.0        0
DAYS MIN <= 32      5               5.4    -0.4        6
DAYS MIN <= 0       0               0.0     0.0        0

PRECIPITATION (INCHES)
RECORD
 MAXIMUM        15.10   1948
 MINIMUM         0.00   2017
TOTALS           0.40              4.58   -4.18     3.02
DAILY AVG.       0.04              0.15   -0.11
DAYS >= .01         2               9.1    -7.1
DAYS >= .10         2               6.0    -4.0
DAYS >= .50         0               3.2    -3.2
DAYS >= 1.00        0               1.9    -1.9

DEGREE_DAYS
HEATING TOTAL     321               355     -34      247
 SINCE 7/1        456               497     -41      273
.................................................................

WIND (MPH)
AVERAGE WIND SPEED              3.6
HIGHEST WIND SPEED/DIRECTION    25/290    DATE  11/18
HIGHEST GUST SPEED/DIRECTION    35/300    DATE  11/18

AVERAGE RH (PERCENT)     73

WEATHER CONDITIONS. NUMBER OF DAYS WITH
THUNDERSTORM              0     MIXED PRECIP               0
HEAVY RAIN                1     RAIN                       0
LIGHT RAIN               10     FREEZING RAIN              0
LT FREEZING RAIN          0     HAIL                       0
HEAVY SNOW                0     SNOW                       0
LIGHT SNOW                0     SLEET                      0
FOG                      18     FOG W/VIS <= 1/4 MILE     10
HAZE                      2

-  INDICATES NEGATIVE NUMBERS.
R  INDICATES RECORD WAS SET OR TIED.
MM INDICATES DATA IS MISSING.
T  INDICATES TRACE AMOUNT.

$$
