000
CXUS52 KMFL 011156
CLMAPF


CLIMATE REPORT
NATIONAL WEATHER SERVICE MIAMI, FL
753 AM EDT THU JUN 1 2017

...................................

...THE NAPLES CLIMATE SUMMARY FOR THE MONTH OF MAY 2017...

CLIMATE NORMAL PERIOD 1981 TO 2010
CLIMATE RECORD PERIOD 1942 TO 2017

WEATHER         OBSERVED          NORMAL  DEPART  LAST YEAR`S
                 VALUE   DATE(S)  VALUE   FROM    VALUE  DATE(S)
                                          NORMAL
................................................................
TEMPERATURE (F)
RECORD
 HIGH              96   05/31/2011
                        05/29/2011
 LOW               51   05/05/2001
HIGHEST            95   05/17                         93  05/25
LOWEST             60   05/07                         58  05/07
AVG. MAXIMUM     88.2              87.8     0.4     87.4
AVG. MINIMUM     71.7              68.5     3.2     70.5
MEAN             79.9              78.2     1.7     78.9
DAYS MAX >= 90     13                                  8
DAYS MAX <= 32      0                                  0
DAYS MIN <= 32      0                                  0
DAYS MIN <= 0       0                                  0

PRECIPITATION (INCHES)
RECORD
 MAXIMUM        11.49   1946
 MINIMUM         0.10   2001
TOTALS           2.60              3.16   -0.56     2.48
DAILY AVG.       0.08              0.10   -0.02     0.08
DAYS >= .01         9                                  6
DAYS >= .10         8                                  3
DAYS >= .50         1                                  3
DAYS >= 1.00        0                                  1
GREATEST
 24 HR. TOTAL    0.62   05/05 TO 05/05              1.12

DEGREE_DAYS
HEATING TOTAL       0                 0       0        0
 SINCE 7/1         67               260    -193      142
COOLING TOTAL     470               408      62      440
 SINCE 1/1       1344              1028     316     1184
.................................................................

WIND (MPH)
AVERAGE WIND SPEED              8.7
HIGHEST WIND SPEED/DIRECTION    29/220    DATE  05/25
HIGHEST GUST SPEED/DIRECTION    41/220    DATE  05/25

SKY COVER
POSSIBLE SUNSHINE (PERCENT)   MM
AVERAGE SKY COVER           0.20
NUMBER OF DAYS FAIR           24
NUMBER OF DAYS PC              7
NUMBER OF DAYS CLOUDY          0

AVERAGE RH (PERCENT)     69

WEATHER CONDITIONS. NUMBER OF DAYS WITH
THUNDERSTORM              7     MIXED PRECIP               0
HEAVY RAIN                8     RAIN                       3
LIGHT RAIN               10     FREEZING RAIN              0
LT FREEZING RAIN          0     HAIL                       0
HEAVY SNOW                0     SNOW                       0
LIGHT SNOW                0     SLEET                      0
FOG                       9     FOG W/VIS <= 1/4 MILE      0
HAZE                      2

-  INDICATES NEGATIVE NUMBERS.
R  INDICATES RECORD WAS SET OR TIED.
MM INDICATES DATA IS MISSING.
T  INDICATES TRACE AMOUNT.

$$
