122
CXUS52 KMFL 010835
CLMAPF


CLIMATE REPORT
NATIONAL WEATHER SERVICE MIAMI, FL
431 AM EDT THU SEP 1 2016

...................................

...THE NAPLES CLIMATE SUMMARY FOR THE MONTH OF AUGUST 2016...

CLIMATE NORMAL PERIOD 1981 TO 2010
CLIMATE RECORD PERIOD 1942 TO 2016

WEATHER         OBSERVED          NORMAL  DEPART  LAST YEAR`S
                 VALUE   DATE(S)  VALUE   FROM    VALUE  DATE(S)
                                          NORMAL
................................................................
TEMPERATURE (F)
RECORD
 HIGH              98   08/29/2007
 LOW               67   08/04/1972
                        08/08/1967
                        08/16/1961
HIGHEST            95   08/23                         96  08/29
                        08/01
LOWEST             73   08/18                         74  08/27
                                                          08/16
AVG. MAXIMUM     91.2              91.0     0.2     92.2
AVG. MINIMUM     76.5              75.3     1.2     77.2
MEAN             83.8              83.2     0.6     84.7
DAYS MAX >= 90     27                                 28
DAYS MAX <= 32      0                                  0
DAYS MIN <= 32      0                                  0
DAYS MIN <= 0       0                                  0

PRECIPITATION (INCHES)
RECORD
 MAXIMUM        14.60   1962
 MINIMUM         1.46   1952
TOTALS          10.72              8.58    2.14     2.78
DAILY AVG.       0.35              0.28    0.07     0.09
DAYS >= .01        24                                 14
DAYS >= .10        19                                  9
DAYS >= .50        10                                  1
DAYS >= 1.00        2                                  0
GREATEST
 24 HR. TOTAL    1.72   08/07 TO 08/07              1.02

DEGREE_DAYS
HEATING TOTAL       0                 0       0        0
 SINCE 7/1          0                 0       0        0
COOLING TOTAL     592               563      29      619
 SINCE 1/1       2916              2657     259     3050
.................................................................

WIND (MPH)
AVERAGE WIND SPEED              6.8
HIGHEST WIND SPEED/DIRECTION    30/130    DATE  08/27
HIGHEST GUST SPEED/DIRECTION    38/100    DATE  08/27

SKY COVER
POSSIBLE SUNSHINE (PERCENT)   MM
AVERAGE SKY COVER           0.30
NUMBER OF DAYS FAIR           26
NUMBER OF DAYS PC              4
NUMBER OF DAYS CLOUDY          1

AVERAGE RH (PERCENT)     79

WEATHER CONDITIONS. NUMBER OF DAYS WITH
THUNDERSTORM             27     MIXED PRECIP               0
HEAVY RAIN               17     RAIN                      12
LIGHT RAIN               22     FREEZING RAIN              0
LT FREEZING RAIN          0     HAIL                       0
HEAVY SNOW                0     SNOW                       0
LIGHT SNOW                0     SLEET                      0
FOG                      21     FOG W/VIS <= 1/4 MILE      1
HAZE                      9

-  INDICATES NEGATIVE NUMBERS.
R  INDICATES RECORD WAS SET OR TIED.
MM INDICATES DATA IS MISSING.
T  INDICATES TRACE AMOUNT.

$$
