000
CXUS55 KGJT 012013 CCA
CLMASE

CLIMATE REPORT...COR TO SNOWFALL DAYS
NATIONAL WEATHER SERVICE GRAND JUNCTION CO
113 PM MST THU DEC 1 2016

...................................

...THE ASPEN CO CLIMATE SUMMARY FOR THE MONTH OF NOVEMBER 2016...

CLIMATE NORMAL PERIOD 1981 TO 2010
CLIMATE RECORD PERIOD 9999 TO 9999

WEATHER         OBSERVED          NORMAL  DEPART  LAST YEAR`S
                 VALUE   DATE(S)  VALUE   FROM    VALUE  DATE(S)
                                          NORMAL
................................................................
TEMPERATURE (F)
HIGHEST            67   11/15        MM      MM       65  11/02
LOWEST              0   11/30        MM      MM        5  11/21
AVG. MAXIMUM     51.1              41.4     9.7     43.8
AVG. MINIMUM     21.7              17.2     4.5     18.7
MEAN             36.4              29.3     7.1     31.2
DAYS MAX >= 90      0               0.0     0.0        0
DAYS MAX <= 32      3               6.9    -3.9        6
DAYS MIN <= 32     27              29.3    -2.3       29
DAYS MIN <= 0       1               1.6    -0.6        0

PRECIPITATION (INCHES)
TOTALS           0.51              1.37   -0.86     0.89
DAILY AVG.       0.02              0.05   -0.03     0.03
DAYS >= .01        10                MM      MM       10
DAYS >= .10         0                MM      MM        3
DAYS >= .50         0                MM      MM        0
DAYS >= 1.00        0                MM      MM        0
GREATEST
 24 HR. TOTAL    0.12   11/27 TO 11/28              0.34

SNOWFALL (INCHES)
TOTALS             MM                MM      MM       MM
SINCE 7/1          MM                MM      MM       MM
SNOWDEPTH AVG.     MM                MM      MM       MM
DAYS >= 1.0        MM                MM      MM       MM
GREATEST
 SNOW DEPTH        MM                                 MM  MM
 24 HR TOTAL       MM                                 MM

DEGREE_DAYS
HEATING TOTAL     850              1071    -221     1009
 SINCE 7/1       1792              2326    -534     1875
COOLING TOTAL       0                 0       0        0
 SINCE 1/1         69                39      30       73
.................................................................

WIND (MPH)
AVERAGE WIND SPEED              5.7
HIGHEST WIND SPEED/DIRECTION    33/190    DATE  11/16
HIGHEST GUST SPEED/DIRECTION    54/230    DATE  11/16

SKY COVER
POSSIBLE SUNSHINE (PERCENT)   MM
AVERAGE SKY COVER           0.30
NUMBER OF DAYS FAIR           18
NUMBER OF DAYS PC              6
NUMBER OF DAYS CLOUDY          6

AVERAGE RH (PERCENT)     59

WEATHER CONDITIONS. NUMBER OF DAYS WITH
THUNDERSTORM              0     MIXED PRECIP               0
HEAVY RAIN                0     RAIN                       1
LIGHT RAIN                7     FREEZING RAIN              0
LT FREEZING RAIN          0     HAIL                       0
HEAVY SNOW                2     SNOW                       4
LIGHT SNOW                6     SLEET                      0
FOG                       7     FOG W/VIS <= 1/4 MILE      2
HAZE                      4

-  INDICATES NEGATIVE NUMBERS.
R  INDICATES RECORD WAS SET OR TIED.
MM INDICATES DATA IS MISSING.
T  INDICATES TRACE AMOUNT.

$$
