000
CXUS42 KFFC 011719
CLMATL


CLIMATE REPORT
NATIONAL WEATHER SERVICE PEACHTREE CITY GA
117 PM EDT MON MAY 1 2017

...................................

...THE ATLANTA CLIMATE SUMMARY FOR THE MONTH OF APRIL 2017...

CLIMATE NORMAL PERIOD 1981 TO 2010
CLIMATE RECORD PERIOD 1878 TO 2017

WEATHER         OBSERVED          NORMAL  DEPART  LAST YEAR`S
                 VALUE   DATE(S)  VALUE   FROM    VALUE  DATE(S)
                                          NORMAL
................................................................
TEMPERATURE (F)
RECORD
 HIGH              93   04/27/1986
                        04/24/1925
 LOW               25   04/02/1881
HIGHEST            87   04/29        93      -6       88  04/29
LOWEST             40   04/08        26      14       40  04/10
AVG. MAXIMUM     77.7              72.5     5.2     74.2
AVG. MINIMUM     58.0              51.5     6.5     54.0
MEAN             67.8              62.0     5.8     64.1
DAYS MAX >= 90      0               0.1    -0.1        0
DAYS MAX <= 32      0               0.0     0.0        0
DAYS MIN <= 32      0               0.3    -0.3        0
DAYS MIN <= 0       0               0.0     0.0        0

PRECIPITATION (INCHES)
RECORD
 MAXIMUM        11.86   1979
 MINIMUM         0.35   1915
TOTALS           5.75              3.36    2.39     3.15
DAILY AVG.       0.19              0.11    0.08     0.11
DAYS >= .01         6               8.6    -2.6        8
DAYS >= .10         3               6.0    -3.0        5
DAYS >= .50         3               2.3     0.7        3
DAYS >= 1.00        1               0.8     0.2        1
GREATEST
 24 HR. TOTAL    4.27   04/05 TO 04/05           03/31 TO 04/01
                                                          04/30 TO 04/30
                                                          04/30 TO 04/30

SNOWFALL (INCHES)
RECORDS
 TOTAL             MM   MM
 24 HR TOTAL       MM
TOTALS            0.0               0.0     0.0      0.0
SINCE 7/1           T               2.9    -2.9      0.3
SNOWDEPTH AVG.      0                MM      MM        0
DAYS >= TRACE       0               0.0     0.0        0
DAYS >= 1.0         0               0.0     0.0        0
GREATEST
 24 HR TOTAL      0.0   04/30 TO 04/30           04/30 TO 04/30
                                                          04/30 TO 04/30
                                                          04/30 TO 04/30

DEGREE_DAYS
HEATING TOTAL      47               143     -96       95
 SINCE 7/1       1666              2740   -1074     1980
COOLING TOTAL     139                53      86       74
 SINCE 1/1        189                66     123      112
.................................................

WIND (MPH)
AVERAGE WIND SPEED              8.3
HIGHEST WIND SPEED/DIRECTION    36/290    DATE  04/06
HIGHEST GUST SPEED/DIRECTION    45/320    DATE  04/06

SKY COVER
POSSIBLE SUNSHINE (PERCENT)   MM
AVERAGE SKY COVER           0.50
NUMBER OF DAYS FAIR            6
NUMBER OF DAYS PC             17
NUMBER OF DAYS CLOUDY          7

AVERAGE RH (PERCENT)     64

WEATHER CONDITIONS. NUMBER OF DAYS WITH
THUNDERSTORM              0     MIXED PRECIP               0
HEAVY RAIN                3     RAIN                       4
LIGHT RAIN               10     FREEZING RAIN              0
LT FREEZING RAIN          0     HAIL                       0
HEAVY SNOW                0     SNOW                       0
LIGHT SNOW                0     SLEET                      0
FOG                       8     FOG W/VIS <= 1/4 MILE      0
HAZE                      1

-  INDICATES NEGATIVE NUMBERS.
R  INDICATES RECORD WAS SET OR TIED.
MM INDICATES DATA IS MISSING.
T  INDICATES TRACE AMOUNT.

$$
