000
CXUS42 KFFC 011712
CLMATL


CLIMATE REPORT
NATIONAL WEATHER SERVICE PEACHTREE CITY GA
111 PM EDT MON AUG 1 2016

...................................

...THE ATLANTA CLIMATE SUMMARY FOR THE MONTH OF JULY 2016...

CLIMATE NORMAL PERIOD 1981 TO 2010
CLIMATE RECORD PERIOD 1878 TO 2016

WEATHER         OBSERVED          NORMAL  DEPART  LAST YEAR`S
                 VALUE   DATE(S)  VALUE   FROM    VALUE  DATE(S)
                                          NORMAL
................................................................
TEMPERATURE (F)
RECORD
 HIGH             105   07/01/2012
                        07/17/1980
                        07/13/1980
 LOW               53   07/15/1967
                        07/12/1898
HIGHEST            98   07/25        MM      MM       94  07/30
                        07/19                             07/28
                        07/03
LOWEST             70   07/22        MM      MM       68  07/04
                        07/12                             07/02
                        07/06
AVG. MAXIMUM     93.5              89.1     4.4     90.1
AVG. MINIMUM     73.2              71.3     1.9     72.6
MEAN             83.4              80.2     3.2     81.3
DAYS MAX >= 90     28              13.0    15.0       22
DAYS MAX <= 32      0               0.0     0.0        0
DAYS MIN <= 32      0               0.0     0.0        0
DAYS MIN <= 0       0               0.0     0.0        0

PRECIPITATION (INCHES)
RECORD
 MAXIMUM        17.71   1994
 MINIMUM         0.56   1881
TOTALS           3.66              5.27   -1.61     5.01
DAILY AVG.       0.12              0.17   -0.05     0.16
DAYS >= .01         9              11.7    -2.7       15
DAYS >= .10         6               7.9    -1.9        8
DAYS >= .50         4               3.3     0.7        4
DAYS >= 1.00        0               1.6    -1.6        1
GREATEST
 24 HR. TOTAL    1.52   07/05 TO 07/06           07/04 TO 07/04
                                                          07/31 TO 07/31
                                                          07/31 TO 07/31

DEGREE_DAYS
HEATING TOTAL       0                 0       0        0
 SINCE 7/1          0                 0       0        0
COOLING TOTAL     577               471     106      517
 SINCE 1/1       1395              1092     303     1322
..................................................

WIND (MPH)
AVERAGE WIND SPEED              6.8
HIGHEST WIND SPEED/DIRECTION    35/320    DATE  07/06
HIGHEST GUST SPEED/DIRECTION    46/350    DATE  07/06

SKY COVER
POSSIBLE SUNSHINE (PERCENT)   MM
AVERAGE SKY COVER           0.50
NUMBER OF DAYS FAIR            4
NUMBER OF DAYS PC             26
NUMBER OF DAYS CLOUDY          1

AVERAGE RH (PERCENT)     66

WEATHER CONDITIONS. NUMBER OF DAYS WITH
THUNDERSTORM              0     MIXED PRECIP               0
HEAVY RAIN                7     RAIN                       8
LIGHT RAIN               11     FREEZING RAIN              0
LT FREEZING RAIN          0     HAIL                       0
HEAVY SNOW                0     SNOW                       0
LIGHT SNOW                0     SLEET                      0
FOG                       5     FOG W/VIS <= 1/4 MILE      0
HAZE                      1

-  INDICATES NEGATIVE NUMBERS.
R  INDICATES RECORD WAS SET OR TIED.
MM INDICATES DATA IS MISSING.
T  INDICATES TRACE AMOUNT.

$$
