000
CXUS54 KEWX 012140 CCA
CLMATT

CLIMATE REPORT...CORRECTED
NATIONAL WEATHER SERVICE AUSTIN/SAN ANTONIO, TX
438 PM CDT MON MAY 1 2017

...CORRECTED MONTHLY SUMMARY STATISTICS...

...................................

...THE AUSTIN CAMP MABRY CLIMATE SUMMARY FOR THE MONTH OF APRIL 2017...

CLIMATE NORMAL PERIOD 1981 TO 2010
CLIMATE RECORD PERIOD 1897 TO 2017

WEATHER         OBSERVED          NORMAL  DEPART  LAST YEAR`S
                 VALUE   DATE(S)  VALUE   FROM    VALUE  DATE(S)
                                          NORMAL
................................................................
TEMPERATURE (F)
HIGHEST            95   04/28                         90  04/27
LOWEST             48   04/24                         44  04/03
AVG. MAXIMUM     82.7              79.8     2.9     80.6
AVG. MINIMUM     60.7              58.6     2.1     59.5
MEAN             71.7              69.2     2.5     70.1
DAYS MAX >= 90      5                                  1
DAYS MAX <= 32      0                                  0
DAYS MIN <= 32      0                                  0
DAYS MIN <= 0       0                                  0

PRECIPITATION (INCHES)
TOTALS           1.22              2.09   -0.87     7.12
DAILY AVG.       0.04              0.07   -0.03     0.24
DAYS >= .01         6                                 11
DAYS >= .10         3                                 10
DAYS >= .50         1                                  6
DAYS >= 1.00        0                                  3
GREATEST
 24 HR. TOTAL    0.71   04/02 TO 04/02

SNOWFALL (INCHES)
TOTALS            0.0               0.0     0.0        T
SINCE 7/1         0.0

DEGREE_DAYS
HEATING TOTAL       3                38     -35       14
 SINCE 7/1        834              1537    -703     1080
COOLING TOTAL     214               164      50      173
 SINCE 1/1        503               252     251      322
.................................................................

WIND (MPH)
AVERAGE WIND SPEED              6.0
HIGHEST WIND SPEED/DIRECTION    21/340    DATE  04/05
HIGHEST GUST SPEED/DIRECTION    34/340    DATE  04/05

SKY COVER
POSSIBLE SUNSHINE (PERCENT)   MM
AVERAGE SKY COVER           0.50
NUMBER OF DAYS FAIR           10
NUMBER OF DAYS PC             13
NUMBER OF DAYS CLOUDY          7

AVERAGE RH (PERCENT)     66

WEATHER CONDITIONS. NUMBER OF DAYS WITH
THUNDERSTORM              0     MIXED PRECIP               0
HEAVY RAIN                3     RAIN                       3
LIGHT RAIN                8     FREEZING RAIN              0
LT FREEZING RAIN          0     HAIL                       0
HEAVY SNOW                0     SNOW                       0
LIGHT SNOW                0     SLEET                      0
FOG                       8     FOG W/VIS <= 1/4 MILE      0
HAZE                      2

-  INDICATES NEGATIVE NUMBERS.
R  INDICATES RECORD WAS SET OR TIED.
MM INDICATES DATA IS MISSING.
T  INDICATES TRACE AMOUNT.

&&

MONTHLY CLIMATE SUMMARY:
APRIL WAS THE 15TH WARMEST AND THE 25TH DRIEST APRIL
SINCE RECORD KEEPING BEGAN.

SEA LEVEL PRESSURE DATA:
HIGHEST SLP 30.29 INCHES ON THE 6TH
LOWEST SLP 29.39 ON THE 26TH

PRELIMINARY LOCAL CLIMATOLOGICAL DATA (WS FORM: F-6)

                                          STATION:   AUSTIN CAMP MABRY
                                          MONTH:     APRIL
                                          YEAR:      2017
                                          LATITUDE:   30 17 N
                                          LONGITUDE:  97 42 W

  TEMPERATURE IN F:       :PCPN:    SNOW:  WIND      :SUNSHINE: SKY     :PK WND
================================================================================
1   2   3   4   5  6A  6B    7    8   9   10  11  12  13   14  15   16   17  18
                                     12Z  AVG MX 2MIN
DY MAX MIN AVG DEP HDD CDD  WTR  SNW DPTH SPD SPD DIR MIN PSBL S-S WX    SPD DR
================================================================================

 1  76  65  71   5   0   6 0.00  0.0    0  8.1 16 140   M    M  10        26 130
 2  77  57  67   1   0   2 0.71  0.0    0  6.1 16 350   M    M   6 138    29 340
 3  90  49  70   4   0   5 0.00  0.0    0  2.3 10 220   M    M   0        17 240
 4  89  60  75   9   0  10 0.00  0.0    0  4.6 14 340   M    M   0        22 190
 5  75  52  64  -3   1   0 0.00  0.0    0  8.1 21 340   M    M   0        34 340
 6  79  49  64  -3   1   0 0.00  0.0    0  3.0  9 130   M    M   0        15 140
 7  81  52  67   0   0   2 0.00  0.0    0  4.4 12 170   M    M   0        20 150
 8  82  56  69   2   0   4 0.00  0.0    0  7.2 15 150   M    M   4        26 190
 9  81  66  74   6   0   9 0.00  0.0    0  7.7 15 150   M    M   9        26 170
10  80  71  76   8   0  11 0.10  0.0    0  6.5 13 160   M    M  10 1      22 170
11  72  62  67  -1   0   2 0.34  0.0    0  4.0 10 110   M    M   8 13     18 140
12  78  61  70   2   0   5 0.00  0.0    0  3.5 10 110   M    M   8        15 120
13  82  67  75   6   0  10    T  0.0    0  5.7 14 140   M    M   7 1      23 160
14  84  65  75   6   0  10 0.00  0.0    0  5.4 12 150   M    M   5 1      20 190
15  84  67  76   7   0  11 0.00  0.0    0  7.1 14 130   M    M   7        25 130
16  84  69  77   8   0  12 0.00  0.0    0  6.3 14 140   M    M   7        21 130
17  80  63  72   2   0   7    T  0.0    0  4.8 16  10   M    M   7 13     26 140
18  82  61  72   2   0   7 0.00  0.0    0  3.8 10 120   M    M   7        16 110
19  85  68  77   7   0  12    T  0.0    0  5.6 14 130   M    M   6 1      22 120
20  88  70  79   9   0  14 0.00  0.0    0  5.9 12 150   M    M   7        20 160
21  89  71  80  10   0  15 0.00  0.0    0  7.0 14 220   M    M   6        23 230
22  73  57  65  -6   0   0 0.01  0.0    0  7.0 14 360   M    M   9 1      23  10
23  77  50  64  -7   1   0 0.00  0.0    0  5.2 14  10   M    M   1        22  30
24  82  48  65  -6   0   0 0.00  0.0    0  4.2 14 160   M    M   0        22 150
25  90  62  76   4   0  11 0.00  0.0    0  6.9 16 160   M    M   7        26 160
26  91  62  77   5   0  12 0.00  0.0    0  8.2 18 280   M    M   3        30 300
27  86  53  70  -2   0   5 0.00  0.0    0  6.5 15 160   M    M   0        26 150
28  95  70  83  11   0  18 0.00  0.0    0  8.5 17 150   M    M   6        26 160
29  92  66  79   7   0  14 0.01  0.0    0  9.2 18 160   M    M   9 38     30 320
30  78  52  65  -8   0   0 0.05  0.0    0  5.8 18 310   M    M   3 3      33 310
================================================================================
SM 2482 1821         3 214  1.22     0.0 178.6          M      152
================================================================================
AV 82.7 60.7                               6.0 FASTST   M    M   5    MAX(MPH)
                                 MISC ---->  # 21 340               # 34  340
================================================================================
NOTES:
# LAST OF SEVERAL OCCURRENCES

COLUMN 17 PEAK WIND IN M.P.H.

SYMBOLS USED IN COLUMN 16
1 = FOG OR MIST
2 = FOG REDUCING VISIBILITY
3 = THUNDER
4 = ICE PELLETS
5 = HAIL
6 = FREEZING RAIN OR DRIZZLE
7 = DUSTSTORM OR SANDSTORM:
8 = SMOKE OR HAZE
9 = BLOWING SNOW
X = TORNADO

$$
