000
CXUS53 KABR 011336
CLMATY


CLIMATE REPORT
NATIONAL WEATHER SERVICE ABERDEEN SD
831 AM CDT TUE SEP 1 2015

...................................

...THE WATERTOWN SD CLIMATE SUMMARY FOR THE MONTH OF AUGUST 2015...

CLIMATE NORMAL PERIOD 1981 TO 2010
CLIMATE RECORD PERIOD 1898 TO 2015

WEATHER         OBSERVED          NORMAL  DEPART  LAST YEAR`S
                 VALUE   DATE(S)  VALUE   FROM    VALUE  DATE(S)
                                          NORMAL
................................................................
TEMPERATURE (F)
RECORD
 HIGH             105   08/24/1936
                        08/04/1934
 LOW               32   08/28/1965
HIGHEST            89   08/14        MM      MM       84  08/20
                                                          08/03
LOWEST             39   08/25        MM      MM       45  08/26
AVG. MAXIMUM     78.6              79.9    -1.3     77.2
AVG. MINIMUM     57.3              57.2     0.1     58.3
MEAN             68.0              68.6    -0.6     67.7
DAYS MAX >= 90      0               2.4    -2.4        0
DAYS MAX <= 32      0               0.0     0.0        0
DAYS MIN <= 32      0               0.0     0.0        0
DAYS MIN <= 0       0               0.0     0.0        0

PRECIPITATION (INCHES)
RECORD
 MAXIMUM         7.67   1900
 MINIMUM         0.39   1907
TOTALS           5.44              2.78    2.66     2.90
DAYS >= .01        10               8.0     2.0       12
DAYS >= .10         5               4.8     0.2        8
DAYS >= .50         2               1.9     0.1        2
DAYS >= 1.00        2               0.6     1.4        0

SNOWFALL (INCHES)
RECORDS
 TOTAL             MM   MM
 SNOW DEPTH        MM   MM
TOTALS            0.0               0.0     0.0      0.0
SINCE 7/1         0.0               0.0     0.0      0.0
SNOWDEPTH AVG.      0                MM      MM        0
DAYS >= TRACE       0               0.0     0.0        0
DAYS >= 1.0         0               0.0     0.0        0
GREATEST
 SNOW DEPTH         0   MM                             0  MM

DEGREE_DAYS
HEATING TOTAL      49                40       9       19
 SINCE 7/1         62                57       5       54
COOLING TOTAL     149               150      -1      110
 SINCE 1/1        477               474       3      333

FREEZE DATES
RECORD
 EARLIEST     MM
 LATEST       MM
EARLIEST                        MM
LATEST                          MM
.................................................................

WIND (MPH)
AVERAGE WIND SPEED              9.7
RESULTANT WIND SPEED/DIRECTION   3/194
HIGHEST WIND SPEED/DIRECTION    39/350    DATE  08/19
HIGHEST GUST SPEED/DIRECTION    49/340    DATE  08/19

SKY COVER
POSSIBLE SUNSHINE (PERCENT)   MM
AVERAGE SKY COVER           0.20
NUMBER OF DAYS FAIR           24
NUMBER OF DAYS PC              6
NUMBER OF DAYS CLOUDY          1

AVERAGE RH (PERCENT)     73

WEATHER CONDITIONS. NUMBER OF DAYS WITH
THUNDERSTORM              0     MIXED PRECIP               0
HEAVY RAIN                4     RAIN                       5
LIGHT RAIN               13     FREEZING RAIN              0
LT FREEZING RAIN          0     HAIL                       0
HEAVY SNOW                0     SNOW                       0
LIGHT SNOW                0     SLEET                      0
FOG                      12     FOG W/VIS <= 1/4 MILE      2
HAZE                      1

-  INDICATES NEGATIVE NUMBERS.
R  INDICATES RECORD WAS SET OR TIED.
MM INDICATES DATA IS MISSING.
T  INDICATES TRACE AMOUNT.

$$
