000
CXUS53 KABR 021324
CLMATY


CLIMATE REPORT
NATIONAL WEATHER SERVICE ABERDEEN SD
818 AM CDT WED JUL 2 2014

...................................

...THE WATERTOWN SD CLIMATE SUMMARY FOR THE MONTH OF JUNE 2014...

CLIMATE NORMAL PERIOD 1981 TO 2010
CLIMATE RECORD PERIOD 1898 TO 2014

WEATHER         OBSERVED          NORMAL  DEPART  LAST YEAR`S
                 VALUE   DATE(S)  VALUE   FROM    VALUE  DATE(S)
                                          NORMAL
................................................................
TEMPERATURE (F)
RECORD
 HIGH             107   06/28/1931
 LOW               30   06/02/1946
                        06/09/1915
HIGHEST            86   06/21        MM      MM       85  06/26
                                                          06/25
                                                          06/20
LOWEST             42   06/08        MM      MM       41  06/07
AVG. MAXIMUM     74.9              76.7    -1.8     74.4
AVG. MINIMUM     54.5              54.5     0.0     55.2
MEAN             64.7              65.6    -0.9     64.8
DAYS MAX >= 90      0               1.5    -1.5        0
DAYS MAX <= 32      0               0.0     0.0        0
DAYS MIN <= 32      0               0.0     0.0        0
DAYS MIN <= 0       0               0.0     0.0        0

PRECIPITATION (INCHES)
RECORD
 MAXIMUM        11.37   1991
 MINIMUM         0.33   1950
TOTALS           4.60              3.58    1.02     5.51
DAYS >= .01        13              11.2     1.8       11
DAYS >= .10         9               7.0     2.0        9
DAYS >= .50         3               2.4     0.6        3
DAYS >= 1.00        1               1.0     0.0        3

SNOWFALL (INCHES)
RECORDS
 TOTAL             MM   MM
 SNOW DEPTH        MM   MM
TOTALS            0.0               0.0     0.0      0.0
SINCE 7/1        28.2              35.9    -7.7     47.1
SNOWDEPTH AVG.      0                MM      MM        0
DAYS >= TRACE       0               0.0     0.0        0
DAYS >= 1.0         0               0.0     0.0        0
GREATEST
 SNOW DEPTH         0   MM                             0  MM

DEGREE_DAYS
HEATING TOTAL      63                78     -15       88
 SINCE 7/1       9336              8525     811     9105
COOLING TOTAL      61                96     -35       89
 SINCE 1/1        102               118     -16      111

FREEZE DATES
RECORD
 EARLIEST     MM
 LATEST       MM
EARLIEST      12/01             MM
LATEST        05/16             MM
.................................................................

WIND (MPH)
AVERAGE WIND SPEED              9.6
RESULTANT WIND SPEED/DIRECTION   2/215
HIGHEST WIND SPEED/DIRECTION    36/320    DATE  06/16
HIGHEST GUST SPEED/DIRECTION    45/280    DATE  06/30

SKY COVER
POSSIBLE SUNSHINE (PERCENT)   MM
AVERAGE SKY COVER           0.30
NUMBER OF DAYS FAIR           14
NUMBER OF DAYS PC             15
NUMBER OF DAYS CLOUDY          1

AVERAGE RH (PERCENT)     72

WEATHER CONDITIONS. NUMBER OF DAYS WITH
THUNDERSTORM              0     MIXED PRECIP               0
HEAVY RAIN                8     RAIN                      10
LIGHT RAIN               15     FREEZING RAIN              0
LT FREEZING RAIN          0     HAIL                       0
HEAVY SNOW                0     SNOW                       0
LIGHT SNOW                0     SLEET                      0
FOG                      18     FOG W/VIS <= 1/4 MILE      5
HAZE                      0

-  INDICATES NEGATIVE NUMBERS.
R  INDICATES RECORD WAS SET OR TIED.
MM INDICATES DATA IS MISSING.
T  INDICATES TRACE AMOUNT.

$$
