000
CXUS54 KEWX 011707
CLMAUS

SATCLMAUS 000
TTAA00 KEWX 011704


CLIMATE REPORT
NATIONAL WEATHER SERVICE AUSTIN/SAN ANTONIO, TX
1207 PM CDT FRI APR 1 2016

...................................

...THE AUSTIN BERGSTROM CLIMATE SUMMARY FOR THE MONTH OF MARCH 2016...

CLIMATE NORMAL PERIOD 1981 TO 2010
CLIMATE RECORD PERIOD 1943 TO 2016

WEATHER         OBSERVED          NORMAL  DEPART  LAST YEAR`S
                 VALUE   DATE(S)  VALUE   FROM    VALUE  DATE(S)
                                          NORMAL
................................................................
TEMPERATURE (F)
HIGHEST            88   03/14                         82  03/29
LOWEST             32   03/21                         21  03/06
AVG. MAXIMUM     76.0              71.8     4.2     68.6
AVG. MINIMUM     51.1              46.6     4.5     48.0
MEAN             63.5              59.2     4.3     58.3
DAYS MAX >= 90      0                                  0
DAYS MAX <= 32      0                                  0
DAYS MIN <= 32      1                                  2
DAYS MIN <= 0       0                                  0

PRECIPITATION (INCHES)
TOTALS           3.81              2.78    1.03     4.04
DAILY AVG.       0.12              0.09    0.03     0.13
DAYS >= .01        11                                 12
DAYS >= .10         5                                  6
DAYS >= .50         2                                  3
DAYS >= 1.00        1                                  1
GREATEST
 24 HR. TOTAL    2.56   03/09 TO 03/09

SNOWFALL (INCHES)
TOTALS            0.0                MM      MM      0.0
SINCE 7/1           T                MM      MM        T

DEGREE_DAYS
HEATING TOTAL     108               222    -114      236
 SINCE 7/1       1342              1837    -495     1950
COOLING TOTAL      72                42      30       38
 SINCE 1/1         95                58      37       40
.................................................................

WIND (MPH)
AVERAGE WIND SPEED              10.0
HIGHEST WIND SPEED/DIRECTION    45/320    DATE  03/24
HIGHEST GUST SPEED/DIRECTION    67/320    DATE  03/24

SKY COVER
POSSIBLE SUNSHINE (PERCENT)   MM
AVERAGE SKY COVER           0.60
NUMBER OF DAYS FAIR           11
NUMBER OF DAYS PC              9
NUMBER OF DAYS CLOUDY         11

AVERAGE RH (PERCENT)     71

WEATHER CONDITIONS. NUMBER OF DAYS WITH
THUNDERSTORM              0     MIXED PRECIP               0
HEAVY RAIN                2     RAIN                       4
LIGHT RAIN               14     FREEZING RAIN              0
LT FREEZING RAIN          0     HAIL                       0
HEAVY SNOW                0     SNOW                       0
LIGHT SNOW                0     SLEET                      0
FOG                      19     FOG W/VIS <= 1/4 MILE      2
HAZE                      5

-  INDICATES NEGATIVE NUMBERS.
R  INDICATES RECORD WAS SET OR TIED.
MM INDICATES DATA IS MISSING.
T  INDICATES TRACE AMOUNT.

&&

MONTHLY CLIMATE SUMMARY:
MARCH 2016 WAS THE 21ST WARMEST AND 10TH WETTEST
MARCH SINCE RECORD KEEPING BEGAN.

SEA LEVEL PRESSURE DATA:
HIGHEST SLP 30.47 INCHES ON THE 21ST
LOWEST  SLP 29.57 INCHES ON THE 8TH

PRELIMINARY LOCAL CLIMATOLOGICAL DATA (WS FORM: F-6)

                                          STATION:   AUSTIN BERGSTROM
                                          MONTH:     MARCH
                                          YEAR:      2016
                                          LATITUDE:   30 13 N
                                          LONGITUDE:  97 40 W

  TEMPERATURE IN F:       :PCPN:    SNOW:  WIND      :SUNSHINE: SKY     :PK WND
================================================================================
1   2   3   4   5  6A  6B    7    8   9   10  11  12  13   14  15   16   17  18
                                     12Z  AVG MX 2MIN
DY MAX MIN AVG DEP HDD CDD  WTR  SNW DPTH SPD SPD DIR MIN PSBL S-S WX    SPD DR
================================================================================

 1  82  51  67  12   0   2 0.00  0.0    0 12.4 26  10   M    M   7        34  10
 2  77  38  58   3   7   0 0.00  0.0    0 10.3 22 180   M    M   3        28 180
 3  82  49  66  10   0   1 0.00  0.0    0 12.9 28  10   M    M   5        34  30
 4  75  38  57   1   8   0 0.00  0.0    0  5.0 13 180   M    M   2        18 200
 5  77  48  63   7   2   0    T  0.0    0  6.1 13 120   M    M   7 1      17 200
 6  78  53  66  10   0   1 0.00  0.0    0 11.9 22 150   M    M   7 1      28 150
 7  78  64  71  14   0   6    T  0.0    0 17.7 31 170   M    M  10 1      42 160
 8  82  68  75  18   0  10 0.12  0.0    0 14.1 23 160   M    M   9 13     33 150
 9  70  60  65   8   0   0 2.56  0.0    0 13.3 24  40   M    M   9 13     30  50
10  65  59  62   4   3   0 0.37  0.0    0 13.7 29 360   M    M   9 13     32 360
11  75  60  68  10   0   3 0.13  0.0    0  6.3 16 180   M    M   9 1      20 180
12  74  56  65   7   0   0    T  0.0    0  6.1 15 210   M    M   6        19 190
13  85  55  70  12   0   5 0.00  0.0    0  8.9 18 250   M    M   2 1      28 280
14  88  45  67   8   0   2 0.00  0.0    0  8.9 22 190   M    M   1        29 210
15  86  63  75  16   0  10 0.00  0.0    0  9.3 17  20   M    M   8 18     22  20
16  79  52  66   7   0   1 0.00  0.0    0  6.6 17 140   M    M   6 18     21 130
17  80  63  72  12   0   7 0.01  0.0    0  4.8 10 150   M    M   8 1      14 110
18  78  56  67   7   0   2 0.06  0.0    0  7.4 26 360   M    M   9 1238   32  10
19  63  43  53  -7  12   0 0.00  0.0    0 19.1 30  10   M    M   5        38 360
20  63  36  50 -10  15   0 0.00  0.0    0  9.3 23 350   M    M   0        35  10
21  66  32  49 -12  16   0 0.00  0.0    0  7.4 16 190   M    M   0        22 180
22  78  36  57  -4   8   0 0.00  0.0    0 14.3 28 180   M    M   3        37 170
23  81  65  73  12   0   8 0.01  0.0    0 16.1 24 180   M    M   9 1      33 170
24  69  44  57  -4   8   0 0.50  0.0    0 12.9 45 320   M    M   2 13     67 320
25  73  38  56  -6   9   0 0.00  0.0    0  5.8 15 180   M    M   2        20  70
26  73  40  57  -5   8   0 0.00  0.0    0  3.9 15 150   M    M   6 1      19 140
27  73  50  62   0   3   0 0.01  0.0    0  8.6 23 350   M    M   4 12     31 360
28  74  42  58  -4   7   0 0.00  0.0    0  6.1 17  50   M    M   2        23  50
29  71  54  63   0   2   0 0.01  0.0    0  8.1 15 150   M    M   9 1      19 150
30  77  69  73  10   0   8 0.03  0.0    0 12.0 23 180   M    M   9 18     32 170
31  85  56  71   8   0   6 0.00  0.0    0  9.6 20 360   M    M   3 18     26  10
================================================================================
SM 2357 1583       108  72  3.81     0.0 308.9          M      171
================================================================================
AV 76.0 51.1                              10.0 FASTST   M    M   6    MAX(MPH)
                                 MISC ---->  # 45 320               # 67  320
================================================================================

NOTES:
# LAST OF SEVERAL OCCURRENCES

COLUMN 17 PEAK WIND IN M.P.H.

SYMBOLS USED IN COLUMN 16
1 = FOG OR MIST
2 = FOG REDUCING VISIBILITY
3 = THUNDER
4 = ICE PELLETS
5 = HAIL
6 = FREEZING RAIN OR DRIZZLE
7 = DUSTSTORM OR SANDSTORM:
8 = SMOKE OR HAZE
9 = BLOWING SNOW
X = TORNADO


$$
