000
CXUS54 KEWX 020057
CLMAUS

CLIMATE REPORT
NATIONAL WEATHER SERVICE AUSTIN/SAN ANTONIO, TX
757 PM CDT MON AUG 1 2016

...................................

...THE AUSTIN BERGSTROM CLIMATE SUMMARY FOR THE MONTH OF JULY 2016...

CLIMATE NORMAL PERIOD 1981 TO 2010
CLIMATE RECORD PERIOD 1943 TO 2016

WEATHER         OBSERVED          NORMAL  DEPART  LAST YEAR`S
                 VALUE   DATE(S)  VALUE   FROM    VALUE  DATE(S)
                                          NORMAL
................................................................
TEMPERATURE (F)
HIGHEST           100   07/25                        101  07/31
                        07/24
                        07/23
LOWEST             70   07/01                         65  07/11
AVG. MAXIMUM     97.7              95.2     2.5     94.6
AVG. MINIMUM     75.1              71.7     3.4     71.6
MEAN             86.4              83.4     3.0     83.1
DAYS MAX >= 90     31                                 29
DAYS MAX <= 32      0                                  0
DAYS MIN <= 32      0                                  0
DAYS MIN <= 0       0                                  0

PRECIPITATION (INCHES)
TOTALS           5.65              2.44    3.21     0.01
DAILY AVG.       0.18              0.08    0.10     0.00
DAYS >= .01         3                                  1
DAYS >= .10         3                                  0
DAYS >= .50         2                                  0
DAYS >= 1.00        2                                  0
GREATEST
 24 HR. TOTAL    5.31   07/26 TO 07/27

SNOWFALL (INCHES)
TOTALS            0.0                MM      MM      0.0
SINCE 7/1         0.0                MM      MM      0.0

DEGREE_DAYS
HEATING TOTAL       0                 0       0        0
 SINCE 7/1          0                 0       0        0
COOLING TOTAL     671               572      99      568
 SINCE 1/1       1693              1560     133     1491
.................................................................

WIND (MPH)
AVERAGE WIND SPEED              9.6
HIGHEST WIND SPEED/DIRECTION    31/140    DATE  07/28
HIGHEST GUST SPEED/DIRECTION    39/140    DATE  07/28

SKY COVER
POSSIBLE SUNSHINE (PERCENT)   MM
AVERAGE SKY COVER           0.50
NUMBER OF DAYS FAIR            7
NUMBER OF DAYS PC             24
NUMBER OF DAYS CLOUDY          0

AVERAGE RH (PERCENT)     68

WEATHER CONDITIONS. NUMBER OF DAYS WITH
THUNDERSTORM              0     MIXED PRECIP               0
HEAVY RAIN                1     RAIN                       3
LIGHT RAIN                5     FREEZING RAIN              0
LT FREEZING RAIN          0     HAIL                       0
HEAVY SNOW                0     SNOW                       0
LIGHT SNOW                0     SLEET                      0
FOG                       9     FOG W/VIS <= 1/4 MILE      0
HAZE                      0

-  INDICATES NEGATIVE NUMBERS.
R  INDICATES RECORD WAS SET OR TIED.
MM INDICATES DATA IS MISSING.
T  INDICATES TRACE AMOUNT.

&&

MONTHLY CLIMATE SUMMARY:
JULY 2016 WAS THE 12TH WARMEST AND THE 4TH WETTEST JULY SINCE RECORD
KEEPING BEGAN.

SEA LEVEL PRESSURE DATA:
HIGHEST SLP 30.17 ON 19TH
LOWEST  SLP 29.78 ON 25TH

PRELIMINARY LOCAL CLIMATOLOGICAL DATA (WS FORM: F-6)

                                          STATION:   AUSTIN BERGSTROM
                                          MONTH:     JULY
                                          YEAR:      2016
                                          LATITUDE:   30 13 N
                                          LONGITUDE:  97 40 W

  TEMPERATURE IN F:       :PCPN:    SNOW:  WIND      :SUNSHINE: SKY     :PK WND
================================================================================
1   2   3   4   5  6A  6B    7    8   9   10  11  12  13   14  15   16   17  18
                                     12Z  AVG MX 2MIN
DY MAX MIN AVG DEP HDD CDD  WTR  SNW DPTH SPD SPD DIR MIN PSBL S-S WX    SPD DR
================================================================================

 1  95  70  83   1   0  18 0.00  0.0    0  5.2 14 140   M    M   2        16 140
 2  97  73  85   2   0  20 0.00  0.0    0 10.7 22 150   M    M   5 1      26 170
 3  98  78  88   5   0  23 0.00  0.0    0 14.8 24 190   M    M   6        31 180
 4  99  79  89   6   0  24 0.00  0.0    0 13.5 21 150   M    M   7        27 180
 5  99  79  89   6   0  24 0.00  0.0    0 12.6 21 140   M    M   5        29 200
 6  98  78  88   5   0  23 0.00  0.0    0 14.6 24 150   M    M   4        32 150
 7  98  78  88   5   0  23 0.00  0.0    0 14.4 22 180   M    M   4        29 150
 8  99  78  89   6   0  24 0.00  0.0    0 12.8 23 140   M    M   5        28 140
 9  98  77  88   5   0  23 0.00  0.0    0 11.0 22 170   M    M   7 1      27 170
10  97  78  88   5   0  23    T  0.0    0 11.1 21 190   M    M   6 1      25 170
11  99  78  89   6   0  24 0.00  0.0    0 15.4 29 140   M    M   4        36 150
12  99  76  88   5   0  23 0.00  0.0    0 15.0 23 150   M    M   5        31 190
13 100  78  89   6   0  24 0.00  0.0    0 13.9 22 140   M    M   4        29 160
14  99  77  88   5   0  23 0.00  0.0    0 12.7 21 140   M    M   5        26 150
15 100  77  89   6   0  24 0.00  0.0    0  9.9 21 180   M    M   4        24 180
16  98  74  86   2   0  21 0.00  0.0    0  9.6 17 140   M    M   5 1      21 140
17  98  71  85   1   0  20 0.00  0.0    0  8.0 16 100   M    M   3        20 150
18  98  71  85   1   0  20 0.00  0.0    0  7.7 18 130   M    M   5        24 120
19  98  74  86   2   0  21 0.00  0.0    0  5.7 20 120   M    M   6        24 130
20  99  73  86   2   0  21 0.00  0.0    0  5.5 20 120   M    M   4        25 130
21 100  71  86   2   0  21 0.00  0.0    0  6.7 15 130   M    M   3        19 140
22 100  72  86   2   0  21 0.00  0.0    0  5.5 15 150   M    M   2        19 120
23 100  74  87   3   0  22 0.00  0.0    0  7.5 15 160   M    M   3        21 180
24 100  77  89   5   0  24 0.00  0.0    0  8.1 15 180   M    M   4        19 170
25 100  76  88   4   0  23 0.34  0.0    0  6.0 25  40   M    M   6 13     30  70
26  91  74  83  -1   0  18 1.13  0.0    0  4.8 24 130   M    M   6 13     29 130
27  92  71  82  -2   0  17 4.18  0.0    0  6.1 24 210   M    M   7 13     31 230
28  95  73  84   0   0  19    T  0.0    0  5.8 31 140   M    M   6 13     39 140
29  95  74  85   1   0  20 0.00  0.0    0  5.8 14 130   M    M   6        19 200
30  95  73  84   0   0  19 0.00  0.0    0  7.2 14 180   M    M   3 1      22 180
31  96  76  86   2   0  21 0.00  0.0    0  9.6 16 150   M    M   4        23 210
================================================================================
SM 3030 2328         0 671  5.65     0.0 297.2          M      146
================================================================================
AV 97.7 75.1                               9.6 FASTST   M    M   5    MAX(MPH)
                                 MISC ---->  # 31 140               # 39  140
================================================================================
NOTES:
# LAST OF SEVERAL OCCURRENCES

COLUMN 17 PEAK WIND IN M.P.H.

SYMBOLS USED IN COLUMN 16
1 = FOG OR MIST
2 = FOG REDUCING VISIBILITY
3 = THUNDER
4 = ICE PELLETS
5 = HAIL
6 = FREEZING RAIN OR DRIZZLE
7 = DUSTSTORM OR SANDSTORM:
8 = SMOKE OR HAZE
9 = BLOWING SNOW
X = TORNADO

$$
