000
CXUS53 KGRB 010633
CLMAUW


CLIMATE REPORT
NATIONAL WEATHER SERVICE GREEN BAY
131 AM CDT MON AUG 1 2016

...................................

...THE WAUSAU WI CLIMATE SUMMARY FOR THE MONTH OF JULY 2016...

CLIMATE NORMAL PERIOD 1981 TO 2010
CLIMATE RECORD PERIOD 1896 TO 2016

WEATHER         OBSERVED          NORMAL  DEPART  LAST YEAR`S
                 VALUE   DATE(S)  VALUE   FROM    VALUE  DATE(S)
                                          NORMAL
................................................................
TEMPERATURE (F)
RECORD
 HIGH             107   07/13/1936
 LOW               37   07/21/1904
HIGHEST            91   07/22        91       0       87  07/27
                                                          07/25
                                                          07/18
LOWEST             51   07/16        48       3       46  07/01
                        07/04
                        07/03
AVG. MAXIMUM     80.1              80.0     0.1     80.9
AVG. MINIMUM     59.8              58.6     1.2     58.1
MEAN             70.0              69.3     0.7     69.5
DAYS MAX >= 90      1               1.9    -0.9        0
DAYS MAX <= 32      0               0.0     0.0        0
DAYS MIN <= 32      0               0.0     0.0        0
DAYS MIN <= 0       0               0.0     0.0        0

PRECIPITATION (INCHES)
RECORD
 MAXIMUM        13.02   1900
 MINIMUM         0.94   1937
TOTALS           4.60              3.83    0.77     3.08
DAILY AVG.       0.15              0.12    0.03     0.10
DAYS >= .01        13              11.7     1.3        5
DAYS >= .10         9               7.1     1.9        4
DAYS >= .50         5               2.3     2.7
DAYS >= 1.00        1               1.0     0.0        1
GREATEST
 STORM TOTAL       MM
 (MM/DD(HH))            MM

SNOWFALL (INCHES)
RECORDS
 TOTAL            0.0   MM
 24 HR TOTAL      0.0   MM
TOTALS            0.0               0.0     0.0      0.0
SINCE 7/1         0.0               0.0     0.0      0.0
DAYS >= TRACE       0               0.0     0.0
DAYS >= 1.0         0               0.0     0.0        0
GREATEST
 SNOW DEPTH         0   MM                             0  MM
 24 HR TOTAL      0.0   07/31 TO 07/31

DEGREE_DAYS
HEATING TOTAL       9                23     -14       18
 SINCE 7/1          9                23     -14       18
COOLING TOTAL     171               156      15      164
 SINCE 1/1        322               260      62      229
.................................................................

WIND (MPH)
AVERAGE WIND SPEED              7.0
HIGHEST WIND SPEED/DIRECTION    36/310    DATE  07/12
HIGHEST GUST SPEED/DIRECTION    50/300    DATE  07/12

SKY COVER
POSSIBLE SUNSHINE (PERCENT)   MM
AVERAGE SKY COVER           0.30
NUMBER OF DAYS FAIR           19
NUMBER OF DAYS PC             10
NUMBER OF DAYS CLOUDY          2

AVERAGE RH (PERCENT)     74

WEATHER CONDITIONS. NUMBER OF DAYS WITH
THUNDERSTORM              0     MIXED PRECIP               0
HEAVY RAIN                7     RAIN                       8
LIGHT RAIN               14     FREEZING RAIN              0
LT FREEZING RAIN          0     HAIL                       0
HEAVY SNOW                0     SNOW                       0
LIGHT SNOW                0     SLEET                      0
FOG                      15     FOG W/VIS <= 1/4 MILE      0
HAZE                      4

-  INDICATES NEGATIVE NUMBERS.
R  INDICATES RECORD WAS SET OR TIED.
MM INDICATES DATA IS MISSING.
T  INDICATES TRACE AMOUNT.

$$
