000
CXUS52 KGSP 011418
CLMAVL

CLIMATE REPORT
NATIONAL WEATHER SERVICE GREENVILLE-SPARTANBURG SC
924 AM EDT WED JUL 1 2015

...................................

...THE ASHEVILLE CLIMATE SUMMARY FOR THE MONTH OF JUNE 2015...

CLIMATE NORMAL PERIOD 1981 TO 2010
CLIMATE RECORD PERIOD 1869 TO 2015

WEATHER         OBSERVED          NORMAL  DEPART  LAST YEAR`S
                 VALUE   DATE(S)  VALUE   FROM    VALUE  DATE(S)
                                          NORMAL
................................................................
TEMPERATURE (F)
RECORD
 HIGH              98   06/30/2012
                        06/28/1952
                        06/29/1936
 LOW               35   06/02/1966
HIGHEST            91   06/24        MM      MM       89  06/19
LOWEST             55   06/29        MM      MM       55  06/02
AVG. MAXIMUM     84.1              81.3     2.8     82.0
AVG. MINIMUM     62.9              59.6     3.3     62.6
MEAN             73.5              70.5     3.0     72.3
DAYS MAX >= 90      2               1.2     0.8        0
DAYS MAX <= 32      0               0.0     0.0        0
DAYS MIN <= 32      0               0.0     0.0        0
DAYS MIN <= 0       0               0.0     0.0        0

PRECIPITATION (INCHES)
RECORD
 MAXIMUM        10.73   1989
 MINIMUM         0.80   1964
TOTALS           6.42              4.65    1.77     5.39
DAILY AVG.       0.21              0.16    0.05     0.18
DAYS >= .01        19              12.7     6.3       14
DAYS >= .10        12               7.7     4.3       10
DAYS >= .50         4               3.1     0.9        5
DAYS >= 1.00        2               1.2     0.8        1
GREATEST
 24 HR. TOTAL    3.13   06/21 TO 06/22           06/29 TO 06/30
                                                          06/30 TO 06/30
                                                          06/30 TO 06/30
 STORM TOTAL       MM                                 MM
 (MM/DD(HH))            MM                    06/30(00) TO 06/30(00)
                                                 06/30(00) TO 06/30(00)0
                                                 06/30(00) TO 06/30(00)0

DEGREE_DAYS
COOLING TOTAL     263               177      86      226
 SINCE 1/1        385               235     150      307

FREEZE DATES
RECORD
 EARLIEST     MM
 LATEST       MM
EARLIEST      11/01             MM
LATEST        04/05             MM
.................................................

WIND (MPH)
AVERAGE WIND SPEED              4.8
HIGHEST WIND SPEED/DIRECTION    32/340    DATE  06/18
HIGHEST GUST SPEED/DIRECTION    39/300    DATE  06/22

SKY COVER
POSSIBLE SUNSHINE (PERCENT)   MM
AVERAGE SKY COVER           0.30
NUMBER OF DAYS FAIR           18
NUMBER OF DAYS PC             11
NUMBER OF DAYS CLOUDY          1

AVERAGE RH (PERCENT)     70

WEATHER CONDITIONS. NUMBER OF DAYS WITH
THUNDERSTORM       17     MIXED PRECIP               0
HEAVY RAIN          7     RAIN                       7
LIGHT RAIN         20     FREEZING RAIN              0
LT FREEZING RAIN    0     HAIL                       0
HEAVY SNOW          0     SNOW                       0
LIGHT SNOW          0     SLEET                      0
FOG                17     FOG W/VIS <= 1/4 MILE      6
HAZE                6

-  INDICATES NEGATIVE NUMBERS.
R  INDICATES RECORD WAS SET OR TIED.
MM INDICATES DATA IS MISSING.
T  INDICATES TRACE AMOUNT.

$$
