000
CXUS51 KBGM 011529 AAA
CLMAVP

CLIMATE REPORT...UPDATED
NATIONAL WEATHER SERVICE BINGHAMTON NY
1130 AM EDT SAT NOV 1 2014

...................................

...THE AVOCA PA CLIMATE SUMMARY FOR THE MONTH OF OCTOBER 2014...

CLIMATE NORMAL PERIOD 1981 TO 2010
CLIMATE RECORD PERIOD 1901 TO 2014

WEATHER         OBSERVED          NORMAL  DEPART  LAST YEAR`S
                 VALUE   DATE(S)  VALUE   FROM    VALUE  DATE(S)
                                          NORMAL
................................................................
TEMPERATURE (F)
RECORD
 HIGH              87   10/08/2007
 LOW               19   10/20/1972
HIGHEST            81   10/28        61      20       83  10/05
                                                          10/02
LOWEST             31   10/31        42     -11       28  10/28
AVG. MAXIMUM     64.3              60.7     3.6     65.7
AVG. MINIMUM     45.9              41.1     4.8     44.5
MEAN             55.1              50.9     4.2     55.1
DAYS MAX >= 90      0               0.0     0.0        0
DAYS MAX <= 32      0               0.0     0.0        0
DAYS MIN <= 32      2               4.4    -2.4        5
DAYS MIN <= 0       0               0.0     0.0        0

PRECIPITATION (INCHES)
RECORD
 MAXIMUM         8.12   1976
 MINIMUM         0.03   1963
TOTALS           4.22              3.34    0.88     1.57
DAILY AVG.       0.14              0.11    0.03     0.05
DAYS >= .01        11              10.7     0.3        7
DAYS >= .10         7               5.3     1.7        3
DAYS >= .50         2               2.2    -0.2        1
DAYS >= 1.00        1               1.0     0.0        0
GREATEST
 24 HR. TOTAL    2.98   10/15 TO 10/16

SNOWFALL (INCHES)
RECORDS
 TOTAL            9.1   2011
 24 HR TOTAL      9.1   10/29/2011 TO 10/29/2011
TOTALS            0.0               0.1    -0.1        T
SINCE 7/1         0.0               0.1    -0.1        T
DAYS >= TRACE       0               0.1    -0.1        3
DAYS >= 1.0         0               0.1    -0.1        0
GREATEST
 24 HR TOTAL      0.0   10/31 TO 10/31

DEGREE_DAYS
HEATING TOTAL     309               441    -132      322
 SINCE 7/1        422               603    -181      484
COOLING TOTAL      11                 4       7       24
 SINCE 1/1        686               580     106      795
.................................................................

WIND (MPH)
AVERAGE WIND SPEED              6.5
RESULTANT WIND SPEED/DIRECTION   2/240
HIGHEST WIND SPEED/DIRECTION    25/270    DATE  10/08
HIGHEST GUST SPEED/DIRECTION    37/150    DATE  10/06

SKY COVER
POSSIBLE SUNSHINE (PERCENT)   MM
AVERAGE SKY COVER           0.60
NUMBER OF DAYS FAIR            6
NUMBER OF DAYS PC             15
NUMBER OF DAYS CLOUDY         10

AVERAGE RH (PERCENT)     66

WEATHER CONDITIONS. NUMBER OF DAYS WITH
THUNDERSTORM              0     MIXED PRECIP               0
HEAVY RAIN                2     RAIN                       7
LIGHT RAIN               13     FREEZING RAIN              0
LT FREEZING RAIN          0     HAIL                       0
HEAVY SNOW                0     SNOW                       0
LIGHT SNOW                0     SLEET                      0
FOG                      11     FOG W/VIS <= 1/4 MILE      1
HAZE                      2

-  INDICATES NEGATIVE NUMBERS.
R  INDICATES RECORD WAS SET OR TIED.
MM INDICATES DATA IS MISSING.
T  INDICATES TRACE AMOUNT.

&&
A DAILY RECORD HIGH TEMPERATURE OF 81 DEGREES WAS SET 10/28.
THIS BREAKS THE OLD RECORD OF 80 SET IN 1984.

A DAILY RECORD RAINFALL OF 2.62 INCHES WAS SET 10/15. THIS
BREAKS THE OLD RECORD OF 1.88 SET IN 1955. ALSO ON THE 15TH
THE DAILY RECORD FOR WARMEST LOW TEMPERATURE WAS BROKEN.
THE LOW TEMPERATURE OF 64 DEGREES BROKE THE OLD RECORD
OF 61 SET IN 1975 AND 1943.

A DAILY RECORD HIGH MINIMUM TEMPERATURE OF 63 DEGREES ON OCTOBER
14TH BROKE THE OLD RECORD OF 59 SET IN 1975 AND 1954.
$$
