000
CXUS53 KLBF 011127 CCB
CLMBBW

CLIMATE REPORT
NATIONAL WEATHER SERVICE NORTH PLATTE
525 AM CST WED MAR 1 2017

...................................

...THE BROKEN BOW NE CLIMATE SUMMARY FOR THE MONTH OF FEBRUARY
2017...

CLIMATE NORMAL PERIOD 1981 TO 2010
CLIMATE RECORD PERIOD 1894 TO 2017

WEATHER         OBSERVED          NORMAL  DEPART  LAST YEAR`S
                 VALUE   DATE(S)  VALUE   FROM    VALUE  DATE(S)
                                          NORMAL
................................................................
TEMPERATURE (F)
RECORD
 HIGH              79   02/22/1982
 LOW              -41   02/13/1905
HIGHEST            77   02/21        65      12       76  02/27
LOWEST              3   02/25        -8      11       11  02/04
AVG. MAXIMUM     48.9              40.7     8.2     47.0
AVG. MINIMUM     21.5              15.2     6.3     23.4
MEAN             35.2              28.0     7.2     35.2
DAYS MAX >= 90      0               0.0     0.0        0
DAYS MAX <= 32      5               7.7    -2.7        6
DAYS MIN <= 32     25              27.0    -2.0       26
DAYS MIN <= 0       0               2.7    -2.7        0

PRECIPITATION (INCHES)
RECORD
 MAXIMUM         2.16   1919
 MINIMUM            T   1996
                        1979
                        1957
TOTALS             MM              0.56      MM     0.49
DAILY AVG.         MM              0.02      MM     0.02
DAYS >= .01        MM                MM      MM        3
DAYS >= .10        MM                MM      MM        2
DAYS >= .50        MM                MM      MM        0
DAYS >= 1.00       MM                MM      MM        0
GREATEST
 24 HR. TOTAL      MM

SNOWFALL (INCHES)
TOTALS             MM
SINCE 7/1          MM
SNOWDEPTH AVG.     MM
DAYS >= TRACE      MM
DAYS >= 1.0        MM
GREATEST
 SNOW DEPTH        MM

DEGREE_DAYS
HEATING TOTAL     830              1037    -207      857
 SINCE 7/1       4391              5015    -624     4190
COOLING TOTAL       0                 0       0        0
 SINCE 1/1          0                 0       0        0
..................................................

WIND (MPH)
AVERAGE WIND SPEED              10.1
HIGHEST WIND SPEED/DIRECTION    36/350    DATE  02/24
HIGHEST GUST SPEED/DIRECTION    46/320    DATE  02/20

AVERAGE RH (PERCENT)     67

WEATHER CONDITIONS. NUMBER OF DAYS WITH
THUNDERSTORM              0     MIXED PRECIP               0
HEAVY RAIN                0     RAIN                       0
LIGHT RAIN                0     FREEZING RAIN              0
LT FREEZING RAIN          0     HAIL                       0
HEAVY SNOW                0     SNOW                       1
LIGHT SNOW                7     SLEET                      0
FOG                       8     FOG W/VIS <= 1/4 MILE      2
HAZE                      4

-  INDICATES NEGATIVE NUMBERS.
R  INDICATES RECORD WAS SET OR TIED.
MM INDICATES DATA IS MISSING.
T  INDICATES TRACE AMOUNT.

$$
