000
CXUS51 KOKX 011126
CLMBDR

CLIMATE REPORT
NATIONAL WEATHER SERVICE NEW YORK NY
724 AM EDT TUE SEP 1 2015

...................................

...THE BRIDGEPORT CT CLIMATE SUMMARY FOR THE MONTH OF AUGUST 2015...

CLIMATE NORMAL PERIOD 1981 TO 2010
CLIMATE RECORD PERIOD 1948 TO 2015

WEATHER         OBSERVED          NORMAL  DEPART  LAST YEAR`S
                 VALUE   DATE(S)  VALUE   FROM    VALUE  DATE(S)
                                          NORMAL
................................................................
TEMPERATURE (F)
RECORD
 HIGH             100   08/09/2001
                        08/27/1948
 LOW               44   08/29/1982
HIGHEST            91   08/15        MM      MM       87  08/27
LOWEST             60   08/29        MM      MM       58  08/18
                                                          08/16
                                                          08/15
AVG. MAXIMUM     84.2              80.9     3.3     80.4
AVG. MINIMUM     68.1              65.8     2.3     64.7
MEAN             76.1              73.3     2.8     72.6
DAYS MAX >= 90      2               1.7     0.3        0
DAYS MAX <= 32      0               0.0     0.0        0
DAYS MIN <= 32      0               0.0     0.0        0
DAYS MIN <= 0       0               0.0     0.0        0

PRECIPITATION (INCHES)
RECORD
 MAXIMUM        13.29   1952
 MINIMUM         0.72   1981
TOTALS           1.89              3.96   -2.07     2.11
DAILY AVG.       0.06              0.13   -0.07     0.07
DAYS >= .01         3               8.9    -5.9        6
DAYS >= .10         3               5.9    -2.9        3
DAYS >= .50         1               2.6    -1.6        1
DAYS >= 1.00        1               1.1    -0.1        1
GREATEST
 24 HR. TOTAL    1.51   08/11 TO 08/11           08/12 TO 08/13
                        08/10 TO 08/11                    08/31 TO 08/31
                        08/11 TO 08/11                    08/31 TO 08/31
 STORM TOTAL       MM                                 MM
 (MM/DD(HH))            MM                    08/13(00) TO 08/13(00)
                                                 08/31(00) TO 08/31(00)1
                                                 08/31(00) TO 08/31(00)1

DEGREE_DAYS
HEATING TOTAL       0                 3      -3        0
 SINCE 7/1          0                 4      -4        0
COOLING TOTAL     352               262      90      242
 SINCE 1/1        920               718     202      734
..................................................

WIND (MPH)
AVERAGE WIND SPEED              7.5
HIGHEST WIND SPEED/DIRECTION    28/210    DATE  08/11
HIGHEST GUST SPEED/DIRECTION    33/210    DATE  08/11


WEATHER CONDITIONS. NUMBER OF DAYS WITH
THUNDERSTORM              0     MIXED PRECIP               0
HEAVY RAIN                2     RAIN                       3
LIGHT RAIN                4     FREEZING RAIN              0
LT FREEZING RAIN          0     HAIL                       0
HEAVY SNOW                0     SNOW                       0
LIGHT SNOW                0     SLEET                      0
FOG                       2     FOG W/VIS <= 1/4 MILE      0
HAZE                      1

-  INDICATES NEGATIVE NUMBERS.
R  INDICATES RECORD WAS SET OR TIED.
MM INDICATES DATA IS MISSING.
T  INDICATES TRACE AMOUNT.

$$
