000
CXUS54 KAMA 021921
CLMBGD


CLIMATE REPORT...CORRECTED
NATIONAL WEATHER SERVICE AMARILLO TX
116 PM CST MON FEB 2 2015

CORRECTED FOR SNOWFALL

...................................

...THE BORGER CLIMATE SUMMARY FOR THE MONTH OF JANUARY 2015...

CLIMATE NORMAL PERIOD 1981 TO 2013
CLIMATE RECORD PERIOD 1949 TO 2015

WEATHER         OBSERVED          NORMAL  DEPART  LAST YEAR`S
                 VALUE   DATE(S)  VALUE   FROM    VALUE  DATE(S)
                                          NORMAL
................................................................
TEMPERATURE (F)
HIGHEST            75   01/27                         72  01/19
                                                          01/12
LOWEST              9   01/04                          6  01/06
AVG. MAXIMUM     49.8              51.3    -1.5     52.8
AVG. MINIMUM     27.7              26.1     1.6     25.5
MEAN             38.8              38.7     0.1     39.2
DAYS MAX >= 90      0               0.0     0.0        0
DAYS MAX <= 32      3               2.5     0.5        3
DAYS MIN <= 32     22              23.7    -1.7       24
DAYS MIN <= 0       0               0.1    -0.1        0

PRECIPITATION (INCHES)
TOTALS           1.23              0.59    0.64     0.07
DAILY AVG.       0.04              0.02    0.02     0.00
DAYS >= .01         6               3.1     2.9        2
DAYS >= .10         5               1.6     3.4        0
DAYS >= .50         1               0.4     0.6        0
DAYS >= 1.00        0               0.1    -0.1        0
GREATEST
 24 HR. TOTAL    0.63   01/21 TO 01/22

SNOWFALL (INCHES)
TOTALS            8.7                MM      MM      1.3
SINCE 7/1        11.0                MM      MM      8.5
DAYS >= TRACE       7                MM      MM        5
DAYS >= 1.0         4                MM      MM        0
GREATEST
 SNOW DEPTH         6   01/22
 24 HR TOTAL      5.7   01/21 TO 01/22

DEGREE_DAYS
HEATING TOTAL     805               815     -10      794
 SINCE 7/1       2221              2352    -131     2351
COOLING TOTAL       0                 0       0        0
 SINCE 1/1          0                 0       0        0
.................................................................

WIND (MPH)
AVERAGE WIND SPEED              8.9
HIGHEST WIND SPEED/DIRECTION    35/360    DATE  01/03
HIGHEST GUST SPEED/DIRECTION    44/240    DATE  01/18

SKY COVER
POSSIBLE SUNSHINE (PERCENT)   MM
NUMBER OF DAYS FAIR           18
NUMBER OF DAYS PC              6
NUMBER OF DAYS CLOUDY          7

AVERAGE RH (PERCENT)     57

WEATHER CONDITIONS. NUMBER OF DAYS WITH
THUNDERSTORM              0     MIXED PRECIP               0
HEAVY RAIN                0     RAIN                       0
LIGHT RAIN                3     FREEZING RAIN              0
LT FREEZING RAIN          1     HEAVY SNOW                 1
SNOW                      4     LIGHT SNOW                 6
SLEET                     2     FOG                       12
FOG W/VIS <= 1/4 MILE     1     HAZE                       3

-  INDICATES NEGATIVE NUMBERS.
R  INDICATES RECORD WAS SET OR TIED.
MM INDICATES DATA IS MISSING.
T  INDICATES TRACE AMOUNT.

&&

BACKUP COOP OBSERVER PRECIPITATION REPORTS USED ON DAYS WITH
SNOWFALL MEASURED.

$$

NF
