000
CXUS51 KCAR 012054
CLMBGR

CLIMATE REPORT
NATIONAL WEATHER SERVICE CARIBOU, ME
430 PM EDT WED OCT 1 2014

...................................

...THE BANGOR ME CLIMATE SUMMARY FOR THE MONTH OF SEPTEMBER 2014...

CLIMATE NORMAL PERIOD 1981 TO 2010
CLIMATE RECORD PERIOD 1925 TO 2014

WEATHER         OBSERVED          NORMAL  DEPART  LAST YEAR`S
                 VALUE   DATE(S)  VALUE   FROM    VALUE  DATE(S)
                                          NORMAL
................................................................
TEMPERATURE (F)
RECORD
 HIGH              99   09/07/1945
 LOW               23   09/29/2000
HIGHEST            85   09/06        MM      MM       82  09/11
                        09/05
LOWEST             30   09/19        MM      MM       38  09/17
AVG. MAXIMUM     71.1              69.8     1.3     69.3
AVG. MINIMUM     47.3              47.8    -0.5     49.0
MEAN             59.2              58.8     0.4     59.2
DAYS MAX >= 90      0               0.4    -0.4        0
DAYS MAX <= 32      0               0.0     0.0        0
DAYS MIN <= 32      1               0.7     0.3        0
DAYS MIN <= 0       0               0.0     0.0        0

PRECIPITATION (INCHES)
RECORD
 MAXIMUM         9.88   199
 MINIMUM         0.64   1929
TOTALS           0.89                     -2.94
DAILY AVG.       0.03              0.13   -0.10     0.24
DAYS >= .01         8               9.4    -1.4       11
DAYS >= .10         3               6.2    -3.2        8
DAYS >= .50         0               2.4    -2.4        3
DAYS >= 1.00        0               1.3    -1.3        3
GREATEST
 24 HR. TOTAL    0.31   09/06 TO 09/06           08/31 TO 09/01
                        09/05 TO 09/06                    09/30 TO 09/30
                        09/06 TO 09/06                    09/30 TO 09/30

SNOWFALL (INCHES)
RECORDS
 TOTAL             MM   MM
TOTALS            0.0               0.0     0.0      0.0
SINCE 7/1         0.0               0.0     0.0      0.0
SNOWDEPTH AVG.      0                MM      MM        0
DAYS >= 1.0         0               0.0     0.0        0
GREATEST
 SNOW DEPTH         0   MM                             0  MM
 24 HR TOTAL      0.0   09/30 TO 09/30           09/30 TO 09/30
                                                          09/30 TO 09/30
                                                          09/30 TO 09/30

DEGREE_DAYS
HEATING TOTAL     214               209       5      202
 SINCE 7/1        235               272     -37      234
COOLING TOTAL      47                23      24       33
 SINCE 1/1        361               317      44      355
.................................................

WIND (MPH)
AVERAGE WIND SPEED              6.6
HIGHEST WIND SPEED/DIRECTION    25/310    DATE  09/06
HIGHEST GUST SPEED/DIRECTION    34/290    DATE  09/22

SKY COVER
POSSIBLE SUNSHINE (PERCENT)   MM
AVERAGE SKY COVER           0.50
NUMBER OF DAYS FAIR           12
NUMBER OF DAYS PC             11
NUMBER OF DAYS CLOUDY          7

AVERAGE RH (PERCENT)     71

WEATHER CONDITIONS. NUMBER OF DAYS WITH
THUNDERSTORM              0     MIXED PRECIP               0
HEAVY RAIN                2     RAIN                       3
LIGHT RAIN                9     FREEZING RAIN              0
LT FREEZING RAIN          0     HAIL                       0
HEAVY SNOW                0     SNOW                       0
LIGHT SNOW                0     SLEET                      0
FOG                      21     FOG W/VIS <= 1/4 MILE      5
HAZE                      4

-  INDICATES NEGATIVE NUMBERS.
R  INDICATES RECORD WAS SET OR TIED.
MM INDICATES DATA IS MISSING.
T  INDICATES TRACE AMOUNT.
---------------------------------------------------------------------
...NORTHERN AND EASTERN MAINE MONTHLY AREA CLIMATE NARRATIVE...

SEPTEMBER 2014 FEATURED NEAR AVERAGE TEMPERATURES ACROSS NORTHERN
AND EASTERN MAINE DESPITE SOME WILD TEMPERATURE SWINGS DURING THE
MONTH.  PRECIPITATION WAS BELOW NORMAL...AND ACROSS CENTRAL AND
DOWN EAST MAINE WAS WELL BELOW NORMAL AND RANGED FROM ONLY 25 TO 50
PERCENT OF NORMAL.

AT CARIBOU...THE AVERAGE TEMPERATURE OF 55.8 DEGREES WAS 8 TENTHS OF
A DEGREE (0.8F) ABOVE NORMAL.  IT WAS THE COOLEST SEPTEMBER
SINCE 2009.  AT BANGOR...THE AVERAGE TEMPERATURE OF 59.2 DEGREES WAS
JUST 4 TENTHS OF A DEGREE (0.4F) ABOVE NORMAL.

THE MONTH BEGAN ON A WARM NOTE WITH WELL ABOVE NORMAL TEMPERATURES
DURING THE FIRST SEVERAL DAYS OF THE MONTH.  THERE WAS A COOL SNAP
TOWARD THE MIDDLE OF THE MONTH THAT PRODUCED 8 CONSECUTIVE DAYS WITH
HIGHS ONLY IN THE 50S ACROSS MUCH OF FAR NORTHERN MAINE. IT WAS THE
MOST CONSECUTIVE DAYS WITH HIGHS ONLY IN THE 50S SO EARLY IN THE
SEASON AT CARIBOU.  THERE WAS ANOTHER SURGE OF WARM WEATHER TOWARD
THE END OF THE MONTH THAT PRODUCED A HIGH OF 84 DEGREES AT CARIBOU
ON THE 28TH.  NOT ONLY DID THIS SMASH THE DAILY TEMPERATURE RECORD
OF 77 DEGREES SET BACK IN 1946...IT WAS ALSO THE WARMEST TEMPERATURE
EVER OBSERVED SO LATE IN THE SEASON AT MANY LONG TERM CLIMATE SITES
ACROSS NORTHERN MAINE.  MUCH BELOW NORMAL TEMPERATURES FOLLOWED ON
THE LAST DAY OF THE MONTH WHEN AREAS IN THE SAINT JOHN VALLEY HAD
HIGHS ONLY IN THE 40S.

SOME OF THE NORMAL COLD SPOTS ACROSS NORTHERN MAINE HAD FROST AS
EARLY AS THE 2ND WEEK OF SEPTEMBER...AND ESTCOURT STATION EVEN HAD A
HARD FREEZE ON THE MORNING OF THE 8TH WITH A LOW OF 28 DEGREES. THE
FIRST FREEZE OF THE SEASON OCCURRED ON THE 18TH AT CARIBOU WHEN THE
TEMPERATURE FELL TO 31F...WHICH WAS ABOUT A WEEK EARLIER THAN
AVERAGE.  AT BANGOR...THE FIRST FREEZE WAS OBSRVED ON THE 19TH WHEN
THE LOW TEMPERATURE WAS 30 DEGREES.  THIS WAS ABOUT 2 WEEKS EARLIER
THAN AVERAGE.

RAINFALL WAS WELL BELOW NORMAL...AND NOT FAR FROM THE ALL-TIME DRIEST
SEPTEMBER ACROSS PARTS OF CENTRAL AND DOWN EAST MAINE. BANGOR
OBSERVED ONLY 0.89" OF RAIN THIS PAST SEPTEMBER...WHICH MADE IT THE
3RD DRIEST SEPTEMBER ON RECORD BEHIND ONLY THE DRIEST SEPTEMBER IN
1929 WITH 0.64"...AND 1948 WITH 0.74" OF RAIN.  RAINFALL ACROSS
NORTHERN MAINE WAS BELOW AVERAGE...AND RANGED FROM 50 TO 80 PERCENT
OF NORMAL.  AT CARIBOU THERE WAS A TOTAL OF 2.59"...WHICH MADE IT
THE DRIEST SEPTEMBER SINCE 2009.

THUNDER WAS OBSERVED AT BANGOR ON THE 1ST OF THE MONTH...AND NO
THUNDER WAS OBSERVED AT CARIBOU.  DENSE FOG WHICH REDUCED THE
VISIBILITY TO 1/4 MILE OR LESS WAS OBSERVED AT BANGOR ON 5 DAYS AND
ON 2 DAYS AT CARIBOU.

THE LEAVES REACHED THEIR PEAK COLORS ACROSS FAR NORTHERN MAINE BY
THE LAST WEEK OF THE MONTH...WITH MODERATE AMOUNTS OF COLOR TOWARD
THE DOWN EAST COAST BY THE END OF THE MONTH.

THE OUTLOOK FROM THE CLIMATE PREDICTION CENTER FOR THE MONTH OF
OCTOBER FOR OUR REGION CALLS FOR AN INCREASED LIKELIHOOD OF ABOVE
NORMAL TEMPERATURES.  THERE ARE NO STRONG CLIMATE SIGNALS THAT WOULD
POINT TOWARD AN UNUSUALLY WET OR DRY OCTOBER.  THE AVERAGE
TEMPERATURES HAVE THEIR GREATEST DROP OFF DURING THE MONTH OF
OCTOBER.  AT CARIBOU (BANGOR)...THE AVERAGE HIGH TEMPERATURE FALLS
FROM 59 (64) TO 45 (52).  THE AVERAGE LOW TEMPERATURES AT CARIBOU
(BANGOR) FALL FROM 39 (42) TO 30 (33).  JUST OVER 1 1/2 HOURS OF
DAYLIGHT IS LOST DURING THE MONTH OF OCTOBER.

$$

CB/VJN
