000
CXUS54 KBMX 011416
CLMBHM


CLIMATE REPORT
NATIONAL WEATHER SERVICE BIRMINGHAM, AL
915 AM CDT WED JUL 1 2015

...................................

...THE BIRMINGHAM CLIMATE SUMMARY FOR THE MONTH OF JUNE 2015...

CLIMATE NORMAL PERIOD 1981 TO 2010
CLIMATE RECORD PERIOD 2014 TO 2015

WEATHER         OBSERVED          NORMAL  DEPART  LAST YEAR`S
                 VALUE   DATE(S)  VALUE   FROM    VALUE  DATE(S)
                                          NORMAL
................................................................
TEMPERATURE (F)
RECORD
 HIGH             106   06/29/1931
 LOW               42   06/01/1966
HIGHEST            98   06/24        MM      MM       92  06/30
                                                          06/21
                                                          06/20
LOWEST             61   06/03        MM      MM       64  06/14
AVG. MAXIMUM     90.1              87.7     2.4     87.1
AVG. MINIMUM     70.4              67.7     2.7     69.6
MEAN             80.3                               78.3
DAYS MAX >= 90     18              10.6     7.4        9
DAYS MAX <= 32      0               0.0     0.0        0
DAYS MIN <= 32      0               0.0     0.0        0
DAYS MIN <= 0       0               0.0     0.0        0

PRECIPITATION (INCHES)
RECORD
 MAXIMUM        12.09   1900
 MINIMUM         0.47   1931
TOTALS           1.70              4.38   -2.68     4.81
DAILY AVG.       0.06              0.15   -0.09     0.16
DAYS >= .01         7              11.0    -4.0       12
DAYS >= .10         5               7.9    -2.9        9
DAYS >= .50         1               3.3    -2.3        4
DAYS >= 1.00        0               1.1    -1.1        0

DEGREE_DAYS
HEATING TOTAL       0                 1      -1        0
 SINCE 7/1       2790              2677     113     3000
COOLING TOTAL     466               382      84      406
 SINCE 1/1        801               664     137      699
.................................................................

WIND (MPH)
AVERAGE WIND SPEED              5.4
HIGHEST WIND SPEED/DIRECTION    33/210    DATE  06/13
HIGHEST GUST SPEED/DIRECTION    44/200    DATE  06/13

AVERAGE RH (PERCENT)     69

WEATHER CONDITIONS. NUMBER OF DAYS WITH
THUNDERSTORM              0     MIXED PRECIP               0
HEAVY RAIN                2     RAIN                       4
LIGHT RAIN                9     FREEZING RAIN              0
LT FREEZING RAIN          0     HAIL                       0
HEAVY SNOW                0     SNOW                       0
LIGHT SNOW                0     SLEET                      0
FOG                       9     FOG W/VIS <= 1/4 MILE      1
HAZE                      6

-  INDICATES NEGATIVE NUMBERS.
R  INDICATES RECORD WAS SET OR TIED.
MM INDICATES DATA IS MISSING.
T  INDICATES TRACE AMOUNT.

$$
