000
CXUS55 KVEF 010905
CLMBIH


CLIMATE REPORT
NATIONAL WEATHER SERVICE LAS VEGAS, NV
200 AM PDT SAT AUG 1 2015

...................................

...THE BISHOP CA CLIMATE SUMMARY FOR THE MONTH OF JULY 2015...

CLIMATE NORMAL PERIOD 1981 TO 2010
CLIMATE RECORD PERIOD 1943 TO 2015

WEATHER         OBSERVED          NORMAL  DEPART  LAST YEAR`S
                 VALUE   DATE(S)  VALUE   FROM    VALUE  DATE(S)
                                          NORMAL
................................................................
TEMPERATURE (F)
RECORD
 HIGH             110   07/10/2002
 LOW               34   07/18/1987
                        07/01/2011
HIGHEST           101   07/29        98       3      107  07/13
LOWEST             49   07/10        56      -7       51  07/24
AVG. MAXIMUM     94.4              98.4    -4.0     99.8
AVG. MINIMUM     58.3              56.2     2.1     59.9
MEAN             76.4              77.3    -0.9     79.8
DAYS MAX >= 90     27              29.3    -2.3       28
DAYS MAX <= 32      0               0.0     0.0        0
DAYS MIN <= 32      0               0.0     0.0        0
DAYS MIN <= 0       0               0.0     0.0        0

PRECIPITATION (INCHES)
RECORD
 MAXIMUM         1.47   1976
 MINIMUM         0.00   1994
                        1993
                        1991
TOTALS           0.47              0.16    0.31        T
DAILY AVG.       0.02              0.01    0.01        T
DAYS >= .01         5               1.7     3.3        0
DAYS >= .10         2               0.6     1.4        0
DAYS >= .50         0               0.0     0.0        0
DAYS >= 1.00        0               0.0     0.0        0
GREATEST
 24 HR. TOTAL    0.23   07/03 TO 07/03

DEGREE_DAYS
HEATING TOTAL       0                 1      -1        0
 SINCE 7/1          0                 1      -1        0
COOLING TOTAL     362               382     -20      464
 SINCE 1/1        747               664      83      845

FREEZE DATES
RECORD
 EARLIEST     09/20/1986
 LATEST       06/07/1988
EARLIEST                        10/15
LATEST                          05/03
.................................................................

WIND (MPH)
AVERAGE WIND SPEED              7.9
HIGHEST WIND SPEED/DIRECTION    43/150    DATE  07/01
HIGHEST GUST SPEED/DIRECTION    57/150    DATE  07/18

SKY COVER
POSSIBLE SUNSHINE (PERCENT)   MM
AVERAGE SKY COVER           0.10
NUMBER OF DAYS FAIR           31
NUMBER OF DAYS PC              0
NUMBER OF DAYS CLOUDY          0

AVERAGE RH (PERCENT)     38

WEATHER CONDITIONS. NUMBER OF DAYS WITH
THUNDERSTORM              9     MIXED PRECIP               0
HEAVY RAIN                1     RAIN                       0
LIGHT RAIN               14     FREEZING RAIN              0
LT FREEZING RAIN          0     HAIL                       0
HEAVY SNOW                0     SNOW                       0
LIGHT SNOW                0     SLEET                      0
FOG                       1     FOG W/VIS <= 1/4 MILE      0
HAZE                      3

-  INDICATES NEGATIVE NUMBERS.
R  INDICATES RECORD WAS SET OR TIED.
MM INDICATES DATA IS MISSING.
T  INDICATES TRACE AMOUNT.

$$
