000
CXUS56 KSEW 011030
CLMBLI


CLIMATE REPORT
NATIONAL WEATHER SERVICE SEATTLE WA
230 AM PST THU DEC 1 2016

...................................

...THE BELLINGHAM WA AIRPORT CLIMATE SUMMARY FOR THE MONTH OF NOVEMBER 2016...

CLIMATE NORMAL PERIOD 1981 TO 2010
CLIMATE RECORD PERIOD 1949 TO 2016

WEATHER         OBSERVED          NORMAL  DEPART  LAST YEAR`S
                 VALUE   DATE(S)  VALUE   FROM    VALUE  DATE(S)
                                          NORMAL
................................................................
TEMPERATURE (F)
RECORD
 HIGH              73   11/08/2016
 LOW                3   11/15/1955
HIGHEST            73R  11/08        MM      MM       60  11/06
LOWEST             36   11/18        MM      MM       20  11/30
AVG. MAXIMUM     56.2              49.7     6.5     49.2
AVG. MINIMUM     44.5              36.7     7.8     34.9
MEAN             50.3              43.2     7.1     42.1
DAYS MAX >= 90      0               0.0     0.0        0
DAYS MAX <= 32      0               0.8    -0.8        0
DAYS MIN <= 32      0               8.3    -8.3       11
DAYS MIN <= 0       0               0.0     0.0        0

PRECIPITATION (INCHES)
RECORD
 MAXIMUM        11.60   1990
 MINIMUM         1.37   1952
TOTALS           7.76              5.80    1.96     4.57
DAILY AVG.       0.26              0.19    0.07     0.15
DAYS >= .01        21              20.3     0.7       18
DAYS >= .10        13              13.1    -0.1       12
DAYS >= .50         4               3.4     0.6        4
DAYS >= 1.00        2               0.8     1.2        0
GREATEST
 24 HR. TOTAL    2.05   11/05 TO 11/05

DEGREE_DAYS
HEATING TOTAL     432               654    -222      680
COOLING TOTAL       0                 0       0        0
 SINCE 1/1        101                42      59      193
.................................................................

WIND (MPH)
AVERAGE WIND SPEED              8.9
HIGHEST WIND SPEED/DIRECTION    41/150    DATE  11/24
HIGHEST GUST SPEED/DIRECTION    57/130    DATE  11/24

SKY COVER
POSSIBLE SUNSHINE (PERCENT)   MM
AVERAGE SKY COVER           0.70
NUMBER OF DAYS FAIR            7
NUMBER OF DAYS PC              5
NUMBER OF DAYS CLOUDY         18

AVERAGE RH (PERCENT)     81

WEATHER CONDITIONS. NUMBER OF DAYS WITH
THUNDERSTORM              0     MIXED PRECIP               0
HEAVY RAIN                4     RAIN                      11
LIGHT RAIN               28     FREEZING RAIN              0
LT FREEZING RAIN          0     HAIL                       0
HEAVY SNOW                0     SNOW                       0
LIGHT SNOW                0     SLEET                      0
FOG                      20     FOG W/VIS <= 1/4 MILE      0
HAZE                      0

-  INDICATES NEGATIVE NUMBERS.
R  INDICATES RECORD WAS SET OR TIED.
MM INDICATES DATA IS MISSING.
T  INDICATES TRACE AMOUNT.

$$
