000
CXUS53 KIND 011510
CLMBMG


CLIMATE REPORT
NATIONAL WEATHER SERVICE INDIANAPOLIS IN
1110 AM EDT MON MAY 1 2017

...................................

...THE BLOOMINGTON IN CLIMATE SUMMARY FOR THE MONTH OF APRIL 2017...

CLIMATE NORMAL PERIOD 1981 TO 2010
CLIMATE RECORD PERIOD 9999 TO 9999

WEATHER         OBSERVED          NORMAL  DEPART  LAST YEAR`S
                 VALUE   DATE(S)  VALUE   FROM    VALUE  DATE(S)
                                          NORMAL
................................................................
TEMPERATURE (F)
HIGHEST            85   04/26                         84  04/18
LOWEST             30   04/08                         25  04/05
                                                          04/03
AVG. MAXIMUM     70.9              65.0     5.9     66.4
AVG. MINIMUM     48.6              42.2     6.4     41.5
MEAN             59.8              53.6     6.2     54.0
DAYS MAX >= 90      0               0.0     0.0        0
DAYS MAX <= 32      0               0.1    -0.1        0
DAYS MIN <= 32      1               4.5    -3.5        8
DAYS MIN <= 0       0               0.0     0.0        0

PRECIPITATION (INCHES)
TOTALS           6.13              4.70    1.43     5.50
DAILY AVG.       0.20              0.16    0.04     0.18
DAYS >= .01        12                MM      MM       12
DAYS >= .10        10                MM      MM        9
DAYS >= .50         4                MM      MM        4
DAYS >= 1.00        3                MM      MM        2
GREATEST
 24 HR. TOTAL    2.02   04/28 TO 04/29

DEGREE_DAYS
HEATING TOTAL     190               358    -168      338
 SINCE 7/1       3981              5114   -1133     4127
COOLING TOTAL      42                16      26       14
 SINCE 1/1         45                19      26       14
.................................................................

WIND (MPH)
AVERAGE WIND SPEED              8.1
HIGHEST WIND SPEED/DIRECTION    29/230    DATE  04/15
HIGHEST GUST SPEED/DIRECTION    39/200    DATE  04/29

SKY COVER
POSSIBLE SUNSHINE (PERCENT)   MM
AVERAGE SKY COVER           0.30
NUMBER OF DAYS FAIR           15
NUMBER OF DAYS PC             12
NUMBER OF DAYS CLOUDY          3

AVERAGE RH (PERCENT)     62

WEATHER CONDITIONS. NUMBER OF DAYS WITH
THUNDERSTORM              8     MIXED PRECIP               0
HEAVY RAIN                6     RAIN                       9
LIGHT RAIN               12     FREEZING RAIN              0
LT FREEZING RAIN          0     HAIL                       0
HEAVY SNOW                0     SNOW                       0
LIGHT SNOW                0     SLEET                      0
FOG                      13     FOG W/VIS <= 1/4 MILE      0
HAZE                      6

-  INDICATES NEGATIVE NUMBERS.
R  INDICATES RECORD WAS SET OR TIED.
MM INDICATES DATA IS MISSING.
T  INDICATES TRACE AMOUNT.

$$
