000
CXUS56 KBOI 011725
CLMBNO


CLIMATE REPORT
NATIONAL WEATHER SERVICE BOISE ID
1124 AM MDT SAT AUG 1 2015

...................................

...THE BURNS OR CLIMATE SUMMARY FOR THE MONTH OF JULY 2015...

CLIMATE NORMAL PERIOD 1981 TO 2010
CLIMATE RECORD PERIOD 1938 TO 2015

WEATHER         OBSERVED          NORMAL  DEPART
                 VALUE   DATE(S)  VALUE   FROM
                                          NORMAL
................................................
TEMPERATURE (F)
HIGHEST           101   07/03        MM      MM
                        07/02
LOWEST             36   07/28        MM      MM
AVG. MAXIMUM     86.6              85.9     0.7
AVG. MINIMUM     48.4              47.4     1.0
MEAN             67.5              66.6     0.9
DAYS MAX >= 90     10
DAYS MAX <= 32      0
DAYS MIN <= 32      0
DAYS MIN <= 0       0

PRECIPITATION (INCHES)
RECORD
 MAXIMUM         1.61   1955
TOTALS           0.51              0.40    0.11
DAYS >= .01         7
DAYS >= .10         2
DAYS >= .50         0
DAYS >= 1.00        0
GREATEST
 24 HR. TOTAL    0.20   07/21 TO 07/22

DEGREE_DAYS
HEATING TOTAL      28                58     -30
 SINCE 7/1         28                58     -30
COOLING TOTAL     112               109       3
 SINCE 1/1        225               132      93
.................................................

WIND (MPH)
AVERAGE WIND SPEED              6.6
RESULTANT WIND SPEED/DIRECTION   3/252
HIGHEST WIND SPEED/DIRECTION    40/200    DATE  07/21
HIGHEST GUST SPEED/DIRECTION    51/200    DATE  07/21

AVERAGE RH (PERCENT)     44


-  INDICATES NEGATIVE NUMBERS.
R  INDICATES RECORD WAS SET OR TIED.
MM INDICATES DATA IS MISSING.
T  INDICATES TRACE AMOUNT.

$$
