000
CXUS44 KBRO 011128
CLMBRO


CLIMATE REPORT
NATIONAL WEATHER SERVICE BROWNSVILLE TX
626 AM CDT MON MAY 1 2017

...................................

...THE BROWNSVILLE CLIMATE SUMMARY FOR THE MONTH OF APRIL 2017...

CLIMATE NORMAL PERIOD 1981 TO 2010
CLIMATE RECORD PERIOD 1878 TO 2017

WEATHER         OBSERVED          NORMAL  DEPART  LAST YEAR`S
                 VALUE   DATE(S)  VALUE   FROM    VALUE  DATE(S)
                                          NORMAL
................................................................
TEMPERATURE (F)
HIGHEST           104R  04/26        94      10       91  04/18
LOWEST             58   04/24        49       9       50  04/03
                        04/06
AVG. MAXIMUM     87.9              83.7     4.2     83.6
AVG. MINIMUM     69.3              65.9     3.4     67.4
MEAN             78.6              74.8     3.8     75.5
DAYS MAX >= 90      7               3.4     3.6        3
DAYS MAX <= 32      0               0.0     0.0        0
DAYS MIN <= 32      0               0.0     0.0        0
DAYS MIN <= 0       0               0.0     0.0        0

PRECIPITATION (INCHES)
TOTALS           0.63              1.54   -0.91     3.26
DAILY AVG.       0.02              0.05   -0.03     0.11
DAYS >= .01         6               4.0     2.0        7
DAYS >= .10         2               2.1    -0.1        3
DAYS >= .50         0               0.7    -0.7        2
DAYS >= 1.00        0               0.3    -0.3        1
GREATEST
 24 HR. TOTAL    0.30   04/17 TO 04/17

DEGREE_DAYS
HEATING TOTAL       0                 8      -8        1
 SINCE 7/1        201               554    -353      374
COOLING TOTAL     416               302     114      325
 SINCE 1/1       1097               617     480      676
.................................................................

WIND (MPH)
AVERAGE WIND SPEED              12.2
HIGHEST WIND SPEED/DIRECTION    35/160    DATE  04/29
HIGHEST GUST SPEED/DIRECTION    45/040    DATE  04/11

SKY COVER
AVERAGE SKY COVER           0.40
NUMBER OF DAYS FAIR           14
NUMBER OF DAYS PC             13
NUMBER OF DAYS CLOUDY          3

AVERAGE RH (PERCENT)     68

WEATHER CONDITIONS. NUMBER OF DAYS WITH
THUNDERSTORM              0     MIXED PRECIP               0
HEAVY RAIN                2     RAIN                       1
LIGHT RAIN                7     FREEZING RAIN              0
LT FREEZING RAIN          0     HAIL                       0
HEAVY SNOW                0     SNOW                       0
LIGHT SNOW                0     SLEET                      0
FOG                       4     FOG W/VIS <= 1/4 MILE      0
HAZE                      0

-  INDICATES NEGATIVE NUMBERS.
R  INDICATES RECORD WAS SET OR TIED.
MM INDICATES DATA IS MISSING.
T  INDICATES TRACE AMOUNT.

$$
