000
CXUS53 KGRR 031303
CLMBTL

CLIMATE REPORT
NATIONAL WEATHER SERVICE GRAND RAPIDS, MI
755 AM EST TUE FEB 3 2015

...................................

...THE BATTLE CREEK MI CLIMATE SUMMARY FOR THE MONTH OF JANUARY 2015...

CLIMATE NORMAL PERIOD 1981 TO 2010
CLIMATE RECORD PERIOD 1998 TO 2015

WEATHER         OBSERVED          NORMAL  DEPART  LAST YEAR`S
                 VALUE   DATE(S)  VALUE   FROM    VALUE  DATE(S)
                                          NORMAL
................................................................
TEMPERATURE (F)
HIGHEST            46   01/17        MM      MM       43  01/13
                                                          01/11
LOWEST             -8   01/14        MM      MM      -12  01/28
                                                          01/06
                                                          01/03
AVG. MAXIMUM     29.9              31.6    -1.7     24.2
AVG. MINIMUM     16.0              15.6     0.4      8.3
MEAN             22.9              23.6    -0.7     16.3
DAYS MAX >= 90      0               0.0     0.0        0
DAYS MAX <= 32     18              16.4     1.6       25
DAYS MIN <= 32     29              28.9     0.1       29
DAYS MIN <= 0       3               3.4    -0.4       10

PRECIPITATION (INCHES)
TOTALS           0.80              1.66   -0.86     0.75
DAILY AVG.       0.03              0.05   -0.02     0.03
DAYS >= .01         9              12.1    -3.1        5
DAYS >= .10         1               5.0    -4.0        3
DAYS >= .50         1               0.8     0.2        0
DAYS >= 1.00        0               0.1    -0.1        0
GREATEST
 24 HR. TOTAL    0.59   01/03 TO 01/04

DEGREE_DAYS
HEATING TOTAL    1297              1283      14     1504
 SINCE 7/1       3779              3883    -104     4118
COOLING TOTAL       0                 0       0        0
 SINCE 1/1          0                 0       0        0
..................................................

WIND (MPH)
AVERAGE WIND SPEED              9.9
RESULTANT WIND SPEED/DIRECTION   4/242
HIGHEST WIND SPEED/DIRECTION    31/350    DATE  01/30
HIGHEST GUST SPEED/DIRECTION    45/310    DATE  01/09

SKY COVER
POSSIBLE SUNSHINE (PERCENT)   MM
AVERAGE SKY COVER           0.70
NUMBER OF DAYS FAIR            4
NUMBER OF DAYS PC              7
NUMBER OF DAYS CLOUDY         20

AVERAGE RH (PERCENT)     69

WEATHER CONDITIONS. NUMBER OF DAYS WITH
THUNDERSTORM              0     MIXED PRECIP               0
HEAVY RAIN                0     RAIN                       1
LIGHT RAIN                4     FREEZING RAIN              1
LT FREEZING RAIN          3     HAIL                       0
HEAVY SNOW                2     SNOW                       3
LIGHT SNOW               18     SLEET                      0
FOG                      12     FOG W/VIS <= 1/4 MILE      0
HAZE                     21

-  INDICATES NEGATIVE NUMBERS.
R  INDICATES RECORD WAS SET OR TIED.
MM INDICATES DATA IS MISSING.
T  INDICATES TRACE AMOUNT.

&&

JANUARY 2015 IN SOUTHWEST LOWER MICHIGAN WAS COLDER THAN NORMAL...
WITH NEAR TO ABOVE NORMAL SNOWFALL AND BELOW AVERAGE WATER
EQUIVALENT PRECIPITATION.

THE MONTH STARTED OUT ACTIVE AS A LARGE SCALE TROUGH SETTLED OVER
THE GREAT LAKES... PROVIDING MICHIGAN WITH VERY COLD AIR AT TIMES
AND FREQUENT ALBERTA CLIPPER WEATHER SYSTEMS WITH LAKE EFFECT SNOW.
MEASURABLE SNOW WAS RECORDED AT MUSKEGON AND GRAND RAPIDS FOR EACH
OF THE FIRST 10 DAYS EXCEPT FOR JANUARY 2ND. THE MOST SIGNIFICANT
SNOW EVENT OCCURRED THE EVENING AND NIGHT OF JANUARY 8TH WHEN LAKE
MICHIGAN ENHANCED A STRONG CLIPPER SYSTEM. MANY LOCATIONS WITHIN 40
MILES EAST OF LAKE MICHIGAN RECEIVED 8 TO 14 INCHES OF SNOW... AND
WIND GUSTS OF 40 TO 55 MPH NEAR THE LAKESHORE RESULTED IN
SUBSTANTIAL BLOWING AND DRIFTING. BOTH GRAND RAPIDS AND MUSKEGON SET
DAILY RECORD SNOWFALLS ON THE 8TH.

ARCTIC AIR WITH WELL BELOW NORMAL TEMPERATURES SETTLED INTO THE
GREAT LAKES FOR MOST OF THE PERIOD FROM THE 5TH THROUGH THE 14TH.
HIGH TEMPERATURES WERE FREQUENTLY IN THE TEENS. CALM AND CLEAR
CONDITIONS ON THE MORNINGS OF THE 13TH AND 14TH RESULTED IN LOW
TEMPERATURES BELOW ZERO ACROSS THE AREA. MUSKEGON TIED AND GRAND
RAPIDS BROKE THEIR RECORD LOW TEMPERATURES ON THE 13TH. GRAND RAPIDS
FELL TO 13 DEGREES BELOW ZERO THE MORNING OF THE 14TH... ITS COLDEST
TEMPERATURE SINCE 17 BELOW ZERO WAS OBSERVED ON THE 4TH OF FEBRUARY
1996.

FROM THE MIDDLE OF THE MONTH ONWARD... CONDITIONS WARMED UP AND
QUIETED DOWN. TEMPERATURES WERE GENERALLY NEAR TO ABOVE NORMAL.
LIGHT SNOW OCCURRED PERIODICALLY... BUT THERE WERE ONLY A FEW
OCCASIONS WITH MEASURABLE SNOW.

$$

CAS/EBW
