716
CXUS55 KMSO 011353
CLMBTM


CLIMATE REPORT
NATIONAL WEATHER SERVICE MISSOULA, MT
753 AM MDT FRI JUL 1 2016

...................................

...THE BUTTE MT CLIMATE SUMMARY FOR THE MONTH OF JUNE 2016...

CLIMATE NORMAL PERIOD 1981 TO 2010
CLIMATE RECORD PERIOD 1895 TO 2016

WEATHER         OBSERVED          NORMAL  DEPART  LAST YEAR`S
                 VALUE   DATE(S)  VALUE   FROM    VALUE
                                          NORMAL
.............................................................
TEMPERATURE (F)
RECORD
 HIGH              97   06/26/1919
 LOW               22   06/06/1916
HIGHEST            88   06/29        MM      MM       95
                        06/28
LOWEST             30   06/17        MM      MM       33
AVG. MAXIMUM     76.2              70.2     6.0     78.0
AVG. MINIMUM     42.2              41.1     1.1     44.7
MEAN             59.2              55.7     3.5     61.3
DAYS MAX >= 90      0               0.2    -0.2        4
DAYS MAX <= 32      0               0.0     0.0        0
DAYS MIN <= 32      1               2.2    -1.2        0
DAYS MIN <= 0       0               0.0     0.0        0

PRECIPITATION (INCHES)
RECORD
 MAXIMUM         8.86   1913
 MINIMUM         0.29   1974
TOTALS           0.93              2.26   -1.33     0.93
DAILY AVG.       0.03              0.08   -0.05     0.03
DAYS >= .01         6              12.9    -6.9       11
DAYS >= .10         2               6.1    -4.1        4
DAYS >= .50         0               1.0    -1.0        0
DAYS >= 1.00        0               0.2    -0.2        0
GREATEST
 24 HR. TOTAL    0.41   06/15 TO 06/15              0.37
                        06/15 TO 06/16

DEGREE_DAYS
HEATING TOTAL     189               287     -98
 SINCE 7/1       8762              9219    -457
COOLING TOTAL      23                 7      16
 SINCE 1/1         23                 7      16
..............................................................

WIND (MPH)
AVERAGE WIND SPEED              6.7
HIGHEST WIND SPEED/DIRECTION    31/190    DATE  06/18
HIGHEST GUST SPEED/DIRECTION    41/200    DATE  06/18

SKY COVER
POSSIBLE SUNSHINE (PERCENT)   MM
AVERAGE SKY COVER           0.20
NUMBER OF DAYS FAIR           23
NUMBER OF DAYS PC              6
NUMBER OF DAYS CLOUDY          1

AVERAGE RH (PERCENT)     50

WEATHER CONDITIONS. NUMBER OF DAYS WITH
THUNDERSTORM              0     MIXED PRECIP               0
HEAVY RAIN                2     RAIN                       3
LIGHT RAIN               13     FREEZING RAIN              0
LT FREEZING RAIN          0     HAIL                       0
HEAVY SNOW                0     SNOW                       0
LIGHT SNOW                0     SLEET                      0
FOG                       2     FOG W/VIS <= 1/4 MILE      0
HAZE                      0

-  INDICATES NEGATIVE NUMBERS.
R  INDICATES RECORD WAS SET OR TIED.
MM INDICATES DATA IS MISSING.
T  INDICATES TRACE AMOUNT.

$$
