000
CXUS54 KLIX 021344
CLMBTR


CLIMATE REPORT
NATIONAL WEATHER SERVICE NEW ORLEANS
841 AM CDT SAT MAY 2 2015

...................................

...THE BATON ROUGE  ASOS CLIMATE SUMMARY FOR THE MONTH OF APRIL 2015...

CLIMATE NORMAL PERIOD 1981 TO 2010
CLIMATE RECORD PERIOD 1894 TO 2015

WEATHER         OBSERVED          NORMAL  DEPART  LAST YEAR`S
                 VALUE   DATE(S)  VALUE   FROM    VALUE  DATE(S)
                                          NORMAL
................................................................
TEMPERATURE (F)
RECORD
 HIGH              93   04/18/2006
 LOW               31   04/13/1940
HIGHEST            87   04/08                        89  04/27
                        04/02
LOWEST             52   04/30                        37  04/16
                        04/29
                        04/05
AVG. MAXIMUM     80.1              79.3     0.8     79.6
AVG. MINIMUM     62.6              56.8     5.8     57.6
MEAN             71.3              68.1     3.2     68.6
DAYS MAX >= 90      0               0.2    -0.2        0
DAYS MAX <= 32      0               0.0     0.0        0
DAYS MIN <= 32      0               0.0     0.0        0
DAYS MIN <= 0       0               0.0     0.0        0

PRECIPITATION (INCHES)
RECORD
 MAXIMUM
 MINIMUM
TOTALS           8.08              4.46    3.62     3.53
DAILY AVG.       0.27              0.15    0.12     0.12
DAYS >= .01        16               7.5     8.5        8
DAYS >= .10        10               4.9     5.1        4
DAYS >= .50         6               2.5     3.5        3
DAYS >= 1.00        3               1.5     1.5        1
GREATEST
 24 HR. TOTAL    2.00   04/27 TO 04/27           04/06 TO 04/07

SNOWFALL (INCHES)
RECORDS
 TOTAL
 24 HR TOTAL
 SNOW DEPTH
TOTALS            0.0               0.0     0.0      0.0
SINCE 7/1           T               0.1    -0.1      0.4
SNOWDEPTH AVG.      0                                  0
DAYS >= TRACE       0               0.0     0.0        0
DAYS >= 1.0         0               0.0     0.0        0
GREATEST
 SNOW DEPTH         0                                0
 24 HR TOTAL      0.0

DEGREE_DAYS
HEATING TOTAL       6                51     -45       51
 SINCE 7/1       1641              1553      88     1978
COOLING TOTAL     204               142      62      167
 SINCE 1/1        311               231      80      213
.................................................

WIND (MPH)
AVERAGE WIND SPEED              6.7
HIGHEST WIND SPEED/DIRECTION    45/280    DATE  04/27
HIGHEST GUST SPEED/DIRECTION    56/280    DATE  04/27

SKY COVER
POSSIBLE SUNSHINE (PERCENT)
AVERAGE SKY COVER           0.50
NUMBER OF DAYS FAIR            9
NUMBER OF DAYS PC             16
NUMBER OF DAYS CLOUDY          5

AVERAGE RH (PERCENT)     78

WEATHER CONDITIONS. NUMBER OF DAYS WITH
THUNDERSTORM              0     MIXED PRECIP               0
HEAVY RAIN                7     RAIN                      10
LIGHT RAIN               18     FREEZING RAIN              0
LT FREEZING RAIN          0     HAIL                       0
HEAVY SNOW                0     SNOW                       0
LIGHT SNOW                0     SLEET                      0
FOG                      22     FOG W/VIS <= 1/4 MILE      5
HAZE                      6

-  INDICATES NEGATIVE NUMBERS.
R  INDICATES RECORD WAS SET OR TIED.
MM INDICATES DATA IS MISSING.
T  INDICATES TRACE AMOUNT.

$$
