533
CXUS51 KBTV 011243
CLMBTV


CLIMATE REPORT
NATIONAL WEATHER SERVICE BURLINGTON VT
840 AM EDT THU SEP 1 2016

...................................

...THE BURLINGTON VT CLIMATE SUMMARY FOR THE MONTH OF AUGUST 2016...

CLIMATE NORMAL PERIOD 1981 TO 2010
CLIMATE RECORD PERIOD 1884 TO 2016

WEATHER         OBSERVED          NORMAL  DEPART  LAST YEAR`S
                 VALUE   DATE(S)  VALUE   FROM    VALUE  DATE(S)
                                          NORMAL
................................................................
TEMPERATURE (F)
RECORD
 HIGH             101   08/11/1944
 LOW               35   08/31/1976
HIGHEST            96   08/11        78      18       91  08/20
                                                          08/18
LOWEST             52   08/23        58      -6       53  08/08
AVG. MAXIMUM     83.5              79.0     4.5     82.2
AVG. MINIMUM     63.9              58.5     5.4     62.5
MEAN             73.7              68.8     4.9     72.3
DAYS MAX >= 90      2               1.2     0.8        4
DAYS MAX <= 32      0               0.0     0.0        0
DAYS MIN <= 32      0               0.0     0.0        0
DAYS MIN <= 0       0               0.0     0.0        0

PRECIPITATION (INCHES)
RECORD
 MAXIMUM        11.54   1955
 MINIMUM         0.72   1957
TOTALS           2.25              3.91   -1.66     1.98
DAILY AVG.       0.07              0.13   -0.06     0.06
DAYS >= .01        12              12.3    -0.3        9
DAYS >= .10         6               7.7    -1.7        4
DAYS >= .50         1               2.6    -1.6        2
DAYS >= 1.00        0               0.9    -0.9        0
GREATEST
 24 HR. TOTAL    0.95   08/16 TO 08/17           08/11 TO 08/11
                                                          08/31 TO 08/31
                                                          08/31 TO 08/31
 STORM TOTAL       MM                                 MM
 (MM/DD(HH))            MM                    08/11(00) TO 08/11(00)
                                                 08/31(00) TO 08/31(00)1
                                                 08/31(00) TO 08/31(00)1

DEGREE_DAYS
HEATING TOTAL       2                29     -27        1
 SINCE 7/1          5                42     -37        6
COOLING TOTAL     283               145     138      235
 SINCE 1/1        744               448     296      622
..................................................

WIND (MPH)
AVERAGE WIND SPEED              7.6
HIGHEST WIND SPEED/DIRECTION    29/180    DATE  08/21
HIGHEST GUST SPEED/DIRECTION    38/170    DATE  08/21

SKY COVER
POSSIBLE SUNSHINE (PERCENT)   MM
AVERAGE SKY COVER           0.50
NUMBER OF DAYS FAIR           10
NUMBER OF DAYS PC             18
NUMBER OF DAYS CLOUDY          3

AVERAGE RH (PERCENT)     64

WEATHER CONDITIONS. NUMBER OF DAYS WITH
THUNDERSTORM              0     MIXED PRECIP               0
HEAVY RAIN                1     RAIN                       3
LIGHT RAIN               12     FREEZING RAIN              0
LT FREEZING RAIN          0     HAIL                       0
HEAVY SNOW                0     SNOW                       0
LIGHT SNOW                0     SLEET                      0
FOG                      10     FOG W/VIS <= 1/4 MILE      1
HAZE                      3

-  INDICATES NEGATIVE NUMBERS.
R  INDICATES RECORD WAS SET OR TIED.
MM INDICATES DATA IS MISSING.
T  INDICATES TRACE AMOUNT.

$$
