000
CXUS55 KABQ 012342
CLMCAO


CLIMATE REPORT
NATIONAL WEATHER SERVICE ALBUQUERQUE NM
539 PM MDT MON MAY 1 2017

...................................

...THE CLAYTON  NM CLIMATE SUMMARY FOR THE MONTH OF APRIL 2017...

CLIMATE NORMAL PERIOD 1981 TO 2010
CLIMATE RECORD PERIOD 1896 TO 2017

WEATHER         OBSERVED          NORMAL  DEPART  LAST YEAR`S
                 VALUE   DATE(S)  VALUE   FROM    VALUE  DATE(S)
                                          NORMAL
................................................................
TEMPERATURE (F)
RECORD
 HIGH              92   04/24/2012
 LOW                7   04/04/1920
HIGHEST            85   04/19        MM      MM       84  04/05
LOWEST             25   04/02        MM      MM       26  04/02
AVG. MAXIMUM     67.0              67.0     0.0     67.5
AVG. MINIMUM     39.5              37.7     1.8     38.5
MEAN             53.2              52.4     0.8     53.0
DAYS MAX >= 90      0               0.0     0.0        0
DAYS MAX <= 32      0               0.2    -0.2        0
DAYS MIN <= 32      8               7.1     0.9        5
DAYS MIN <= 0       0               0.0     0.0        0

PRECIPITATION (INCHES)
RECORD
 MAXIMUM           MM   MM
 MINIMUM           MM   MM
TOTALS           3.33              0.94    2.39     1.91
DAILY AVG.       0.11              0.03    0.08     0.06
DAYS >= .01        10               4.7     5.3        9
DAYS >= .10         7               2.3     4.7        5
DAYS >= .50         2               0.5     1.5        0
DAYS >= 1.00        1               0.2     0.8        0
GREATEST
 24 HR. TOTAL    1.10   04/28 TO 04/28              0.84

SNOWFALL (INCHES)
RECORDS
 TOTAL             MM   MM
TOTALS           13.8               1.5    12.3      0.0
SINCE 7/1        25.3              27.3    -2.0     25.0
SNOWDEPTH AVG.      0                MM      MM        0
DAYS >= 1.0         2               0.4     1.6        0
GREATEST
 SNOW DEPTH         5   04/29                          0  MM
 24 HR TOTAL      7.5   04/29 TO 04/29               0.0

DEGREE_DAYS
HEATING TOTAL     357               385     -28      353
 SINCE 7/1       3799              4706    -907     4123
COOLING TOTAL      12                 5       7        0
 SINCE 1/1         20                 6      14        0
.................................................................

WIND (MPH)
AVERAGE WIND SPEED              14.0
HIGHEST WIND SPEED/DIRECTION    41/180    DATE  04/17
HIGHEST GUST SPEED/DIRECTION    58/180    DATE  04/17

SKY COVER
AVERAGE SKY COVER           0.30

AVERAGE RH (PERCENT)    120

WEATHER CONDITIONS. NUMBER OF DAYS WITH
THUNDERSTORM              0     MIXED PRECIP               0
HEAVY RAIN                6     RAIN                       6
LIGHT RAIN               11     FREEZING RAIN              0
LT FREEZING RAIN          0     HAIL                       0
HEAVY SNOW                2     SNOW                       3
LIGHT SNOW                6     SLEET                      0
FOG                      13     FOG W/VIS <= 1/4 MILE      4
HAZE                      6

-  INDICATES NEGATIVE NUMBERS.
R  INDICATES RECORD WAS SET OR TIED.
MM INDICATES DATA IS MISSING.
T  INDICATES TRACE AMOUNT.

$$
