000
CXUS55 KABQ 011748
CLMCAO

ABQCLMCAO 000
TTAA00 KABQ 011645


CLIMATE REPORT
NATIONAL WEATHER SERVICE ALBUQUERQUE NM
1148 AM MDT SAT AUG 1 2015

...................................

...THE CLAYTON  NM CLIMATE SUMMARY FOR THE MONTH OF JULY 2015...

CLIMATE NORMAL PERIOD 1981 TO 2010
CLIMATE RECORD PERIOD 1896 TO 2015

WEATHER         OBSERVED          NORMAL  DEPART  LAST YEAR`S
                 VALUE   DATE(S)  VALUE   FROM    VALUE  DATE(S)
                                          NORMAL
................................................................
TEMPERATURE (F)
RECORD
 HIGH             105   07/30/1934
 LOW               40   07/09/1943
HIGHEST            98   07/01        MM      MM      102  07/25
LOWEST             56   07/07        MM      MM       54  07/31
AVG. MAXIMUM     88.8              88.6     0.2     88.3
AVG. MINIMUM     62.5              60.8     1.7     62.7
MEAN             75.7              74.7     1.0     75.5
DAYS MAX >= 90     17              14.1     2.9       16
DAYS MAX <= 32      0               0.0     0.0        0
DAYS MIN <= 32      0               0.0     0.0        0
DAYS MIN <= 0       0               0.0     0.0        0

PRECIPITATION (INCHES)
RECORD
 MAXIMUM           MM   MM
 MINIMUM           MM   MM
TOTALS           7.24              2.66    4.58     2.85
DAILY AVG.       0.23              0.09    0.14     0.09
DAYS >= .01        20               8.9    11.1       12
DAYS >= .10         7               5.0     2.0        5
DAYS >= .50         5               2.0     3.0        3
DAYS >= 1.00        4               0.6     3.4        1
GREATEST
 24 HR. TOTAL    2.38   07/08 TO 07/09              1.70

SNOWFALL (INCHES)
RECORDS
 TOTAL             MM   MM
TOTALS            0.0               0.0     0.0      0.0
SINCE 7/1         0.0               0.0     0.0      0.0
SNOWDEPTH AVG.      0                MM      MM        0
DAYS >= 1.0         0               0.0     0.0        0
GREATEST
 SNOW DEPTH         0   MM                             0  MM
 24 HR TOTAL      0.0   07/31 TO 07/31               0.0

DEGREE_DAYS
HEATING TOTAL       0                 2      -2        0
 SINCE 7/1          0                 2      -2        0
COOLING TOTAL     340               303      37      336
 SINCE 1/1        590               537      53      676
.................................................................

WIND (MPH)
AVERAGE WIND SPEED              10.2
HIGHEST WIND SPEED/DIRECTION    41/290    DATE  07/08
HIGHEST GUST SPEED/DIRECTION    54/160    DATE  07/25

SKY COVER
AVERAGE SKY COVER           0.20

AVERAGE RH (PERCENT)     59

WEATHER CONDITIONS. NUMBER OF DAYS WITH
THUNDERSTORM              0     MIXED PRECIP               0
HEAVY RAIN                7     RAIN                       8
LIGHT RAIN               20     FREEZING RAIN              0
LT FREEZING RAIN          0     HAIL                       0
HEAVY SNOW                0     SNOW                       0
LIGHT SNOW                0     SLEET                      0
FOG                      10     FOG W/VIS <= 1/4 MILE      2
HAZE                      6

-  INDICATES NEGATIVE NUMBERS.
R  INDICATES RECORD WAS SET OR TIED.
MM INDICATES DATA IS MISSING.
T  INDICATES TRACE AMOUNT.

$$
