000
CXUS55 KCYS 122251
CLMCDR


CLIMATE REPORT
NATIONAL WEATHER SERVICE CHEYENNE WY
451 PM MDT TUE JUL 12 2016

...................................

...THE CHADRON NE AIRPORT CLIMATE SUMMARY FOR THE YEAR OF 2015...

CLIMATE NORMAL PERIOD 1981 TO 2010
CLIMATE RECORD PERIOD 1895 TO 2016

WEATHER         OBSERVED          NORMAL  DEPART  LAST YEAR`S
                 VALUE   DATE(S)  VALUE   FROM    VALUE
                                          NORMAL
.............................................................
TEMPERATURE (F)
RECORD
 HIGH             112   07/15/2006
 LOW              -44   02/07/1895
HIGHEST           105   08/15        MM      MM      108
LOWEST            -17   01/04        MM      MM      -21
AVG. MAXIMUM     63.7              62.7     1.0     61.5
AVG. MINIMUM     34.3              32.0     2.3     32.7
MEAN             49.0              47.4     1.6     47.1
DAYS MAX >= 90     48              43.1               41
DAYS MAX <= 32     40              33.0               42
DAYS MIN <= 32    171             183.6              181
DAYS MIN <= 0      18              20.8               26

PRECIPITATION (INCHES)
RECORD
 MAXIMUM        20.51   2009
 MINIMUM         6.38   2002
TOTALS          20.37             18.05    2.32    20.38
DAYS >= .01        95              79.2              100
DAYS >= .10        49              43.0               49
DAYS >= .50        15              10.5               10
DAYS >= 1.00        2               2.7                3
GREATEST
 24 HR. TOTAL    2.15   05/09 TO 05/09

DEGREE_DAYS
HEATING TOTAL    6420              7146    -726     7020
 SINCE 7/1       2650              2942    -292     2790
COOLING TOTAL     718               712       6      647
 SINCE 1/1        718               712       6      647
..............................................................

WIND (MPH)
AVERAGE WIND SPEED              8.1
HIGHEST WIND SPEED/DIRECTION    54/310    DATE  11/18
HIGHEST GUST SPEED/DIRECTION    75/310    DATE  11/18

SKY COVER
POSSIBLE SUNSHINE (PERCENT)   MM
AVERAGE SKY COVER           0.30
NUMBER OF DAYS FAIR          224
NUMBER OF DAYS PC            100
NUMBER OF DAYS CLOUDY         41

AVERAGE RH (PERCENT)     64

WEATHER CONDITIONS. NUMBER OF DAYS WITH
THUNDERSTORM              0     MIXED PRECIP               0
HEAVY RAIN               17     RAIN                      30
LIGHT RAIN               94     FREEZING RAIN              0
LT FREEZING RAIN          1     HAIL                       0
HEAVY SNOW                6     SNOW                      16
LIGHT SNOW               40     SLEET                      0
FOG                     123     FOG W/VIS <= 1/4 MILE     20
HAZE                    110

-  INDICATES NEGATIVE NUMBERS.
R  INDICATES RECORD WAS SET OR TIED.
MM INDICATES DATA IS MISSING.
T  INDICATES TRACE AMOUNT.

$$
