000
CXUS55 KCYS 060420
CLMCDR


CLIMATE REPORT
NATIONAL WEATHER SERVICE CHEYENNE WY
919 PM MST THU MAR 5 2015

...................................

...THE CHADRON NE AIRPORT CLIMATE SUMMARY FOR THE MONTH OF FEBRUARY 2015...

CLIMATE NORMAL PERIOD 1981 TO 2010
CLIMATE RECORD PERIOD 1895 TO 2015

WEATHER         OBSERVED          NORMAL  DEPART  LAST YEAR`S
                 VALUE   DATE(S)  VALUE   FROM    VALUE
                                          NORMAL
.............................................................
TEMPERATURE (F)
RECORD
 HIGH              76   02/21/1982
 LOW              -44   02/07/1895
HIGHEST            71   02/07        MM      MM       65
LOWEST             -8   02/27        MM      MM      -17
AVG. MAXIMUM     43.6              42.0     1.6     31.6
AVG. MINIMUM     17.4              12.8     4.6      6.3
MEAN             30.5              27.4     3.1     19.0
DAYS MAX >= 90      0               0.0                0
DAYS MAX <= 32      9               6.5               14
DAYS MIN <= 32     26              27.2               28
DAYS MIN <= 0       2               4.7               12

PRECIPITATION (INCHES)
RECORD
 MAXIMUM         2.45   2000
 MINIMUM         0.00   1996
                        1994
                        1949
TOTALS           0.55              0.61   -0.06     0.82
DAYS >= .01         8               4.4     3.6       14
DAYS >= .10         2               1.7     0.3        3
DAYS >= .50         0               0.2    -0.2        0
DAYS >= 1.00        0               0.0     0.0        0
GREATEST
 24 HR. TOTAL    0.16   02/03 TO 02/04

DEGREE_DAYS
HEATING TOTAL     959              1053     -94     1282
 SINCE 7/1       4945              5252    -307     5474
COOLING TOTAL       0                 0       0        0
 SINCE 1/1          0                 0       0        0
..............................................................

WIND (MPH)
AVERAGE WIND SPEED              8.9
HIGHEST WIND SPEED/DIRECTION    41/300    DATE  02/17
HIGHEST GUST SPEED/DIRECTION    53/300    DATE  02/17

SKY COVER
POSSIBLE SUNSHINE (PERCENT)   MM
AVERAGE SKY COVER           0.50
NUMBER OF DAYS FAIR            9
NUMBER OF DAYS PC             13
NUMBER OF DAYS CLOUDY          6

AVERAGE RH (PERCENT)     66

WEATHER CONDITIONS. NUMBER OF DAYS WITH
THUNDERSTORM              0     MIXED PRECIP               0
HEAVY RAIN                0     RAIN                       0
LIGHT RAIN                3     FREEZING RAIN              0
LT FREEZING RAIN          0     HAIL                       0
HEAVY SNOW                1     SNOW                       5
LIGHT SNOW               11     SLEET                      0
FOG                      10     FOG W/VIS <= 1/4 MILE      2
HAZE                     10

-  INDICATES NEGATIVE NUMBERS.
R  INDICATES RECORD WAS SET OR TIED.
MM INDICATES DATA IS MISSING.
T  INDICATES TRACE AMOUNT.

$$
