000
CXUS54 KMRX 012039
CLMCHA

CLIMATE REPORT
NATIONAL WEATHER SERVICE MORRISTOWN TN
437 PM EDT SAT AUG 1 2015

...................................

...THE CHATTANOOGA  ASOS CLIMATE SUMMARY FOR THE MONTH OF JULY 2015...

CLIMATE NORMAL PERIOD 1981 TO 2010
CLIMATE RECORD PERIOD 1879 TO 2015

WEATHER         OBSERVED          NORMAL  DEPART
                 VALUE   DATE(S)  VALUE   FROM
                                          NORMAL
................................................
TEMPERATURE (F)
HIGHEST            96   07/18
LOWEST             67   07/02
AVG. MAXIMUM     90.7              90.2     0.5
AVG. MINIMUM     72.0              69.7     2.3
MEAN             81.4              80.0     1.4
DAYS MAX >= 90     23
DAYS MAX <= 32      0
DAYS MIN <= 32      0
DAYS MIN <= 0       0

PRECIPITATION (INCHES)
RECORD
 MAXIMUM        13.49   1916
 MINIMUM         0.20   1957
TOTALS           6.28              4.91    1.37
DAYS >= .01        12
DAYS >= .10        10
DAYS >= .50         5
DAYS >= 1.00        2
GREATEST
 24 HR. TOTAL    2.29   07/22 TO 07/23

SNOWFALL (INCHES)
TOTALS            0.0               0.0     0.0
SINCE 7/1         0.0
SNOWDEPTH AVG.      0
DAYS >= TRACE       0
GREATEST
 SNOW DEPTH         0   MM

DEGREE_DAYS
HEATING TOTAL       0                 0       0
 SINCE 7/1          0                 0       0
COOLING TOTAL     515               463      52
 SINCE 1/1       1232              1004     228
.................................................



-  INDICATES NEGATIVE NUMBERS.
R  INDICATES RECORD WAS SET OR TIED.
MM INDICATES DATA IS MISSING.
T  INDICATES TRACE AMOUNT.

$$
