000
CXUS55 KCYS 060420
CLMCHY


CLIMATE REPORT
NATIONAL WEATHER SERVICE CHEYENNE WY
919 PM MST THU MAR 5 2015

...................................

...THE CHEYENNE WY CLIMATE SUMMARY FOR THE MONTH OF FEBRUARY 2015...

CLIMATE NORMAL PERIOD 1981 TO 2010
CLIMATE RECORD PERIOD 1871 TO 2015

WEATHER         OBSERVED          NORMAL  DEPART  LAST YEAR`S
                 VALUE   DATE(S)  VALUE   FROM    VALUE
                                          NORMAL
.............................................................
TEMPERATURE (F)
RECORD
 HIGH              71   02/11/1962
 LOW              -34   02/08/1936
HIGHEST            64   02/06        41      23       56
LOWEST             -2   02/28        18     -20      -23
AVG. MAXIMUM     41.7              40.5     1.2     35.0
AVG. MINIMUM     21.7              18.6     3.1     10.1
MEAN             31.7              29.6     2.1     22.6
DAYS MAX >= 90      0               0.0     0.0        0
DAYS MAX <= 32      9               6.2     2.8       10
DAYS MIN <= 32     21              25.6    -4.6       27
DAYS MIN <= 0       1               2.1    -1.1        8

PRECIPITATION (INCHES)
RECORD
 MAXIMUM         2.16   1953
 MINIMUM            T   1983
TOTALS           0.70              0.47    0.23     1.15
DAYS >= .01        10               6.2     3.8       12
DAYS >= .10         2               1.5     0.5        5
DAYS >= .50         0               0.1    -0.1        0
DAYS >= 1.00        0               0.0     0.0        0
GREATEST
 24 HR. TOTAL    0.31   02/04 TO 02/04

DEGREE_DAYS
HEATING TOTAL     925               992     -67     1180
 SINCE 7/1       4646              5019    -373     5204
COOLING TOTAL       0                 0       0        0
 SINCE 1/1          0                 0       0        0

FREEZE DATES
RECORD
 EARLIEST     08/24/1910
 LATEST       06/19/1876
EARLIEST                        09/24
LATEST                          05/20
..............................................................

WIND (MPH)
AVERAGE WIND SPEED              13.5
HIGHEST WIND SPEED/DIRECTION    41/280    DATE  02/07
HIGHEST GUST SPEED/DIRECTION    52/280    DATE  02/07

SKY COVER
POSSIBLE SUNSHINE (PERCENT)   MM
AVERAGE SKY COVER           0.40
NUMBER OF DAYS FAIR           13
NUMBER OF DAYS PC              9
NUMBER OF DAYS CLOUDY          6

AVERAGE RH (PERCENT)     56

WEATHER CONDITIONS. NUMBER OF DAYS WITH
THUNDERSTORM              0     MIXED PRECIP               0
HEAVY RAIN                0     RAIN                       0
LIGHT RAIN                0     FREEZING RAIN              0
LT FREEZING RAIN          0     HAIL                       0
HEAVY SNOW                1     SNOW                       6
LIGHT SNOW               15     SLEET                      0
FOG                      13     FOG W/VIS <= 1/4 MILE      2
HAZE                     11

-  INDICATES NEGATIVE NUMBERS.
R  INDICATES RECORD WAS SET OR TIED.
MM INDICATES DATA IS MISSING.
T  INDICATES TRACE AMOUNT.
...................................

...THE DOUGLAS WY AIRPORT CLIMATE SUMMARY FOR THE MONTH OF FEBRUARY 2015...

CLIMATE NORMAL PERIOD 1981 TO 2010
CLIMATE RECORD PERIOD 1998 TO 2015

WEATHER         OBSERVED          NORMAL  DEPART  LAST YEAR`S
                 VALUE   DATE(S)  VALUE   FROM    VALUE
                                          NORMAL
.............................................................
TEMPERATURE (F)
RECORD
 HIGH              66   02/09/2015
                        02/06/2015
                        07/11/1939
 LOW              -33   02/18/2006
HIGHEST            66R  02/09        MM      MM       58
                        02/06
LOWEST             -4   02/23        MM      MM      -25
AVG. MAXIMUM     44.0              40.1     3.9     30.5
AVG. MINIMUM     18.3              13.5     4.8      5.0
MEAN             31.1              26.8     4.3     17.8
DAYS MAX >= 90      0               0.0     0.0        0
DAYS MAX <= 32      9               6.8     2.2       14
DAYS MIN <= 32     25              27.4    -2.4       27
DAYS MIN <= 0       1               3.9    -2.9       11

PRECIPITATION (INCHES)
RECORD
 MAXIMUM         0.97   2014
 MINIMUM         0.11   2007
TOTALS           0.52              0.41    0.11     0.97
DAYS >= .01         7                MM      MM       16
DAYS >= .10         3                MM      MM        4
DAYS >= .50         0                MM      MM        0
DAYS >= 1.00        0                MM      MM        0
GREATEST
 24 HR. TOTAL    0.16   02/25 TO 02/25

DEGREE_DAYS
HEATING TOTAL     941              1069    -128     1316
 SINCE 7/1       5003              5400    -397     5590
COOLING TOTAL       0                 0       0        0
 SINCE 1/1          0                 0       0        0

FREEZE DATES
RECORD
 EARLIEST     MM
 LATEST       MM
EARLIEST                        MM
LATEST                          MM
..............................................................

WIND (MPH)
AVERAGE WIND SPEED              10.8
HIGHEST WIND SPEED/DIRECTION    61/280    DATE  02/07
HIGHEST GUST SPEED/DIRECTION    79/270    DATE  02/07

SKY COVER
POSSIBLE SUNSHINE (PERCENT)   MM
AVERAGE SKY COVER           0.40
NUMBER OF DAYS FAIR           13
NUMBER OF DAYS PC              7
NUMBER OF DAYS CLOUDY          8

AVERAGE RH (PERCENT)     64

WEATHER CONDITIONS. NUMBER OF DAYS WITH
THUNDERSTORM              0     MIXED PRECIP               0
HEAVY RAIN                0     RAIN                       0
LIGHT RAIN                3     FREEZING RAIN              0
LT FREEZING RAIN          0     HAIL                       0
HEAVY SNOW                1     SNOW                       3
LIGHT SNOW               12     SLEET                      0
FOG                      12     FOG W/VIS <= 1/4 MILE      2
HAZE                      6

-  INDICATES NEGATIVE NUMBERS.
R  INDICATES RECORD WAS SET OR TIED.
MM INDICATES DATA IS MISSING.
T  INDICATES TRACE AMOUNT.
...................................

...THE LARAMIE WY AIRPORT CLIMATE SUMMARY FOR THE MONTH OF FEBRUARY 2015...

CLIMATE NORMAL PERIOD 1981 TO 2010
CLIMATE RECORD PERIOD 1948 TO 2015

WEATHER         OBSERVED          NORMAL  DEPART  LAST YEAR`S
                 VALUE   DATE(S)  VALUE   FROM    VALUE
                                          NORMAL
.............................................................
TEMPERATURE (F)
RECORD
 HIGH              63   02/08/1954
 LOW              -39   02/02/2011
HIGHEST            59   02/14        MM      MM       50
LOWEST            -15   02/23        MM      MM      -20
AVG. MAXIMUM     38.8              35.2     3.6     33.2
AVG. MINIMUM     15.8              11.9     3.9     11.6
MEAN             27.2              23.5     3.7     22.4
DAYS MAX >= 90      0               0.0     0.0        0
DAYS MAX <= 32      9              10.1    -1.1       11
DAYS MIN <= 32     25              27.3    -2.3       27
DAYS MIN <= 0       6               4.7     1.3        7

PRECIPITATION (INCHES)
RECORD
 MAXIMUM         1.58   1993
 MINIMUM         0.02   1999
TOTALS           0.67              0.34    0.33     0.51
DAYS >= .01         7               5.1     1.9        9
DAYS >= .10         3               0.8     2.2        2
DAYS >= .50         0               0.1    -0.1        0
DAYS >= 1.00        0               0.0     0.0        0
GREATEST
 24 HR. TOTAL    0.24   02/04 TO 02/04

DEGREE_DAYS
HEATING TOTAL    1051              1161    -110     1183
 SINCE 7/1       5677              6176    -499     6044
COOLING TOTAL       0                 0       0        0
 SINCE 1/1          0                 0       0        0

FREEZE DATES
RECORD
 EARLIEST     MM
 LATEST       MM
EARLIEST                        MM
LATEST                          MM
..............................................................

WIND (MPH)
AVERAGE WIND SPEED              12.6
HIGHEST WIND SPEED/DIRECTION    40/260    DATE  02/07
HIGHEST GUST SPEED/DIRECTION    50/270    DATE  02/07

SKY COVER
POSSIBLE SUNSHINE (PERCENT)   MM
AVERAGE SKY COVER           0.40
NUMBER OF DAYS FAIR           14
NUMBER OF DAYS PC              9
NUMBER OF DAYS CLOUDY          5

AVERAGE RH (PERCENT)     60

WEATHER CONDITIONS. NUMBER OF DAYS WITH
THUNDERSTORM              0     MIXED PRECIP               0
HEAVY RAIN                0     RAIN                       0
LIGHT RAIN                0     FREEZING RAIN              0
LT FREEZING RAIN          0     HAIL                       0
HEAVY SNOW                3     SNOW                       5
LIGHT SNOW               11     SLEET                      0
FOG                       6     FOG W/VIS <= 1/4 MILE      2
HAZE                      3

-  INDICATES NEGATIVE NUMBERS.
R  INDICATES RECORD WAS SET OR TIED.
MM INDICATES DATA IS MISSING.
T  INDICATES TRACE AMOUNT.
...................................

...THE RAWLINS WY AIRPORT CLIMATE SUMMARY FOR THE MONTH OF FEBRUARY 2015...

CLIMATE NORMAL PERIOD 1981 TO 2010
CLIMATE RECORD PERIOD 1951 TO 2015

WEATHER         OBSERVED          NORMAL  DEPART  LAST YEAR`S
                 VALUE   DATE(S)  VALUE   FROM    VALUE
                                          NORMAL
.............................................................
TEMPERATURE (F)
RECORD
 HIGH              58   02/11/1962
 LOW              -36   02/02/2011
                        02/06/1989
HIGHEST            57   02/14        MM      MM       50
                        02/06
LOWEST             -8   02/23        MM      MM      -20
AVG. MAXIMUM     41.7              33.8     7.9     35.3
AVG. MINIMUM     20.7              13.5     7.2     16.3
MEAN             31.2              23.7     7.5     25.8
DAYS MAX >= 90      0               0.0     0.0        0
DAYS MAX <= 32      8              10.9    -2.9        8
DAYS MIN <= 32     21              27.5    -6.5       26
DAYS MIN <= 0       3               3.6    -0.6        5

PRECIPITATION (INCHES)
RECORD
 MAXIMUM         1.87   1959
 MINIMUM         0.01   2007
TOTALS           0.21              0.42   -0.21     0.28
DAYS >= .01         4               5.9    -1.9       10
DAYS >= .10         1               1.2    -0.2        0
DAYS >= .50         0               0.2    -0.2        0
DAYS >= 1.00        0               0.0     0.0        0
GREATEST
 24 HR. TOTAL    0.11   02/21 TO 02/21

DEGREE_DAYS
HEATING TOTAL     938              1158    -220     1091
 SINCE 7/1       5231              5957    -726     5764
COOLING TOTAL       0                 0       0        0
 SINCE 1/1          0                 0       0        0

FREEZE DATES
RECORD
 EARLIEST     MM
 LATEST       MM
EARLIEST                        MM
LATEST                          MM
..............................................................

WIND (MPH)
AVERAGE WIND SPEED              14.5
HIGHEST WIND SPEED/DIRECTION    45/260    DATE  02/03
HIGHEST GUST SPEED/DIRECTION    55/250    DATE  02/03

SKY COVER
POSSIBLE SUNSHINE (PERCENT)   MM
AVERAGE SKY COVER           0.40
NUMBER OF DAYS FAIR           15
NUMBER OF DAYS PC             10
NUMBER OF DAYS CLOUDY          3

AVERAGE RH (PERCENT)     57

WEATHER CONDITIONS. NUMBER OF DAYS WITH
THUNDERSTORM              0     MIXED PRECIP               0
HEAVY RAIN                0     RAIN                       1
LIGHT RAIN                2     FREEZING RAIN              0
LT FREEZING RAIN          0     HAIL                       0
HEAVY SNOW                1     SNOW                       2
LIGHT SNOW               11     SLEET                      0
FOG                       6     FOG W/VIS <= 1/4 MILE      1
HAZE                      5

-  INDICATES NEGATIVE NUMBERS.
R  INDICATES RECORD WAS SET OR TIED.
MM INDICATES DATA IS MISSING.
T  INDICATES TRACE AMOUNT.
...................................

...THE TORRINGTON WY AIRPORT CLIMATE SUMMARY FOR THE MONTH OF FEBRUARY 2015...

CLIMATE NORMAL PERIOD 1981 TO 2010
CLIMATE RECORD PERIOD 1998 TO 2015

WEATHER         OBSERVED          NORMAL  DEPART  LAST YEAR`S
                 VALUE   DATE(S)  VALUE   FROM    VALUE
                                          NORMAL
.............................................................
TEMPERATURE (F)
RECORD
 HIGH              73   02/28/2006
 LOW              -30   02/18/2006
HIGHEST            70   02/09        MM      MM       67
                        02/07
LOWEST              0   02/23        MM      MM      -19
AVG. MAXIMUM     46.4              44.9     1.5     31.7
AVG. MINIMUM     19.6              17.3     2.3      7.5
MEAN             33.0              31.1     1.9     19.6
DAYS MAX >= 90      0               0.0     0.0        0
DAYS MAX <= 32      8               3.8     4.2       15
DAYS MIN <= 32     25              26.7    -1.7       28
DAYS MIN <= 0       1               1.9    -0.9       11

PRECIPITATION (INCHES)
RECORD
 MAXIMUM         0.73   2014
 MINIMUM         0.06   2009
TOTALS           0.45              0.34    0.11     0.73
DAYS >= .01         5                MM      MM       11
DAYS >= .10         1                MM      MM        2
DAYS >= .50         0                MM      MM        0
DAYS >= 1.00        0                MM      MM        0
GREATEST
 24 HR. TOTAL    0.38   02/03 TO 02/04

DEGREE_DAYS
HEATING TOTAL     889               949     -60     1261
 SINCE 7/1       4714              4844    -130     5115
COOLING TOTAL       0                 0       0        0
 SINCE 1/1          0                 0       0        0

FREEZE DATES
RECORD
 EARLIEST     MM
 LATEST       MM
EARLIEST                        MM
LATEST                          MM
..............................................................

WIND (MPH)
AVERAGE WIND SPEED              10.2
HIGHEST WIND SPEED/DIRECTION    45/270    DATE  02/07
HIGHEST GUST SPEED/DIRECTION    58/270    DATE  02/07

SKY COVER
POSSIBLE SUNSHINE (PERCENT)   MM
AVERAGE SKY COVER           0.40
NUMBER OF DAYS FAIR           13
NUMBER OF DAYS PC             12
NUMBER OF DAYS CLOUDY          3

AVERAGE RH (PERCENT)     59

WEATHER CONDITIONS. NUMBER OF DAYS WITH
THUNDERSTORM              0     MIXED PRECIP               0
HEAVY RAIN                0     RAIN                       0
LIGHT RAIN                1     FREEZING RAIN              0
LT FREEZING RAIN          0     HAIL                       0
HEAVY SNOW                0     SNOW                       2
LIGHT SNOW               10     SLEET                      0
FOG                       9     FOG W/VIS <= 1/4 MILE      1
HAZE                      6

-  INDICATES NEGATIVE NUMBERS.
R  INDICATES RECORD WAS SET OR TIED.
MM INDICATES DATA IS MISSING.
T  INDICATES TRACE AMOUNT.

$$
