000
CXUS55 KCYS 081700
CLMCHY


CLIMATE REPORT
NATIONAL WEATHER SERVICE CHEYENNE WY
1100 AM MDT TUE APR 8 2014

...................................

...THE CHEYENNE WY CLIMATE SUMMARY FOR THE MONTH OF MARCH 2014...

CLIMATE NORMAL PERIOD 1981 TO 2010
CLIMATE RECORD PERIOD 1871 TO 2014

WEATHER         OBSERVED          NORMAL  DEPART  LAST YEAR`S
                 VALUE   DATE(S)  VALUE   FROM    VALUE
                                          NORMAL
.............................................................
TEMPERATURE (F)
RECORD
 HIGH              77   03/30/1879
 LOW              -21   03/02/1943
HIGHEST            64   03/30        45      19       67
LOWEST                  03/02        22     -23        4
                        03/01
AVG. MAXIMUM     48.9              47.5     1.4     47.0
AVG. MINIMUM     24.3              24.4    -0.1     22.3
MEAN             36.6              35.9     0.7     34.6
DAYS MAX >= 90      0               0.0     0.0        0
DAYS MAX <= 32      3               3.8    -0.8        3
DAYS MIN <= 32     27              25.7     1.3       27
DAYS MIN <= 0       2               0.3     1.7        0

PRECIPITATION (INCHES)
RECORD
 MAXIMUM         3.65   1990
 MINIMUM            T   2012
TOTALS           0.90              1.05   -0.15     0.63
DAYS >= .01        10               8.6     1.4       10
DAYS >= .10         3               2.9     0.1        2
DAYS >= .50         0               0.5    -0.5        0
DAYS >= 1.00        0               0.0     0.0        0
GREATEST
 24 HR. TOTAL    0.26   03/22 TO 03/23

DEGREE_DAYS
HEATING TOTAL     873               901     -28      930
 SINCE 7/1       6077              5920     157     5863
COOLING TOTAL       0                 0       0        0
 SINCE 1/1          0                 0       0        0

FREEZE DATES
RECORD
 EARLIEST     08/24/1910
 LATEST       06/19/1876
EARLIEST                        09/24
LATEST                          05/20
..............................................................

WIND (MPH)
AVERAGE WIND SPEED              14.2
HIGHEST WIND SPEED/DIRECTION    48/270    DATE  03/30
HIGHEST GUST SPEED/DIRECTION    66/260    DATE  03/30

SKY COVER
POSSIBLE SUNSHINE (PERCENT)   MM
AVERAGE SKY COVER           0.30
NUMBER OF DAYS FAIR           19
NUMBER OF DAYS PC             10
NUMBER OF DAYS CLOUDY          2

AVERAGE RH (PERCENT)     55

WEATHER CONDITIONS. NUMBER OF DAYS WITH
THUNDERSTORM              0     MIXED PRECIP               0
HEAVY RAIN                0     RAIN                       0
LIGHT RAIN                2     FREEZING RAIN              0
LT FREEZING RAIN          1     HAIL                       0
HEAVY SNOW                3     SNOW                       5
LIGHT SNOW               10     SLEET                      0
FOG                      12     FOG W/VIS <= 1/4 MILE      7
HAZE                      4

-  INDICATES NEGATIVE NUMBERS.
R  INDICATES RECORD WAS SET OR TIED.
MM INDICATES DATA IS MISSING.
T  INDICATES TRACE AMOUNT.
...................................

...THE DOUGLAS WY AIRPORT CLIMATE SUMMARY FOR THE MONTH OF MARCH 2014...

CLIMATE NORMAL PERIOD 1981 TO 2010
CLIMATE RECORD PERIOD 1998 TO 2014

WEATHER         OBSERVED          NORMAL  DEPART  LAST YEAR`S
                 VALUE   DATE(S)  VALUE   FROM    VALUE
                                          NORMAL
.............................................................
TEMPERATURE (F)
RECORD
 HIGH              81   03/31/2012
 LOW               -6   03/11/2009
HIGHEST            69   03/30        MM      MM       70
LOWEST             -3   03/02        MM      MM        2
                        03/01
AVG. MAXIMUM     48.1              49.0    -0.9     50.0
AVG. MINIMUM     23.9              21.8     2.1     20.5
MEAN             36.0              35.4     0.6     35.3
DAYS MAX >= 90      0               0.0     0.0        0
DAYS MAX <= 32      3               3.4    -0.4        3
DAYS MIN <= 32     27              27.8    -0.8       30
DAYS MIN <= 0       3               0.9     2.1        0

PRECIPITATION (INCHES)
RECORD
 MAXIMUM         1.23   2007
 MINIMUM            T   2012
TOTALS           0.78              0.85   -0.07     0.48
DAYS >= .01        10                MM      MM        5
DAYS >= .10         3                MM      MM        1
DAYS >= .50         0                MM      MM        0
DAYS >= 1.00        0                MM      MM        0
GREATEST
 24 HR. TOTAL    0.25   02/28 TO 03/01

DEGREE_DAYS
HEATING TOTAL     892               918     -26      913
 SINCE 7/1       6482              6318     164     5944
COOLING TOTAL       0                 0       0        0
 SINCE 1/1          0                 0       0        0

FREEZE DATES
RECORD
 EARLIEST     MM
 LATEST       MM
EARLIEST                        MM
LATEST                          MM
..............................................................

WIND (MPH)
AVERAGE WIND SPEED              12.1
HIGHEST WIND SPEED/DIRECTION    47/010    DATE  03/18
HIGHEST GUST SPEED/DIRECTION    58/360    DATE  03/18

SKY COVER
POSSIBLE SUNSHINE (PERCENT)   MM
AVERAGE SKY COVER           0.40
NUMBER OF DAYS FAIR           18
NUMBER OF DAYS PC              7
NUMBER OF DAYS CLOUDY          6

AVERAGE RH (PERCENT)     61

WEATHER CONDITIONS. NUMBER OF DAYS WITH
THUNDERSTORM              0     MIXED PRECIP               0
HEAVY RAIN                0     RAIN                       0
LIGHT RAIN                3     FREEZING RAIN              0
LT FREEZING RAIN          0     HAIL                       0
HEAVY SNOW                5     SNOW                       6
LIGHT SNOW               14     SLEET                      0
FOG                      12     FOG W/VIS <= 1/4 MILE      4
HAZE                      4

-  INDICATES NEGATIVE NUMBERS.
R  INDICATES RECORD WAS SET OR TIED.
MM INDICATES DATA IS MISSING.
T  INDICATES TRACE AMOUNT.
...................................

...THE LARAMIE WY AIRPORT CLIMATE SUMMARY FOR THE MONTH OF MARCH 2014...

CLIMATE NORMAL PERIOD 1981 TO 2010
CLIMATE RECORD PERIOD 1948 TO 2014

WEATHER         OBSERVED          NORMAL  DEPART  LAST YEAR`S
                 VALUE   DATE(S)  VALUE   FROM    VALUE
                                          NORMAL
.............................................................
TEMPERATURE (F)
RECORD
 HIGH              71   03/31/2012
                        03/23/2012
 LOW              -25   03/02/2002
HIGHEST            58   03/30        MM      MM       60
                        03/10
LOWEST              2   03/12        MM      MM       -1
AVG. MAXIMUM     44.7              43.0     1.7     43.6
AVG. MINIMUM     20.5              18.7     1.8     17.4
MEAN             32.6              30.9     1.7     30.5
DAYS MAX >= 90      0               0.0     0.0        0
DAYS MAX <= 32      2               5.5    -3.5        5
DAYS MIN <= 32     30              29.4     0.6       29
DAYS MIN <= 0       0               1.5    -1.5        1

PRECIPITATION (INCHES)
RECORD
 MAXIMUM         2.43   1983
 MINIMUM            T   2012
                        2004
TOTALS           0.54              0.58   -0.04     0.34
DAYS >= .01         9               6.0     3.0        5
DAYS >= .10         1               2.0    -1.0        1
DAYS >= .50         0               0.1    -0.1        0
DAYS >= 1.00        0               0.0     0.0        0
GREATEST
 24 HR. TOTAL    0.23   03/18 TO 03/18

DEGREE_DAYS
HEATING TOTAL     997              1059     -62     1061
 SINCE 7/1       7041              7235    -194     6965
COOLING TOTAL       0                 0       0        0
 SINCE 1/1          0                 0       0        0

FREEZE DATES
RECORD
 EARLIEST     MM
 LATEST       MM
EARLIEST                        MM
LATEST                          MM
..............................................................

WIND (MPH)
AVERAGE WIND SPEED              15.2
HIGHEST WIND SPEED/DIRECTION    45/220    DATE  03/30
HIGHEST GUST SPEED/DIRECTION    57/210    DATE  03/30

SKY COVER
POSSIBLE SUNSHINE (PERCENT)   MM
AVERAGE SKY COVER           0.30
NUMBER OF DAYS FAIR           19
NUMBER OF DAYS PC             12
NUMBER OF DAYS CLOUDY          0

AVERAGE RH (PERCENT)     59

WEATHER CONDITIONS. NUMBER OF DAYS WITH
THUNDERSTORM              0     MIXED PRECIP               0
HEAVY RAIN                0     RAIN                       0
LIGHT RAIN                2     FREEZING RAIN              0
LT FREEZING RAIN          1     HAIL                       0
HEAVY SNOW                3     SNOW                       8
LIGHT SNOW               13     SLEET                      0
FOG                      12     FOG W/VIS <= 1/4 MILE      7
HAZE                      7

-  INDICATES NEGATIVE NUMBERS.
R  INDICATES RECORD WAS SET OR TIED.
MM INDICATES DATA IS MISSING.
T  INDICATES TRACE AMOUNT.
...................................

...THE RAWLINS WY AIRPORT CLIMATE SUMMARY FOR THE MONTH OF MARCH 2014...

CLIMATE NORMAL PERIOD 1981 TO 2010
CLIMATE RECORD PERIOD 1951 TO 2014

WEATHER         OBSERVED          NORMAL  DEPART  LAST YEAR`S
                 VALUE   DATE(S)  VALUE   FROM    VALUE
                                          NORMAL
.............................................................
TEMPERATURE (F)
RECORD
 HIGH              73   03/31/2012
 LOW              -23   03/08/1998
HIGHEST            58   03/29        MM      MM       63
                        03/26
                        03/25
LOWEST              6   03/01        MM      MM        0
AVG. MAXIMUM     46.3              43.6     2.7     45.4
AVG. MINIMUM     22.4              20.9     1.5     20.2
MEAN             34.4              32.3     2.1     32.8
DAYS MAX >= 90      0               0.0     0.0        0
DAYS MAX <= 32      1               4.6    -3.6        2
DAYS MIN <= 32     28              27.7     0.3       27
DAYS MIN <= 0       0               1.4    -1.4        1

PRECIPITATION (INCHES)
RECORD
 MAXIMUM         2.09   1998
 MINIMUM         0.00   2000
TOTALS           0.59              0.68   -0.09     0.10
DAYS >= .01        11               7.4     3.6        6
DAYS >= .10         3               2.1     0.9        0
DAYS >= .50         0               0.1    -0.1        0
DAYS >= 1.00        0               0.0     0.0        0
GREATEST
 24 HR. TOTAL    0.17   03/01 TO 03/01

DEGREE_DAYS
HEATING TOTAL     941              1015     -74      992
 SINCE 7/1       6705              6972    -267     6593
COOLING TOTAL       0                 0       0        0
 SINCE 1/1          0                 0       0        0

FREEZE DATES
RECORD
 EARLIEST     MM
 LATEST       MM
EARLIEST                        MM
LATEST                          MM
..............................................................

WIND (MPH)
AVERAGE WIND SPEED              15.1
HIGHEST WIND SPEED/DIRECTION    44/280    DATE  03/17
HIGHEST GUST SPEED/DIRECTION    54/200    DATE  03/30

SKY COVER
POSSIBLE SUNSHINE (PERCENT)   MM
AVERAGE SKY COVER           0.30
NUMBER OF DAYS FAIR           16
NUMBER OF DAYS PC             14
NUMBER OF DAYS CLOUDY          1

AVERAGE RH (PERCENT)     57

WEATHER CONDITIONS. NUMBER OF DAYS WITH
THUNDERSTORM              0     MIXED PRECIP               0
HEAVY RAIN                1     RAIN                       0
LIGHT RAIN                5     FREEZING RAIN              0
LT FREEZING RAIN          0     HAIL                       0
HEAVY SNOW                2     SNOW                       8
LIGHT SNOW               15     SLEET                      0
FOG                      15     FOG W/VIS <= 1/4 MILE      6
HAZE                      3

-  INDICATES NEGATIVE NUMBERS.
R  INDICATES RECORD WAS SET OR TIED.
MM INDICATES DATA IS MISSING.
T  INDICATES TRACE AMOUNT.
...................................

...THE TORRINGTON WY AIRPORT CLIMATE SUMMARY FOR THE MONTH OF MARCH 2014...

CLIMATE NORMAL PERIOD 1981 TO 2010
CLIMATE RECORD PERIOD 1998 TO 2014

WEATHER         OBSERVED          NORMAL  DEPART  LAST YEAR`S
                 VALUE   DATE(S)  VALUE   FROM    VALUE
                                          NORMAL
.............................................................
TEMPERATURE (F)
RECORD
 HIGH              85   03/31/2012
 LOW               -5   03/02/2014
                        03/02/2002
                        02/06/1989
HIGHEST            70   03/30        MM      MM       74
                        03/17
LOWEST             -5R  03/02        MM      MM        4
AVG. MAXIMUM     50.8              51.5    -0.7     53.5
AVG. MINIMUM     23.8              24.3    -0.5     21.2
MEAN             37.3              37.9    -0.6     37.3
DAYS MAX >= 90      0               0.0     0.0        0
DAYS MAX <= 32      3               2.4     0.6        2
DAYS MIN <= 32     27              26.8     0.2       30
DAYS MIN <= 0       3               0.3     2.7        0

PRECIPITATION (INCHES)
RECORD
 MAXIMUM         0.85   2011
 MINIMUM         0.00   2012
TOTALS           0.67              0.75   -0.08     0.15
DAYS >= .01         7                MM      MM        4
DAYS >= .10         4                MM      MM        0
DAYS >= .50         0                MM      MM        0
DAYS >= 1.00        0                MM      MM        0
GREATEST
 24 HR. TOTAL    0.26   03/07 TO 03/07

DEGREE_DAYS
HEATING TOTAL     851               840      11      852
 SINCE 7/1       5966              5684     282     5465
COOLING TOTAL       0                 0       0        0
 SINCE 1/1          0                 0       0        0

FREEZE DATES
RECORD
 EARLIEST     MM
 LATEST       MM
EARLIEST                        MM
LATEST                          MM
..............................................................

WIND (MPH)
AVERAGE WIND SPEED              11.3
HIGHEST WIND SPEED/DIRECTION    46/020    DATE  03/18
HIGHEST GUST SPEED/DIRECTION    58/020    DATE  03/18

SKY COVER
POSSIBLE SUNSHINE (PERCENT)   MM
AVERAGE SKY COVER           0.30
NUMBER OF DAYS FAIR           18
NUMBER OF DAYS PC              9
NUMBER OF DAYS CLOUDY          4

AVERAGE RH (PERCENT)     61

WEATHER CONDITIONS. NUMBER OF DAYS WITH
THUNDERSTORM              0     MIXED PRECIP               0
HEAVY RAIN                0     RAIN                       0
LIGHT RAIN                5     FREEZING RAIN              0
LT FREEZING RAIN          0     HAIL                       0
HEAVY SNOW                1     SNOW                       1
LIGHT SNOW                9     SLEET                      0
FOG                      12     FOG W/VIS <= 1/4 MILE      4
HAZE                      3

-  INDICATES NEGATIVE NUMBERS.
R  INDICATES RECORD WAS SET OR TIED.
MM INDICATES DATA IS MISSING.
T  INDICATES TRACE AMOUNT.

$$
