000
CXUS54 KHGX 012057
CLMCLL

CLIMATE REPORT
NATIONAL WEATHER SERVICE HOUSTON/GALVESTON TX
357 PM CDT TUE SEP 1 2015

...................................

...THE COLLEGE STATION CLIMATE SUMMARY FOR THE MONTH OF AUGUST 2015...

CLIMATE NORMAL PERIOD 1981 TO 2010
CLIMATE RECORD PERIOD 1902 TO 2015

WEATHER         OBSERVED          NORMAL  DEPART  LAST YEAR`S
                 VALUE   DATE(S)  VALUE   FROM    VALUE  DATE(S)
                                          NORMAL
................................................................
TEMPERATURE (F)
RECORD
 HIGH             109   08/28/2011
                        08/27/2011
                        08/31/2000
 LOW               58   08/21/1940

HIGHEST           106   08/11        MM      MM       99  08/25
                                                          08/16
LOWEST             70   08/28        MM      MM       69  08/02
                        08/27

AVG. MAXIMUM     97.1              96.2     0.9     94.7
AVG. MINIMUM     74.7              74.5     0.2     74.7
MEAN             85.9              85.3     0.6     84.7

DAYS MAX >= 90     30              28.4     1.6       28
DAYS MAX <= 32      0               0.0     0.0        0
DAYS MIN <= 32      0               0.0     0.0        0
DAYS MIN <= 0       0               0.0     0.0        0

PRECIPITATION (INCHES)
RECORD
 MAXIMUM        11.25   1915
 MINIMUM         0.00   1902

TOTALS           1.36              2.68   -1.32     0.41
DAILY AVG.       0.04              0.09   -0.05     0.01

DAYS >= .01         6               5.8     0.2        5
DAYS >= .10         2               3.7    -1.7        2
DAYS >= .50         1               1.8    -0.8        0
DAYS >= 1.00        1               0.8     0.2        0
GREATEST
 24 HR. TOTAL    1.16   08/25 TO 08/25

DEGREE_DAYS
HEATING TOTAL       0                 0       0        0
 SINCE 7/1          0                 0       0        0
COOLING TOTAL     654               631      23      620
 SINCE 1/1       2360              2346      14     2207
.................................................................

WIND (MPH)
AVERAGE WIND SPEED              6.5
HIGHEST WIND SPEED/DIRECTION    44/330    DATE  08/25
HIGHEST GUST SPEED/DIRECTION    68/330    DATE  08/25

SKY COVER
AVERAGE SKY COVER           0.10

AVERAGE RH (PERCENT)     63

WEATHER CONDITIONS. NUMBER OF DAYS WITH
THUNDERSTORM              5     MIXED PRECIP               0
HEAVY RAIN                1     RAIN                       2
LIGHT RAIN                6     FREEZING RAIN              0
LT FREEZING RAIN          0     HAIL                       0
HEAVY SNOW                0     SNOW                       0
LIGHT SNOW                0     SLEET                      0
FOG                       3     FOG W/VIS <= 1/4 MILE      0
HAZE                      0

-  INDICATES NEGATIVE NUMBERS.
R  INDICATES RECORD WAS SET OR TIED.
MM INDICATES DATA IS MISSING.
T  INDICATES TRACE AMOUNT.

$$
