000
CXUS52 KGSP 011302
CLMCLT

CLIMATE REPORT
NATIONAL WEATHER SERVICE GREENVILLE-SPARTANBURG SC
902 AM EDT FRI APR 1 2016

...................................

...THE CHARLOTTE CLIMATE SUMMARY FOR THE MONTH OF MARCH 2016...

CLIMATE NORMAL PERIOD 1981 TO 2010
CLIMATE RECORD PERIOD 1878 TO 2016

WEATHER         OBSERVED          NORMAL  DEPART  LAST YEAR`S
                 VALUE   DATE(S)  VALUE   FROM    VALUE  DATE(S)
                                          NORMAL
................................................................
TEMPERATURE (F)
RECORD
 HIGH              91   03/23/1907
 LOW                4   03/03/1980
HIGHEST            86   03/16        MM      MM       84  03/17
LOWEST             29   03/03        MM      MM       23  03/07
AVG. MAXIMUM     70.5              63.1     7.4     66.0
AVG. MINIMUM     46.5              39.3     7.2     42.2
MEAN             58.5              51.2     7.3     54.1
DAYS MAX >= 90      0               0.0     0.0        0
DAYS MAX <= 32      0               0.0     0.0        0
DAYS MIN <= 32      1               6.9    -5.9        5
DAYS MIN <= 0       0               0.0     0.0        0

PRECIPITATION (INCHES)
RECORD
 MAXIMUM        11.13   1891
 MINIMUM         0.58   1985
TOTALS           0.85              4.01   -3.16     2.19
DAILY AVG.       0.03              0.13   -0.10     0.07
DAYS >= .01        10               9.6     0.4       12
DAYS >= .10         4               6.7    -2.7        8
DAYS >= .50         0               3.0    -3.0        1
DAYS >= 1.00        0               1.0    -1.0        0
GREATEST
 24 HR. TOTAL    0.36   03/27 TO 03/28           03/13 TO 03/14
                                                          03/14 TO 03/14
                                                          03/14 TO 03/14
 STORM TOTAL       MM                                 MM
 (MM/DD(HH))            MM                    03/14(00) TO 03/14(00)
                                                 03/14(00) TO 03/14(00)4
                                                 03/14(00) TO 03/14(00)4

SNOWFALL (INCHES)
RECORDS
 TOTAL           19.3   1960
 24 HR TOTAL     10.3   03/24/1983 TO 03/24/1983
 SNOW DEPTH         9   03/24/1983
TOTALS            0.0               0.6    -0.6      0.0
 LIQUID EQUIV    0.00              0.10   -0.10     0.00
SINCE 7/1         3.3               4.3    -1.0      3.1
 LIQUID 7/1      0.33              0.40   -0.07     0.31
SNOWDEPTH AVG.      0                MM      MM        0
DAYS >= TRACE       0               0.2    -0.2        0
DAYS >= 1.0         0               0.1    -0.1        0
GREATEST
 SNOW DEPTH         0   MM                             0  MM
 24 HR TOTAL      0.0   MM                            MM
 STORM TOTAL       MM                                 MM
 (MM/DD(HH))            MM                    03/14(00) TO 03/14(00)
                                                 03/14(00) TO 03/14(00)4
                                                 03/14(00) TO 03/14(00)4

DEGREE_DAYS
HEATING TOTAL     231               433    -202      336
 SINCE 7/1       2373              3132    -759     3107
COOLING TOTAL      37                 5      32        7
 SINCE 1/1         37                 5      32        7

FREEZE DATES
RECORD
 EARLIEST     MM
 LATEST       MM
EARLIEST                        MM
LATEST                          MM
.....................................................

WIND (MPH)
AVERAGE WIND SPEED              7.3
HIGHEST WIND SPEED/DIRECTION    25/220    DATE  03/01
HIGHEST GUST SPEED/DIRECTION    38/210    DATE  03/01

SKY COVER
POSSIBLE SUNSHINE (PERCENT)   MM
AVERAGE SKY COVER           0.50
NUMBER OF DAYS FAIR           11
NUMBER OF DAYS PC             12
NUMBER OF DAYS CLOUDY          8

AVERAGE RH (PERCENT)     60

WEATHER CONDITIONS. NUMBER OF DAYS WITH
THUNDERSTORM              1     MIXED PRECIP               0
HEAVY RAIN                0     RAIN                       3
LIGHT RAIN               14     FREEZING RAIN              0
LT FREEZING RAIN          0     HAIL                       0
HEAVY SNOW                0     SNOW                       0
LIGHT SNOW                0     SLEET                      0
FOG                       7     FOG W/VIS <= 1/4 MILE      1
HAZE                      0

-  INDICATES NEGATIVE NUMBERS.
R  INDICATES RECORD WAS SET OR TIED.
MM INDICATES DATA IS MISSING.
T  INDICATES TRACE AMOUNT.

$$

OUTLAW
