000
CXUS55 KCYS 022121
CLMCNE


CLIMATE REPORT
NATIONAL WEATHER SERVICE CHEYENNE WY
221 PM MST WED MAR 2 2016

...................................

...THE ALLIANCE NE AIRPORT CLIMATE SUMMARY FOR THE MONTH OF FEBRUARY 2016...

CLIMATE NORMAL PERIOD 1981 TO 2010
CLIMATE RECORD PERIOD 1896 TO 2016

WEATHER         OBSERVED          NORMAL  DEPART  LAST YEAR`S
                 VALUE   DATE(S)  VALUE   FROM    VALUE
                                          NORMAL
.............................................................
TEMPERATURE (F)
RECORD
 HIGH              77   02/11/1962
 LOW              -40   02/11/2006
                        02/11/1899
                        02/04/1899
HIGHEST            73   02/27        MM      MM       68
                        02/18
LOWEST                  02/03        MM      MM      -10
AVG. MAXIMUM     46.7              41.4     5.3     42.2
AVG. MINIMUM     19.0              12.9     6.1     15.3
MEAN             32.8              27.1     5.7     28.8
DAYS MAX >= 90      0               0.0     0.0        0
DAYS MAX <= 32      4               6.9    -2.9       10
DAYS MIN <= 32     29              27.6     1.4       28
DAYS MIN <= 0       1               3.7    -2.7        4

PRECIPITATION (INCHES)
RECORD
 MAXIMUM         1.36   1986
 MINIMUM         0.00   1994
TOTALS           0.61              0.38    0.23     0.50
DAYS >= .01         4                MM      MM        5
DAYS >= .10         3                MM      MM        1
DAYS >= .50         0                MM      MM        0
DAYS >= 1.00        0                MM      MM        0
GREATEST
 24 HR. TOTAL    0.43   02/01 TO 02/02

DEGREE_DAYS
HEATING TOTAL     924              1059    -135     1008
 SINCE 7/1       5075              5438    -363     5227
COOLING TOTAL       0                 0       0        0
 SINCE 1/1          0                 0       0        0
..............................................................

WIND (MPH)
AVERAGE WIND SPEED              13.2
HIGHEST WIND SPEED/DIRECTION    53/270    DATE  02/18
HIGHEST GUST SPEED/DIRECTION    65/270    DATE  02/18

SKY COVER
POSSIBLE SUNSHINE (PERCENT)   MM
AVERAGE SKY COVER           0.30
NUMBER OF DAYS FAIR           18
NUMBER OF DAYS PC              9
NUMBER OF DAYS CLOUDY          2

AVERAGE RH (PERCENT)     66

WEATHER CONDITIONS. NUMBER OF DAYS WITH
THUNDERSTORM              0     MIXED PRECIP               0
HEAVY RAIN                0     RAIN                       1
LIGHT RAIN                2     FREEZING RAIN              0
LT FREEZING RAIN          0     HAIL                       0
HEAVY SNOW                0     SNOW                       3
LIGHT SNOW                5     SLEET                      0
FOG                       8     FOG W/VIS <= 1/4 MILE      1
HAZE                      0

-  INDICATES NEGATIVE NUMBERS.
R  INDICATES RECORD WAS SET OR TIED.
MM INDICATES DATA IS MISSING.
T  INDICATES TRACE AMOUNT.
...................................

...THE CHADRON NE AIRPORT CLIMATE SUMMARY FOR THE MONTH OF FEBRUARY 2016...

CLIMATE NORMAL PERIOD 1981 TO 2010
CLIMATE RECORD PERIOD 1895 TO 2016

WEATHER         OBSERVED          NORMAL  DEPART  LAST YEAR`S
                 VALUE   DATE(S)  VALUE   FROM    VALUE
                                          NORMAL
.............................................................
TEMPERATURE (F)
RECORD
 HIGH              76   02/21/1982
 LOW              -44   02/07/1895
HIGHEST            74   02/18        MM      MM       71
LOWEST              7   02/04        MM      MM       -8
                        02/03
AVG. MAXIMUM     50.9              42.0     8.9     43.6
AVG. MINIMUM     22.3              12.8     9.5     17.4
MEAN             36.6              27.4     9.2     30.5
DAYS MAX >= 90      0               0.0     0.0        0
DAYS MAX <= 32      2               6.5    -4.5        9
DAYS MIN <= 32     27              27.2    -0.2       26
DAYS MIN <= 0       0               4.7    -4.7        2

PRECIPITATION (INCHES)
RECORD
 MAXIMUM         2.45   2000
 MINIMUM         0.00   1996
                        1994
                        1949
TOTALS           0.18              0.61   -0.43     0.55
DAYS >= .01         3               4.4    -1.4        8
DAYS >= .10         1               1.7    -0.7        2
DAYS >= .50         0               0.2    -0.2        0
DAYS >= 1.00        0               0.0     0.0        0
GREATEST
 24 HR. TOTAL    0.11   02/01 TO 02/01

DEGREE_DAYS
HEATING TOTAL     814              1053    -239      959
 SINCE 7/1       4732              5286    -554     4945
COOLING TOTAL       0                 0       0        0
 SINCE 1/1          0                 0       0        0
..............................................................

WIND (MPH)
AVERAGE WIND SPEED              11.1
HIGHEST WIND SPEED/DIRECTION    51/310    DATE  02/18
HIGHEST GUST SPEED/DIRECTION    68/300    DATE  02/18

SKY COVER
POSSIBLE SUNSHINE (PERCENT)   MM
AVERAGE SKY COVER           0.30
NUMBER OF DAYS FAIR           16
NUMBER OF DAYS PC              9
NUMBER OF DAYS CLOUDY          4

AVERAGE RH (PERCENT)     60

WEATHER CONDITIONS. NUMBER OF DAYS WITH
THUNDERSTORM              0     MIXED PRECIP               0
HEAVY RAIN                0     RAIN                       0
LIGHT RAIN                3     FREEZING RAIN              0
LT FREEZING RAIN          0     HAIL                       0
HEAVY SNOW                0     SNOW                       1
LIGHT SNOW                4     SLEET                      0
FOG                       6     FOG W/VIS <= 1/4 MILE      0
HAZE                      6

-  INDICATES NEGATIVE NUMBERS.
R  INDICATES RECORD WAS SET OR TIED.
MM INDICATES DATA IS MISSING.
T  INDICATES TRACE AMOUNT.
...................................

...THE SCOTTSBLUFF NE AIRPORT CLIMATE SUMMARY FOR THE MONTH OF FEBRUARY 2016...

CLIMATE NORMAL PERIOD 1981 TO 2010
CLIMATE RECORD PERIOD 1871 TO 2016

WEATHER         OBSERVED          NORMAL  DEPART  LAST YEAR`S
                 VALUE   DATE(S)  VALUE   FROM    VALUE
                                          NORMAL
.............................................................
TEMPERATURE (F)
RECORD
 HIGH              77   02/11/1962
 LOW              -45   02/12/1899
HIGHEST            75   02/18        45      30       72
LOWEST              4   02/03        17     -13        5
AVG. MAXIMUM     50.9              44.4     6.5     46.5
AVG. MINIMUM     23.0              16.3     6.7     20.2
MEAN             37.0              30.4     6.6     33.4
DAYS MAX >= 90      0               0.0     0.0        0
DAYS MAX <= 32      3               5.1    -2.1        6
DAYS MIN <= 32     26              27.0    -1.0       26
DAYS MIN <= 0       0               2.7    -2.7        0

PRECIPITATION (INCHES)
RECORD
 MAXIMUM         1.93   1986
 MINIMUM            T   2002
                        1996
                        1954
TOTALS           0.56              0.60   -0.04     0.39
DAYS >= .01         7               5.3     1.7        6
DAYS >= .10         2               1.9     0.1        1
DAYS >= .50         0               0.2    -0.2        0
DAYS >= 1.00        0               0.0     0.0        0
GREATEST
 24 HR. TOTAL    0.33   02/01 TO 02/02

DEGREE_DAYS
HEATING TOTAL     808               970    -162      880
 SINCE 7/1       4430              4943    -513     4715
COOLING TOTAL       0                 0       0        0
 SINCE 1/1          0                 0       0        0
..............................................................

WIND (MPH)
AVERAGE WIND SPEED              11.5
HIGHEST WIND SPEED/DIRECTION    46/270    DATE  02/18
HIGHEST GUST SPEED/DIRECTION    62/270    DATE  02/18

SKY COVER
POSSIBLE SUNSHINE (PERCENT)   MM
AVERAGE SKY COVER           0.30
NUMBER OF DAYS FAIR           19
NUMBER OF DAYS PC              8
NUMBER OF DAYS CLOUDY          2

AVERAGE RH (PERCENT)     59

WEATHER CONDITIONS. NUMBER OF DAYS WITH
THUNDERSTORM              0     MIXED PRECIP               0
HEAVY RAIN                0     RAIN                       1
LIGHT RAIN                4     FREEZING RAIN              0
LT FREEZING RAIN          0     HAIL                       0
HEAVY SNOW                1     SNOW                       1
LIGHT SNOW                7     SLEET                      0
FOG                       8     FOG W/VIS <= 1/4 MILE      1
HAZE                      2

-  INDICATES NEGATIVE NUMBERS.
R  INDICATES RECORD WAS SET OR TIED.
MM INDICATES DATA IS MISSING.
T  INDICATES TRACE AMOUNT.
...................................

...THE SIDNEY NE AIRPORT CLIMATE SUMMARY FOR THE MONTH OF FEBRUARY 2016...

CLIMATE NORMAL PERIOD 1981 TO 2010
CLIMATE RECORD PERIOD 1948 TO 2016

WEATHER         OBSERVED          NORMAL  DEPART  LAST YEAR`S
                 VALUE   DATE(S)  VALUE   FROM    VALUE
                                          NORMAL
.............................................................
TEMPERATURE (F)
RECORD
 HIGH              76   02/18/2016
                        02/07/2015
                        02/23/1982
 LOW              -30   02/03/1989
HIGHEST            76R  02/18        MM      MM       76
LOWEST              6   02/04        MM      MM       -3
                        02/03
AVG. MAXIMUM     48.7              45.0     3.7     45.3
AVG. MINIMUM     21.7              18.9     2.8     18.2
MEAN             35.2              32.0     3.2     31.8
DAYS MAX >= 90      0               0.0     0.0        0
DAYS MAX <= 32      5               4.3     0.7        7
DAYS MIN <= 32     29              26.7     2.3       25
DAYS MIN <= 0       0               1.6    -1.6        3

PRECIPITATION (INCHES)
RECORD
 MAXIMUM         1.35   1987
 MINIMUM         0.00   1996
                        1985
                        1983
TOTALS           1.11              0.32    0.79     0.37
DAYS >= .01         5               3.9     1.1        7
DAYS >= .10         2               0.9     1.1        1
DAYS >= .50         1               0.0     1.0        0
DAYS >= 1.00        0               0.0     0.0        0
GREATEST
 24 HR. TOTAL    0.83   02/01 TO 02/02

DEGREE_DAYS
HEATING TOTAL     859               925     -66      923
 SINCE 7/1       4566              4612     -46     4732
COOLING TOTAL       0                 0       0        0
 SINCE 1/1          0                 0       0        0
..............................................................

WIND (MPH)
AVERAGE WIND SPEED              14.3
HIGHEST WIND SPEED/DIRECTION    47/300    DATE  02/29
HIGHEST GUST SPEED/DIRECTION    65/310    DATE  02/18

SKY COVER
POSSIBLE SUNSHINE (PERCENT)   MM
AVERAGE SKY COVER           0.20
NUMBER OF DAYS FAIR           22
NUMBER OF DAYS PC              5
NUMBER OF DAYS CLOUDY          2

AVERAGE RH (PERCENT)     64

WEATHER CONDITIONS. NUMBER OF DAYS WITH
THUNDERSTORM              0     MIXED PRECIP               0
HEAVY RAIN                0     RAIN                       0
LIGHT RAIN                2     FREEZING RAIN              0
LT FREEZING RAIN          0     HAIL                       0
HEAVY SNOW                2     SNOW                       2
LIGHT SNOW                9     SLEET                      0
FOG                      10     FOG W/VIS <= 1/4 MILE      3
HAZE                      2

-  INDICATES NEGATIVE NUMBERS.
R  INDICATES RECORD WAS SET OR TIED.
MM INDICATES DATA IS MISSING.
T  INDICATES TRACE AMOUNT.

$$
