000
CXUS53 KICT 052015
CLMCNU


CLIMATE REPORT
NATIONAL WEATHER SERVICE WICHITA KS
149 PM CST FRI JAN 5 2018

...................................

...THE CHANUTE CLIMATE SUMMARY FOR THE YEAR OF 2017...

CLIMATE NORMAL PERIOD 1981 TO 2010
CLIMATE RECORD PERIOD 1894 TO 2018

WEATHER         OBSERVED          NORMAL  DEPART  LAST YEAR`S
                 VALUE   DATE(S)  VALUE   FROM    VALUE  DATE(S)
                                          NORMAL
................................................................
TEMPERATURE (F)
RECORD
 HIGH             116   07/18/1936
 LOW              -23   01/30/1949
HIGHEST           104   07/22       116     -12      100  06/22
LOWEST              2   12/31       -23      25       -6  12/18
AVG. MAXIMUM     70.7              67.3     3.4     71.0
AVG. MINIMUM     47.9              46.5     1.4     48.3
MEAN             59.3              56.9     2.4     59.7
DAYS MAX >= 90     49              40.1     8.9       58
DAYS MAX <= 32      8              15.5    -7.5       11
DAYS MIN <= 32     86              93.9    -7.9       93
DAYS MIN <= 0       0               2.1    -2.1        2

PRECIPITATION (INCHES)
RECORD
 MAXIMUM        63.86   1927
 MINIMUM        21.30   1963
TOTALS          46.29             42.07    4.22    36.93
DAILY AVG.       0.13              0.12    0.01     0.10
DAYS >= .01        85              98.9   -13.9       87
DAYS >= .10        55              62.0    -7.0       55
DAYS >= .50        27              26.6     0.4       25
DAYS >= 1.00       15              12.7     2.3       13
GREATEST
 24 HR. TOTAL    3.47   04/29 TO 04/29              2.82  09/08 TO 09/09

DEGREE_DAYS
HEATING TOTAL    3595              4483    -888     3621
 SINCE 7/1       1563              1793    -230     1329
COOLING TOTAL    1619              1533      86     1846

FREEZE DATES
RECORD
 EARLIEST     09/26/1912
 LATEST       05/06/1944
EARLIEST                        10/24
LATEST                          04/10
................................................................

WIND (MPH)
AVERAGE WIND SPEED              9.8
RESULTANT WIND SPEED/DIRECTION   2/168
HIGHEST WIND SPEED/DIRECTION    45/320    DATE  06/30
HIGHEST GUST SPEED/DIRECTION    58/260    DATE  09/16

SKY COVER
AVERAGE SKY COVER           0.30
NUMBER OF DAYS FAIR          235
NUMBER OF DAYS PC             81
NUMBER OF DAYS CLOUDY         49

AVERAGE RH (PERCENT)     66

WEATHER CONDITIONS. NUMBER OF DAYS WITH
THUNDERSTORM             56     MIXED PRECIP               0
HEAVY RAIN               45     RAIN                      55
LIGHT RAIN              108     FREEZING RAIN              3
LT FREEZING RAIN          3     HAIL                       0
HEAVY SNOW                0     SNOW                       0
LIGHT SNOW                2     SLEET                      0
FOG                     138     FOG W/VIS <= 1/4 MILE     17
HAZE                     26

-  INDICATES NEGATIVE NUMBERS.
R  INDICATES RECORD WAS SET OR TIED.
MM INDICATES DATA IS MISSING.
T  INDICATES TRACE AMOUNT.

$$
