000
CXUS54 KCRP 011556
CLMCRP

CLIMATE REPORT
NATIONAL WEATHER SERVICE CORPUS CHRISTI TX
1030 AM CDT FRI APR 1 2016

...................................

...THE CORPUS CHRISTI CLIMATE SUMMARY FOR THE MONTH OF MARCH 2016...

CLIMATE NORMAL PERIOD 1981 TO 2010
CLIMATE RECORD PERIOD 1887 TO 2016

WEATHER         OBSERVED          NORMAL  DEPART  LAST YEAR`S
                 VALUE   DATE(S)  VALUE   FROM    VALUE  DATE(S)
                                          NORMAL
................................................................
TEMPERATURE (F)
RECORD
 HIGH             102   03/30/1989
 LOW               24   03/02/1980
HIGHEST            93   03/31        76      17       80  03/31
                                                          03/30
                                                          03/28
LOWEST             48   03/21        56      -8       38  03/06
                                                          03/05
AVG. MAXIMUM     78.4              75.9     2.5     70.7
AVG. MINIMUM     62.7              56.3     6.4     56.1
MEAN             70.5              66.1     4.4     63.4
DAYS MAX >= 90      1               0.7     0.3        0
DAYS MAX <= 32      0               0.0     0.0        0
DAYS MIN <= 32      0               0.2    -0.2        0
DAYS MIN <= 0       0               0.0     0.0        0

PRECIPITATION (INCHES)
RECORD
 MAXIMUM         7.69   1903
 MINIMUM         0.00   1916
TOTALS           6.54              1.89    4.65     6.13
DAILY AVG.       0.21              0.06    0.15     0.20
DAYS >= .01         7               5.3     1.7       14
DAYS >= .10         3               2.7     0.3        4
DAYS >= .50         3               1.1     1.9        4
DAYS >= 1.00        1               0.6     0.4        3
GREATEST
 24 HR. TOTAL    5.15   03/09 TO 03/09              2.15

SNOWFALL (INCHES)
RECORDS
 TOTAL            0.2   1932
 24 HR TOTAL      0.2   03/10/1932 TO 03/10/1932
TOTALS            0.0               0.0     0.0      0.0
SINCE 7/1         0.0               0.2    -0.2      0.0
SNOWDEPTH AVG.      0                MM      MM        0
DAYS >= 1.0         0               0.0     0.0        0
GREATEST
 SNOW DEPTH         0   MM                             0
 24 HR TOTAL      0.0   MM                           0.0

DEGREE_DAYS
HEATING TOTAL      21                81     -60      116
 SINCE 7/1        640               881    -241     1053
COOLING TOTAL     200               115      85       75
 SINCE 1/1        277               191      86      103
.................................................................

WIND (MPH)
AVERAGE WIND SPEED              13.9
HIGHEST WIND SPEED/DIRECTION    58/290    DATE  03/18
HIGHEST GUST SPEED/DIRECTION    68/290    DATE  03/18

SKY COVER
AVERAGE SKY COVER           0.70

AVERAGE RH (PERCENT)     74

WEATHER CONDITIONS. NUMBER OF DAYS WITH
THUNDERSTORM              4     MIXED PRECIP               0
HEAVY RAIN                3     RAIN                       4
LIGHT RAIN               12     FREEZING RAIN              0
LT FREEZING RAIN          0     HAIL                       0
HEAVY SNOW                0     SNOW                       0
LIGHT SNOW                0     SLEET                      0
FOG                      15     FOG W/VIS <= 1/4 MILE      3
HAZE                      7

-  INDICATES NEGATIVE NUMBERS.
R  INDICATES RECORD WAS SET OR TIED.
MM INDICATES DATA IS MISSING.
T  INDICATES TRACE AMOUNT.

$$

88
